| Back to Multiple platform build/check report for BioC 3.11 |
|
This page was generated on 2020-01-16 13:54:31 -0500 (Thu, 16 Jan 2020).
| Package 1072/1818 | Hostname | OS / Arch | INSTALL | BUILD | CHECK | BUILD BIN | ||||||
| mnem 1.3.4 Martin Pirkl
| malbec2 | Linux (Ubuntu 18.04.3 LTS) / x86_64 | OK | OK | OK | |||||||
| tokay2 | Windows Server 2012 R2 Standard / x64 | OK | ERROR | skipped | skipped | |||||||
| celaya2 | OS X 10.11.6 El Capitan / x86_64 | OK | [ ERROR ] | skipped | skipped |
| Package: mnem |
| Version: 1.3.4 |
| Command: /Library/Frameworks/R.framework/Versions/Current/Resources/bin/R CMD build --keep-empty-dirs --no-resave-data mnem |
| StartedAt: 2020-01-16 00:45:02 -0500 (Thu, 16 Jan 2020) |
| EndedAt: 2020-01-16 00:47:04 -0500 (Thu, 16 Jan 2020) |
| EllapsedTime: 122.3 seconds |
| RetCode: 1 |
| Status: ERROR |
| PackageFile: None |
| PackageFileSize: NA |
##############################################################################
##############################################################################
###
### Running command:
###
### /Library/Frameworks/R.framework/Versions/Current/Resources/bin/R CMD build --keep-empty-dirs --no-resave-data mnem
###
##############################################################################
##############################################################################
* checking for file ‘mnem/DESCRIPTION’ ... OK
* preparing ‘mnem’:
* checking DESCRIPTION meta-information ... OK
* cleaning src
* installing the package to build vignettes
* creating vignettes ... ERROR
--- re-building ‘mnem.Rmd’ using rmarkdown
Registered S3 methods overwritten by 'RcppEigen':
method from
predict.fastLm RcppArmadillo
print.fastLm RcppArmadillo
summary.fastLm RcppArmadillo
print.summary.fastLm RcppArmadillo
[WARNING] Could not parse YAML metadata at line 15 column 1: :2:41: Unexpected '
'
! Undefined control sequence.
l.76 \definecolor
{fgcolor}{rgb}{0.251, 0.251, 0.251}
Error: processing vignette 'mnem.Rmd' failed with diagnostics:
LaTeX failed to compile mnem.tex. See https://yihui.org/tinytex/r/#debugging for debugging tips. See mnem.log for more info.
--- failed re-building ‘mnem.Rmd’
SUMMARY: processing the following file failed:
‘mnem.Rmd’
Error: Vignette re-building failed.
Execution halted