| Back to Multiple platform build/check report for BioC 3.11 |
|
This page was generated on 2020-01-16 13:44:41 -0500 (Thu, 16 Jan 2020).
| Package 103/1818 | Hostname | OS / Arch | INSTALL | BUILD | CHECK | BUILD BIN | ||||||
| bacon 1.15.0 Maarten van Iterson
| malbec2 | Linux (Ubuntu 18.04.3 LTS) / x86_64 | OK | ERROR | skipped | |||||||
| tokay2 | Windows Server 2012 R2 Standard / x64 | OK | ERROR | skipped | skipped | |||||||
| celaya2 | OS X 10.11.6 El Capitan / x86_64 | OK | [ ERROR ] | skipped | skipped |
| Package: bacon |
| Version: 1.15.0 |
| Command: /Library/Frameworks/R.framework/Versions/Current/Resources/bin/R CMD build --keep-empty-dirs --no-resave-data bacon |
| StartedAt: 2020-01-15 22:36:27 -0500 (Wed, 15 Jan 2020) |
| EndedAt: 2020-01-15 22:36:45 -0500 (Wed, 15 Jan 2020) |
| EllapsedTime: 18.6 seconds |
| RetCode: 1 |
| Status: ERROR |
| PackageFile: None |
| PackageFileSize: NA |
##############################################################################
##############################################################################
###
### Running command:
###
### /Library/Frameworks/R.framework/Versions/Current/Resources/bin/R CMD build --keep-empty-dirs --no-resave-data bacon
###
##############################################################################
##############################################################################
* checking for file ‘bacon/DESCRIPTION’ ... OK
* preparing ‘bacon’:
* checking DESCRIPTION meta-information ... OK
* cleaning src
* installing the package to build vignettes
* creating vignettes ... ERROR
--- re-building ‘bacon.Rmd’ using rmarkdown
Warning in has_utility("convert", "ImageMagick") :
ImageMagick not installed or not in PATH
Quitting from lines 117-118 (bacon.Rmd)
Error: processing vignette 'bacon.Rmd' failed with diagnostics:
Unknown colour name: 1
--- failed re-building ‘bacon.Rmd’
SUMMARY: processing the following file failed:
‘bacon.Rmd’
Error: Vignette re-building failed.
Execution halted