| Back to Multiple platform build/check report for BioC 3.11 |
|
This page was generated on 2020-01-16 13:46:27 -0500 (Thu, 16 Jan 2020).
| Package 53/1818 | Hostname | OS / Arch | INSTALL | BUILD | CHECK | BUILD BIN | ||||||
Ti-Tai Wang
| malbec2 | Linux (Ubuntu 18.04.3 LTS) / x86_64 | OK | ERROR | skipped | |||||||
| tokay2 | Windows Server 2012 R2 Standard / x64 | OK | ERROR | skipped | skipped | |||||||
| celaya2 | OS X 10.11.6 El Capitan / x86_64 | OK | [ ERROR ] | skipped | skipped |
| Package: anamiR |
| Version: 1.15.1 |
| Command: /Library/Frameworks/R.framework/Versions/Current/Resources/bin/R CMD build --keep-empty-dirs --no-resave-data anamiR |
| StartedAt: 2020-01-15 23:06:32 -0500 (Wed, 15 Jan 2020) |
| EndedAt: 2020-01-15 23:08:13 -0500 (Wed, 15 Jan 2020) |
| EllapsedTime: 101.3 seconds |
| RetCode: 1 |
| Status: ERROR |
| PackageFile: None |
| PackageFileSize: NA |
############################################################################## ############################################################################## ### ### Running command: ### ### /Library/Frameworks/R.framework/Versions/Current/Resources/bin/R CMD build --keep-empty-dirs --no-resave-data anamiR ### ############################################################################## ############################################################################## * checking for file ‘anamiR/DESCRIPTION’ ... OK * preparing ‘anamiR’: * checking DESCRIPTION meta-information ... OK * installing the package to build vignettes * creating vignettes ... ERROR --- re-building ‘IntroductionToanamiR.Rmd’ using rmarkdown Quitting from lines 187-198 (IntroductionToanamiR.Rmd) Error: processing vignette 'IntroductionToanamiR.Rmd' failed with diagnostics: not enough 'x' observations --- failed re-building ‘IntroductionToanamiR.Rmd’ SUMMARY: processing the following file failed: ‘IntroductionToanamiR.Rmd’ Error: Vignette re-building failed. Execution halted