| Back to Multiple platform build/check report for BioC 3.11 |
|
This page was generated on 2020-10-17 11:57:59 -0400 (Sat, 17 Oct 2020).
| TO THE DEVELOPERS/MAINTAINERS OF THE VariantAnnotation PACKAGE: Please make sure to use the following settings in order to reproduce any error or warning you see on this page. |
| Package 1864/1905 | Hostname | OS / Arch | INSTALL | BUILD | CHECK | BUILD BIN | ||||||
| VariantAnnotation 1.34.0 Bioconductor Package Maintainer
| malbec2 | Linux (Ubuntu 18.04.4 LTS) / x86_64 | OK | OK | OK | |||||||
| tokay2 | Windows Server 2012 R2 Standard / x64 | OK | OK | [ WARNINGS ] | NA | |||||||
| machv2 | macOS 10.14.6 Mojave / x86_64 | OK | OK | OK | OK |
| Package: VariantAnnotation |
| Version: 1.34.0 |
| Command: C:\Users\biocbuild\bbs-3.11-bioc\R\bin\R.exe CMD check --force-multiarch --install=check:VariantAnnotation.install-out.txt --library=C:\Users\biocbuild\bbs-3.11-bioc\R\library --no-vignettes --timings VariantAnnotation_1.34.0.tar.gz |
| StartedAt: 2020-10-17 09:10:17 -0400 (Sat, 17 Oct 2020) |
| EndedAt: 2020-10-17 09:29:13 -0400 (Sat, 17 Oct 2020) |
| EllapsedTime: 1136.5 seconds |
| RetCode: 0 |
| Status: WARNINGS |
| CheckDir: VariantAnnotation.Rcheck |
| Warnings: 1 |
##############################################################################
##############################################################################
###
### Running command:
###
### C:\Users\biocbuild\bbs-3.11-bioc\R\bin\R.exe CMD check --force-multiarch --install=check:VariantAnnotation.install-out.txt --library=C:\Users\biocbuild\bbs-3.11-bioc\R\library --no-vignettes --timings VariantAnnotation_1.34.0.tar.gz
###
##############################################################################
##############################################################################
* using log directory 'C:/Users/biocbuild/bbs-3.11-bioc/meat/VariantAnnotation.Rcheck'
* using R version 4.0.3 (2020-10-10)
* using platform: x86_64-w64-mingw32 (64-bit)
* using session charset: ISO8859-1
* using option '--no-vignettes'
* checking for file 'VariantAnnotation/DESCRIPTION' ... OK
* checking extension type ... Package
* this is package 'VariantAnnotation' version '1.34.0'
* checking package namespace information ... OK
* checking package dependencies ... OK
* checking if this is a source package ... OK
* checking if there is a namespace ... OK
* checking for hidden files and directories ... OK
* checking for portable file names ... OK
* checking whether package 'VariantAnnotation' can be installed ... WARNING
Found the following significant warnings:
Rd warning: C:/Users/biocbuild/bbs-3.11-bioc/tmpdir/RtmpUjG0sa/R.INSTALL149c2e5e5ddb/VariantAnnotation/man/VCF-class.Rd:241: file link 'CharacterList' in package 'IRanges' does not exist and so has been treated as a topic
Rd warning: C:/Users/biocbuild/bbs-3.11-bioc/tmpdir/RtmpUjG0sa/R.INSTALL149c2e5e5ddb/VariantAnnotation/man/VCF-class.Rd:317: file link 'BSgenome' in package 'BSgenome' does not exist and so has been treated as a topic
Rd warning: C:/Users/biocbuild/bbs-3.11-bioc/tmpdir/RtmpUjG0sa/R.INSTALL149c2e5e5ddb/VariantAnnotation/man/VCF-class.Rd:416: file link 'DataFrame' in package 'S4Vectors' does not exist and so has been treated as a topic
Rd warning: C:/Users/biocbuild/bbs-3.11-bioc/tmpdir/RtmpUjG0sa/R.INSTALL149c2e5e5ddb/VariantAnnotation/man/VCF-class.Rd:417: file link 'SimpleList' in package 'S4Vectors' does not exist and so has been treated as a topic
Rd warning: C:/Users/biocbuild/bbs-3.11-bioc/tmpdir/RtmpUjG0sa/R.INSTALL149c2e5e5ddb/VariantAnnotation/man/VCF-class.Rd:418: file link 'RangedSummarizedExperiment' in package 'SummarizedExperiment' does not exist and so has been treated as a topic
Rd warning: C:/Users/biocbuild/bbs-3.11-bioc/tmpdir/RtmpUjG0sa/R.INSTALL149c2e5e5ddb/VariantAnnotation/man/VCFHeader-class.Rd:114: file link 'CharacterList' in package 'IRanges' does not exist and so has been treated as a topic
Rd warning: C:/Users/biocbuild/bbs-3.11-bioc/tmpdir/RtmpUjG0sa/R.INSTALL149c2e5e5ddb/VariantAnnotation/man/VRanges-class.Rd:81: file link 'GRanges' in package 'GenomicRanges' does not exist and so has been treated as a topic
Rd warning: C:/Users/biocbuild/bbs-3.11-bioc/tmpdir/RtmpUjG0sa/R.INSTALL149c2e5e5ddb/VariantAnnotation/man/VRanges-class.Rd:113: file link 'FilterMatrix' in package 'S4Vectors' does not exist and so has been treated as a topic
Rd warning: C:/Users/biocbuild/bbs-3.11-bioc/tmpdir/RtmpUjG0sa/R.INSTALL149c2e5e5ddb/VariantAnnotation/man/VRanges-class.Rd:171: file link 'FilterMatrix' in package 'S4Vectors' does not exist and so has been treated as a topic
Rd warning: C:/Users/biocbuild/bbs-3.11-bioc/tmpdir/RtmpUjG0sa/R.INSTALL149c2e5e5ddb/VariantAnnotation/man/VRanges-class.Rd:174: file link 'FilterRules' in package 'S4Vectors' does not exist and so has been treated as a topic
Rd warning: C:/Users/biocbuild/bbs-3.11-bioc/tmpdir/RtmpUjG0sa/R.INSTALL149c2e5e5ddb/VariantAnnotation/man/VRanges-class.Rd:191: file link 'GenomicRanges' in package 'GenomicRanges' does not exist and so has been treated as a topic
Rd warning: C:/Users/biocbuild/bbs-3.11-bioc/tmpdir/RtmpUjG0sa/R.INSTALL149c2e5e5ddb/VariantAnnotation/man/VcfFile-class.Rd:138: file link 'CharacterList' in package 'IRanges' does not exist and so has been treated as a topic
Rd warning: C:/Users/biocbuild/bbs-3.11-bioc/tmpdir/RtmpUjG0sa/R.INSTALL149c2e5e5ddb/VariantAnnotation/man/defunct.Rd:85: file link 'mapToTranscripts' in package 'GenomicFeatures' does not exist and so has been treated as a topic
Rd warning: C:/Users/biocbuild/bbs-3.11-bioc/tmpdir/RtmpUjG0sa/R.INSTALL149c2e5e5ddb/VariantAnnotation/man/genotypeToSnpMatrix-methods.Rd:85: file link 'snpStats' in package 'snpStats' does not exist and so has been treated as a topic
Rd warning: C:/Users/biocbuild/bbs-3.11-bioc/tmpdir/RtmpUjG0sa/R.INSTALL149c2e5e5ddb/VariantAnnotation/man/genotypeToSnpMatrix-methods.Rd:89: file link 'snpStats' in package 'snpStats' does not exist and so has been treated as a topic
Rd warning: C:/Users/biocbuild/bbs-3.11-bioc/tmpdir/RtmpUjG0sa/R.INSTALL149c2e5e5ddb/VariantAnnotation/man/getTranscriptSeqs-methods.Rd:14: file link 'BSgenome' in package 'BSgenome' does not exist and so has been treated as a topic
Rd warning: C:/Users/biocbuild/bbs-3.11-bioc/tmpdir/RtmpUjG0sa/R.INSTALL149c2e5e5ddb/VariantAnnotation/man/getTranscriptSeqs-methods.Rd:15: file link 'FaFile' in package 'Rsamtools' does not exist and so has been treated as a topic
Rd warning: C:/Users/biocbuild/bbs-3.11-bioc/tmpdir/RtmpUjG0sa/R.INSTALL149c2e5e5ddb/VariantAnnotation/man/getTranscriptSeqs-methods.Rd:25: file link 'GRangesList' in package 'GenomicRanges' does not exist and so has been treated as a topic
Rd warning: C:/Users/biocbuild/bbs-3.11-bioc/tmpdir/RtmpUjG0sa/R.INSTALL149c2e5e5ddb/VariantAnnotation/man/getTranscriptSeqs-methods.Rd:28: file link 'BSgenome' in package 'BSgenome' does not exist and so has been treated as a topic
Rd warning: C:/Users/biocbuild/bbs-3.11-bioc/tmpdir/RtmpUjG0sa/R.INSTALL149c2e5e5ddb/VariantAnnotation/man/getTranscriptSeqs-methods.Rd:28: file link 'FaFile' in package 'Rsamtools' does not exist and so has been treated as a topic
Rd warning: C:/Users/biocbuild/bbs-3.11-bioc/tmpdir/RtmpUjG0sa/R.INSTALL149c2e5e5ddb/VariantAnnotation/man/getTranscriptSeqs-methods.Rd:39: file link 'BSgenome' in package 'BSgenome' does not exist and so has been treated as a topic
Rd warning: C:/Users/biocbuild/bbs-3.11-bioc/tmpdir/RtmpUjG0sa/R.INSTALL149c2e5e5ddb/VariantAnnotation/man/getTranscriptSeqs-methods.Rd:39: file link 'FaFile' in package 'Rsamtools' does not exist and so has been treated as a topic
Rd warning: C:/Users/biocbuild/bbs-3.11-bioc/tmpdir/RtmpUjG0sa/R.INSTALL149c2e5e5ddb/VariantAnnotation/man/getTranscriptSeqs-methods.Rd:45: file link 'DNAStringSet' in package 'Biostrings' does not exist and so has been treated as a topic
Rd warning: C:/Users/biocbuild/bbs-3.11-bioc/tmpdir/RtmpUjG0sa/R.INSTALL149c2e5e5ddb/VariantAnnotation/man/locateVariants-methods.Rd:41: file link 'IntegerRanges' in package 'IRanges' does not exist and so has been treated as a topic
Rd warning: C:/Users/biocbuild/bbs-3.11-bioc/tmpdir/RtmpUjG0sa/R.INSTALL149c2e5e5ddb/VariantAnnotation/man/locateVariants-methods.Rd:41: file link 'GRanges' in package 'GenomicRanges' does not exist and so has been treated as a topic
Rd warning: C:/Users/biocbuild/bbs-3.11-bioc/tmpdir/RtmpUjG0sa/R.INSTALL149c2e5e5ddb/VariantAnnotation/man/locateVariants-methods.Rd:48: file link 'TxDb' in package 'GenomicFeatures' does not exist and so has been treated as a topic
Rd warning: C:/Users/biocbuild/bbs-3.11-bioc/tmpdir/RtmpUjG0sa/R.INSTALL149c2e5e5ddb/VariantAnnotation/man/locateVariants-methods.Rd:50: file link 'TxDb' in package 'GenomicFeatures' does not exist and so has been treated as a topic
Rd warning: C:/Users/biocbuild/bbs-3.11-bioc/tmpdir/RtmpUjG0sa/R.INSTALL149c2e5e5ddb/VariantAnnotation/man/locateVariants-methods.Rd:83: file link 'Hits' in package 'S4Vectors' does not exist and so has been treated as a topic
Rd warning: C:/Users/biocbuild/bbs-3.11-bioc/tmpdir/RtmpUjG0sa/R.INSTALL149c2e5e5ddb/VariantAnnotation/man/predictCoding-methods.Rd:26: file link 'IntegerRanges' in package 'IRanges' does not exist and so has been treated as a topic
Rd warning: C:/Users/biocbuild/bbs-3.11-bioc/tmpdir/RtmpUjG0sa/R.INSTALL149c2e5e5ddb/VariantAnnotation/man/predictCoding-methods.Rd:41: file link 'TxDb' in package 'GenomicFeatures' does not exist and so has been treated as a topic
Rd warning: C:/Users/biocbuild/bbs-3.11-bioc/tmpdir/RtmpUjG0sa/R.INSTALL149c2e5e5ddb/VariantAnnotation/man/predictCoding-methods.Rd:43: file link 'TxDb' in package 'GenomicFeatures' does not exist and so has been treated as a topic
Rd warning: C:/Users/biocbuild/bbs-3.11-bioc/tmpdir/RtmpUjG0sa/R.INSTALL149c2e5e5ddb/VariantAnnotation/man/predictCoding-methods.Rd:46: file link 'BSgenome' in package 'BSgenome' does not exist and so has been treated as a topic
Rd warning: C:/Users/biocbuild/bbs-3.11-bioc/tmpdir/RtmpUjG0sa/R.INSTALL149c2e5e5ddb/VariantAnnotation/man/predictCoding-methods.Rd:49: file link 'DNAStringSet' in package 'Biostrings' does not exist and so has been treated as a topic
Rd warning: C:/Users/biocbuild/bbs-3.11-bioc/tmpdir/RtmpUjG0sa/R.INSTALL149c2e5e5ddb/VariantAnnotation/man/predictCoding-methods.Rd:82: file link 'BSgenome' in package 'BSgenome' does not exist and so has been treated as a topic
Rd warning: C:/Users/biocbuild/bbs-3.11-bioc/tmpdir/RtmpUjG0sa/R.INSTALL149c2e5e5ddb/VariantAnnotation/man/predictCoding-methods.Rd:103: file link 'GRanges' in package 'GenomicRanges' does not exist and so has been treated as a topic
Rd warning: C:/Users/biocbuild/bbs-3.11-bioc/tmpdir/RtmpUjG0sa/R.INSTALL149c2e5e5ddb/VariantAnnotation/man/summarizeVariants-methods.Rd:34: file link 'TxDb' in package 'GenomicFeatures' does not exist and so has been treated as a topic
Rd warning: C:/Users/biocbuild/bbs-3.11-bioc/tmpdir/RtmpUjG0sa/R.INSTALL149c2e5e5ddb/VariantAnnotation/man/summarizeVariants-methods.Rd:36: file link 'TxDb' in package 'GenomicFeatures' does not exist and so has been treated as a topic
See 'C:/Users/biocbuild/bbs-3.11-bioc/meat/VariantAnnotation.Rcheck/00install.out' for details.
* checking installed package size ... NOTE
installed size is 9.3Mb
sub-directories of 1Mb or more:
R 1.9Mb
extdata 1.2Mb
libs 5.4Mb
* checking package directory ... OK
* checking 'build' directory ... OK
* checking DESCRIPTION meta-information ... OK
* checking top-level files ... OK
* checking for left-over files ... OK
* checking index information ... OK
* checking package subdirectories ... OK
* checking R files for non-ASCII characters ... OK
* checking R files for syntax errors ... OK
* loading checks for arch 'i386'
** checking whether the package can be loaded ... OK
** checking whether the package can be loaded with stated dependencies ... OK
** checking whether the package can be unloaded cleanly ... OK
** checking whether the namespace can be loaded with stated dependencies ... OK
** checking whether the namespace can be unloaded cleanly ... OK
* loading checks for arch 'x64'
** checking whether the package can be loaded ... OK
** checking whether the package can be loaded with stated dependencies ... OK
** checking whether the package can be unloaded cleanly ... OK
** checking whether the namespace can be loaded with stated dependencies ... OK
** checking whether the namespace can be unloaded cleanly ... OK
* checking dependencies in R code ... NOTE
Unexported objects imported by ':::' calls:
'Rsamtools:::.RsamtoolsFile' 'Rsamtools:::.RsamtoolsFileList'
'Rsamtools:::.io_check_exists' 'rtracklayer:::checkArgFormat'
See the note in ?`:::` about the use of this operator.
* checking S3 generic/method consistency ... OK
* checking replacement functions ... OK
* checking foreign function calls ... OK
* checking R code for possible problems ... NOTE
VRangesForMatching: no visible binding for global variable 'REF'
VRangesForMatching: no visible binding for global variable 'ALT'
Undefined global functions or variables:
ALT REF
* checking Rd files ... OK
* checking Rd metadata ... OK
* checking Rd cross-references ... OK
* checking for missing documentation entries ... OK
* checking for code/documentation mismatches ... OK
* checking Rd \usage sections ... OK
* checking Rd contents ... OK
* checking for unstated dependencies in examples ... OK
* checking line endings in C/C++/Fortran sources/headers ... OK
* checking line endings in Makefiles ... OK
* checking compilation flags in Makevars ... OK
* checking for GNU extensions in Makefiles ... NOTE
GNU make is a SystemRequirements.
* checking for portable use of $(BLAS_LIBS) and $(LAPACK_LIBS) ... OK
* checking use of PKG_*FLAGS in Makefiles ... OK
* checking compiled code ... NOTE
Note: information on .o files for i386 is not available
Note: information on .o files for x64 is not available
File 'C:/Users/biocbuild/bbs-3.11-bioc/R/library/VariantAnnotation/libs/i386/VariantAnnotation.dll':
Found '_exit', possibly from '_exit' (C)
Found 'abort', possibly from 'abort' (C), 'runtime' (Fortran)
Found 'exit', possibly from 'exit' (C), 'stop' (Fortran)
Found 'printf', possibly from 'printf' (C)
Found 'putchar', possibly from 'putchar' (C)
Found 'puts', possibly from 'printf' (C), 'puts' (C)
Found 'rand', possibly from 'rand' (C)
File 'C:/Users/biocbuild/bbs-3.11-bioc/R/library/VariantAnnotation/libs/x64/VariantAnnotation.dll':
Found '_exit', possibly from '_exit' (C)
Found 'abort', possibly from 'abort' (C), 'runtime' (Fortran)
Found 'exit', possibly from 'exit' (C), 'stop' (Fortran)
Found 'printf', possibly from 'printf' (C)
Found 'putchar', possibly from 'putchar' (C)
Found 'puts', possibly from 'printf' (C), 'puts' (C)
Found 'rand', possibly from 'rand' (C)
File 'VariantAnnotation/libs/i386/VariantAnnotation.dll':
Found non-API calls to R: 'R_GetConnection', 'R_WriteConnection'
File 'VariantAnnotation/libs/x64/VariantAnnotation.dll':
Found non-API calls to R: 'R_GetConnection', 'R_WriteConnection'
Compiled code should not call entry points which might terminate R nor
write to stdout/stderr instead of to the console, nor use Fortran I/O
nor system RNGs. The detected symbols are linked into the code but
might come from libraries and not actually be called.
Compiled code should not call non-API entry points in R.
See 'Writing portable packages' in the 'Writing R Extensions' manual.
* checking files in 'vignettes' ... OK
* checking examples ...
** running examples for arch 'i386' ... OK
Examples with CPU (user + system) or elapsed time > 5s
user system elapsed
locateVariants-methods 21.41 0.81 22.22
predictCoding-methods 17.03 0.34 17.37
summarizeVariants-methods 6.27 0.02 6.28
PROVEANDb-class 3.81 0.58 266.27
PolyPhenDb-class 2.25 0.66 36.86
** running examples for arch 'x64' ... OK
Examples with CPU (user + system) or elapsed time > 5s
user system elapsed
locateVariants-methods 22.63 0.43 23.05
predictCoding-methods 16.81 0.32 17.14
summarizeVariants-methods 5.59 0.08 5.67
* checking for unstated dependencies in 'tests' ... OK
* checking tests ...
** running tests for arch 'i386' ...
Running 'VariantAnnotation_unit_tests.R'
OK
** running tests for arch 'x64' ...
Running 'VariantAnnotation_unit_tests.R'
OK
* checking for unstated dependencies in vignettes ... OK
* checking package vignettes in 'inst/doc' ... OK
* checking running R code from vignettes ... SKIPPED
* checking re-building of vignette outputs ... SKIPPED
* checking PDF version of manual ... OK
* DONE
Status: 1 WARNING, 5 NOTEs
See
'C:/Users/biocbuild/bbs-3.11-bioc/meat/VariantAnnotation.Rcheck/00check.log'
for details.
VariantAnnotation.Rcheck/00install.out
##############################################################################
##############################################################################
###
### Running command:
###
### C:\cygwin\bin\curl.exe -O https://malbec2.bioconductor.org/BBS/3.11/bioc/src/contrib/VariantAnnotation_1.34.0.tar.gz && rm -rf VariantAnnotation.buildbin-libdir && mkdir VariantAnnotation.buildbin-libdir && C:\Users\biocbuild\bbs-3.11-bioc\R\bin\R.exe CMD INSTALL --merge-multiarch --build --library=VariantAnnotation.buildbin-libdir VariantAnnotation_1.34.0.tar.gz && C:\Users\biocbuild\bbs-3.11-bioc\R\bin\R.exe CMD INSTALL VariantAnnotation_1.34.0.zip && rm VariantAnnotation_1.34.0.tar.gz VariantAnnotation_1.34.0.zip
###
##############################################################################
##############################################################################
% Total % Received % Xferd Average Speed Time Time Time Current
Dload Upload Total Spent Left Speed
0 0 0 0 0 0 0 0 --:--:-- --:--:-- --:--:-- 0
100 1308k 100 1308k 0 0 7752k 0 --:--:-- --:--:-- --:--:-- 8075k
install for i386
* installing *source* package 'VariantAnnotation' ...
** using staged installation
** libs
"C:/rtools40/mingw32/bin/"gcc -I"C:/Users/BIOCBU~1/BBS-3~1.11-/R/include" -DNDEBUG -D_FILE_OFFSET_BITS=64 -I'C:/Users/biocbuild/bbs-3.11-bioc/R/library/S4Vectors/include' -I'C:/Users/biocbuild/bbs-3.11-bioc/R/library/IRanges/include' -I'C:/Users/biocbuild/bbs-3.11-bioc/R/library/XVector/include' -I'C:/Users/biocbuild/bbs-3.11-bioc/R/library/Biostrings/include' -I'C:/Users/biocbuild/bbs-3.11-bioc/R/library/Rhtslib/include' -I"C:/extsoft/include" -O2 -Wall -std=gnu99 -mfpmath=sse -msse2 -mstackrealign -c Biostrings_stubs.c -o Biostrings_stubs.o
"C:/rtools40/mingw32/bin/"gcc -I"C:/Users/BIOCBU~1/BBS-3~1.11-/R/include" -DNDEBUG -D_FILE_OFFSET_BITS=64 -I'C:/Users/biocbuild/bbs-3.11-bioc/R/library/S4Vectors/include' -I'C:/Users/biocbuild/bbs-3.11-bioc/R/library/IRanges/include' -I'C:/Users/biocbuild/bbs-3.11-bioc/R/library/XVector/include' -I'C:/Users/biocbuild/bbs-3.11-bioc/R/library/Biostrings/include' -I'C:/Users/biocbuild/bbs-3.11-bioc/R/library/Rhtslib/include' -I"C:/extsoft/include" -O2 -Wall -std=gnu99 -mfpmath=sse -msse2 -mstackrealign -c IRanges_stubs.c -o IRanges_stubs.o
"C:/rtools40/mingw32/bin/"gcc -I"C:/Users/BIOCBU~1/BBS-3~1.11-/R/include" -DNDEBUG -D_FILE_OFFSET_BITS=64 -I'C:/Users/biocbuild/bbs-3.11-bioc/R/library/S4Vectors/include' -I'C:/Users/biocbuild/bbs-3.11-bioc/R/library/IRanges/include' -I'C:/Users/biocbuild/bbs-3.11-bioc/R/library/XVector/include' -I'C:/Users/biocbuild/bbs-3.11-bioc/R/library/Biostrings/include' -I'C:/Users/biocbuild/bbs-3.11-bioc/R/library/Rhtslib/include' -I"C:/extsoft/include" -O2 -Wall -std=gnu99 -mfpmath=sse -msse2 -mstackrealign -c R_init_VariantAnnotation.c -o R_init_VariantAnnotation.o
"C:/rtools40/mingw32/bin/"gcc -I"C:/Users/BIOCBU~1/BBS-3~1.11-/R/include" -DNDEBUG -D_FILE_OFFSET_BITS=64 -I'C:/Users/biocbuild/bbs-3.11-bioc/R/library/S4Vectors/include' -I'C:/Users/biocbuild/bbs-3.11-bioc/R/library/IRanges/include' -I'C:/Users/biocbuild/bbs-3.11-bioc/R/library/XVector/include' -I'C:/Users/biocbuild/bbs-3.11-bioc/R/library/Biostrings/include' -I'C:/Users/biocbuild/bbs-3.11-bioc/R/library/Rhtslib/include' -I"C:/extsoft/include" -O2 -Wall -std=gnu99 -mfpmath=sse -msse2 -mstackrealign -c XVector_stubs.c -o XVector_stubs.o
"C:/rtools40/mingw32/bin/"gcc -I"C:/Users/BIOCBU~1/BBS-3~1.11-/R/include" -DNDEBUG -D_FILE_OFFSET_BITS=64 -I'C:/Users/biocbuild/bbs-3.11-bioc/R/library/S4Vectors/include' -I'C:/Users/biocbuild/bbs-3.11-bioc/R/library/IRanges/include' -I'C:/Users/biocbuild/bbs-3.11-bioc/R/library/XVector/include' -I'C:/Users/biocbuild/bbs-3.11-bioc/R/library/Biostrings/include' -I'C:/Users/biocbuild/bbs-3.11-bioc/R/library/Rhtslib/include' -I"C:/extsoft/include" -O2 -Wall -std=gnu99 -mfpmath=sse -msse2 -mstackrealign -c dna_hash.c -o dna_hash.o
"C:/rtools40/mingw32/bin/"gcc -I"C:/Users/BIOCBU~1/BBS-3~1.11-/R/include" -DNDEBUG -D_FILE_OFFSET_BITS=64 -I'C:/Users/biocbuild/bbs-3.11-bioc/R/library/S4Vectors/include' -I'C:/Users/biocbuild/bbs-3.11-bioc/R/library/IRanges/include' -I'C:/Users/biocbuild/bbs-3.11-bioc/R/library/XVector/include' -I'C:/Users/biocbuild/bbs-3.11-bioc/R/library/Biostrings/include' -I'C:/Users/biocbuild/bbs-3.11-bioc/R/library/Rhtslib/include' -I"C:/extsoft/include" -O2 -Wall -std=gnu99 -mfpmath=sse -msse2 -mstackrealign -c rle.c -o rle.o
"C:/rtools40/mingw32/bin/"gcc -I"C:/Users/BIOCBU~1/BBS-3~1.11-/R/include" -DNDEBUG -D_FILE_OFFSET_BITS=64 -I'C:/Users/biocbuild/bbs-3.11-bioc/R/library/S4Vectors/include' -I'C:/Users/biocbuild/bbs-3.11-bioc/R/library/IRanges/include' -I'C:/Users/biocbuild/bbs-3.11-bioc/R/library/XVector/include' -I'C:/Users/biocbuild/bbs-3.11-bioc/R/library/Biostrings/include' -I'C:/Users/biocbuild/bbs-3.11-bioc/R/library/Rhtslib/include' -I"C:/extsoft/include" -O2 -Wall -std=gnu99 -mfpmath=sse -msse2 -mstackrealign -c strhash.c -o strhash.o
"C:/rtools40/mingw32/bin/"gcc -I"C:/Users/BIOCBU~1/BBS-3~1.11-/R/include" -DNDEBUG -D_FILE_OFFSET_BITS=64 -I'C:/Users/biocbuild/bbs-3.11-bioc/R/library/S4Vectors/include' -I'C:/Users/biocbuild/bbs-3.11-bioc/R/library/IRanges/include' -I'C:/Users/biocbuild/bbs-3.11-bioc/R/library/XVector/include' -I'C:/Users/biocbuild/bbs-3.11-bioc/R/library/Biostrings/include' -I'C:/Users/biocbuild/bbs-3.11-bioc/R/library/Rhtslib/include' -I"C:/extsoft/include" -O2 -Wall -std=gnu99 -mfpmath=sse -msse2 -mstackrealign -c utilities.c -o utilities.o
"C:/rtools40/mingw32/bin/"gcc -I"C:/Users/BIOCBU~1/BBS-3~1.11-/R/include" -DNDEBUG -D_FILE_OFFSET_BITS=64 -I'C:/Users/biocbuild/bbs-3.11-bioc/R/library/S4Vectors/include' -I'C:/Users/biocbuild/bbs-3.11-bioc/R/library/IRanges/include' -I'C:/Users/biocbuild/bbs-3.11-bioc/R/library/XVector/include' -I'C:/Users/biocbuild/bbs-3.11-bioc/R/library/Biostrings/include' -I'C:/Users/biocbuild/bbs-3.11-bioc/R/library/Rhtslib/include' -I"C:/extsoft/include" -O2 -Wall -std=gnu99 -mfpmath=sse -msse2 -mstackrealign -c vcffile.c -o vcffile.o
"C:/rtools40/mingw32/bin/"gcc -I"C:/Users/BIOCBU~1/BBS-3~1.11-/R/include" -DNDEBUG -D_FILE_OFFSET_BITS=64 -I'C:/Users/biocbuild/bbs-3.11-bioc/R/library/S4Vectors/include' -I'C:/Users/biocbuild/bbs-3.11-bioc/R/library/IRanges/include' -I'C:/Users/biocbuild/bbs-3.11-bioc/R/library/XVector/include' -I'C:/Users/biocbuild/bbs-3.11-bioc/R/library/Biostrings/include' -I'C:/Users/biocbuild/bbs-3.11-bioc/R/library/Rhtslib/include' -I"C:/extsoft/include" -O2 -Wall -std=gnu99 -mfpmath=sse -msse2 -mstackrealign -c vcftype.c -o vcftype.o
"C:/rtools40/mingw32/bin/"gcc -I"C:/Users/BIOCBU~1/BBS-3~1.11-/R/include" -DNDEBUG -D_FILE_OFFSET_BITS=64 -I'C:/Users/biocbuild/bbs-3.11-bioc/R/library/S4Vectors/include' -I'C:/Users/biocbuild/bbs-3.11-bioc/R/library/IRanges/include' -I'C:/Users/biocbuild/bbs-3.11-bioc/R/library/XVector/include' -I'C:/Users/biocbuild/bbs-3.11-bioc/R/library/Biostrings/include' -I'C:/Users/biocbuild/bbs-3.11-bioc/R/library/Rhtslib/include' -I"C:/extsoft/include" -O2 -Wall -std=gnu99 -mfpmath=sse -msse2 -mstackrealign -c writevcf.c -o writevcf.o
C:/rtools40/mingw32/bin/gcc -shared -s -static-libgcc -o VariantAnnotation.dll tmp.def Biostrings_stubs.o IRanges_stubs.o R_init_VariantAnnotation.o XVector_stubs.o dna_hash.o rle.o strhash.o utilities.o vcffile.o vcftype.o writevcf.o C:/Users/biocbuild/bbs-3.11-bioc/R/library/Rhtslib/usrlib/i386/libhts.a -LC:/extsoft/lib/i386 -lcurl -lrtmp -lssl -lssh2 -lcrypto -lgdi32 -lz -lws2_32 -lwldap32 -lwinmm -lidn -LC:/extsoft/lib/i386 -LC:/extsoft/lib -LC:/Users/BIOCBU~1/BBS-3~1.11-/R/bin/i386 -lR
installing to C:/Users/biocbuild/bbs-3.11-bioc/meat/VariantAnnotation.buildbin-libdir/00LOCK-VariantAnnotation/00new/VariantAnnotation/libs/i386
** R
** inst
** byte-compile and prepare package for lazy loading
Creating a new generic function for 'tabulate' in package 'VariantAnnotation'
** help
*** installing help indices
converting help for package 'VariantAnnotation'
finding HTML links ... done
GLtoGP html
PROVEANDb-class html
PolyPhenDb-class html
PolyPhenDbColumns html
SIFTDb-class html
SIFTDbColumns html
ScanVcfParam-class html
finding level-2 HTML links ... done
VCF-class html
Rd warning: C:/Users/biocbuild/bbs-3.11-bioc/tmpdir/RtmpUjG0sa/R.INSTALL149c2e5e5ddb/VariantAnnotation/man/VCF-class.Rd:241: file link 'CharacterList' in package 'IRanges' does not exist and so has been treated as a topic
Rd warning: C:/Users/biocbuild/bbs-3.11-bioc/tmpdir/RtmpUjG0sa/R.INSTALL149c2e5e5ddb/VariantAnnotation/man/VCF-class.Rd:317: file link 'BSgenome' in package 'BSgenome' does not exist and so has been treated as a topic
Rd warning: C:/Users/biocbuild/bbs-3.11-bioc/tmpdir/RtmpUjG0sa/R.INSTALL149c2e5e5ddb/VariantAnnotation/man/VCF-class.Rd:416: file link 'DataFrame' in package 'S4Vectors' does not exist and so has been treated as a topic
Rd warning: C:/Users/biocbuild/bbs-3.11-bioc/tmpdir/RtmpUjG0sa/R.INSTALL149c2e5e5ddb/VariantAnnotation/man/VCF-class.Rd:417: file link 'SimpleList' in package 'S4Vectors' does not exist and so has been treated as a topic
Rd warning: C:/Users/biocbuild/bbs-3.11-bioc/tmpdir/RtmpUjG0sa/R.INSTALL149c2e5e5ddb/VariantAnnotation/man/VCF-class.Rd:418: file link 'RangedSummarizedExperiment' in package 'SummarizedExperiment' does not exist and so has been treated as a topic
VCFHeader-class html
Rd warning: C:/Users/biocbuild/bbs-3.11-bioc/tmpdir/RtmpUjG0sa/R.INSTALL149c2e5e5ddb/VariantAnnotation/man/VCFHeader-class.Rd:114: file link 'CharacterList' in package 'IRanges' does not exist and so has been treated as a topic
VRanges-class html
Rd warning: C:/Users/biocbuild/bbs-3.11-bioc/tmpdir/RtmpUjG0sa/R.INSTALL149c2e5e5ddb/VariantAnnotation/man/VRanges-class.Rd:81: file link 'GRanges' in package 'GenomicRanges' does not exist and so has been treated as a topic
Rd warning: C:/Users/biocbuild/bbs-3.11-bioc/tmpdir/RtmpUjG0sa/R.INSTALL149c2e5e5ddb/VariantAnnotation/man/VRanges-class.Rd:113: file link 'FilterMatrix' in package 'S4Vectors' does not exist and so has been treated as a topic
Rd warning: C:/Users/biocbuild/bbs-3.11-bioc/tmpdir/RtmpUjG0sa/R.INSTALL149c2e5e5ddb/VariantAnnotation/man/VRanges-class.Rd:171: file link 'FilterMatrix' in package 'S4Vectors' does not exist and so has been treated as a topic
Rd warning: C:/Users/biocbuild/bbs-3.11-bioc/tmpdir/RtmpUjG0sa/R.INSTALL149c2e5e5ddb/VariantAnnotation/man/VRanges-class.Rd:174: file link 'FilterRules' in package 'S4Vectors' does not exist and so has been treated as a topic
Rd warning: C:/Users/biocbuild/bbs-3.11-bioc/tmpdir/RtmpUjG0sa/R.INSTALL149c2e5e5ddb/VariantAnnotation/man/VRanges-class.Rd:191: file link 'GenomicRanges' in package 'GenomicRanges' does not exist and so has been treated as a topic
VRangesList-class html
VariantType-class html
VcfFile-class html
Rd warning: C:/Users/biocbuild/bbs-3.11-bioc/tmpdir/RtmpUjG0sa/R.INSTALL149c2e5e5ddb/VariantAnnotation/man/VcfFile-class.Rd:138: file link 'CharacterList' in package 'IRanges' does not exist and so has been treated as a topic
defunct html
Rd warning: C:/Users/biocbuild/bbs-3.11-bioc/tmpdir/RtmpUjG0sa/R.INSTALL149c2e5e5ddb/VariantAnnotation/man/defunct.Rd:85: file link 'mapToTranscripts' in package 'GenomicFeatures' does not exist and so has been treated as a topic
filterVcf-methods html
genotypeToSnpMatrix-methods html
Rd warning: C:/Users/biocbuild/bbs-3.11-bioc/tmpdir/RtmpUjG0sa/R.INSTALL149c2e5e5ddb/VariantAnnotation/man/genotypeToSnpMatrix-methods.Rd:85: file link 'snpStats' in package 'snpStats' does not exist and so has been treated as a topic
Rd warning: C:/Users/biocbuild/bbs-3.11-bioc/tmpdir/RtmpUjG0sa/R.INSTALL149c2e5e5ddb/VariantAnnotation/man/genotypeToSnpMatrix-methods.Rd:89: file link 'snpStats' in package 'snpStats' does not exist and so has been treated as a topic
getTranscriptSeqs-methods html
Rd warning: C:/Users/biocbuild/bbs-3.11-bioc/tmpdir/RtmpUjG0sa/R.INSTALL149c2e5e5ddb/VariantAnnotation/man/getTranscriptSeqs-methods.Rd:14: file link 'BSgenome' in package 'BSgenome' does not exist and so has been treated as a topic
Rd warning: C:/Users/biocbuild/bbs-3.11-bioc/tmpdir/RtmpUjG0sa/R.INSTALL149c2e5e5ddb/VariantAnnotation/man/getTranscriptSeqs-methods.Rd:15: file link 'FaFile' in package 'Rsamtools' does not exist and so has been treated as a topic
Rd warning: C:/Users/biocbuild/bbs-3.11-bioc/tmpdir/RtmpUjG0sa/R.INSTALL149c2e5e5ddb/VariantAnnotation/man/getTranscriptSeqs-methods.Rd:25: file link 'GRangesList' in package 'GenomicRanges' does not exist and so has been treated as a topic
Rd warning: C:/Users/biocbuild/bbs-3.11-bioc/tmpdir/RtmpUjG0sa/R.INSTALL149c2e5e5ddb/VariantAnnotation/man/getTranscriptSeqs-methods.Rd:28: file link 'BSgenome' in package 'BSgenome' does not exist and so has been treated as a topic
Rd warning: C:/Users/biocbuild/bbs-3.11-bioc/tmpdir/RtmpUjG0sa/R.INSTALL149c2e5e5ddb/VariantAnnotation/man/getTranscriptSeqs-methods.Rd:28: file link 'FaFile' in package 'Rsamtools' does not exist and so has been treated as a topic
Rd warning: C:/Users/biocbuild/bbs-3.11-bioc/tmpdir/RtmpUjG0sa/R.INSTALL149c2e5e5ddb/VariantAnnotation/man/getTranscriptSeqs-methods.Rd:39: file link 'BSgenome' in package 'BSgenome' does not exist and so has been treated as a topic
Rd warning: C:/Users/biocbuild/bbs-3.11-bioc/tmpdir/RtmpUjG0sa/R.INSTALL149c2e5e5ddb/VariantAnnotation/man/getTranscriptSeqs-methods.Rd:39: file link 'FaFile' in package 'Rsamtools' does not exist and so has been treated as a topic
Rd warning: C:/Users/biocbuild/bbs-3.11-bioc/tmpdir/RtmpUjG0sa/R.INSTALL149c2e5e5ddb/VariantAnnotation/man/getTranscriptSeqs-methods.Rd:45: file link 'DNAStringSet' in package 'Biostrings' does not exist and so has been treated as a topic
indexVcf-method html
isSNV-methods html
locateVariants-methods html
Rd warning: C:/Users/biocbuild/bbs-3.11-bioc/tmpdir/RtmpUjG0sa/R.INSTALL149c2e5e5ddb/VariantAnnotation/man/locateVariants-methods.Rd:41: file link 'IntegerRanges' in package 'IRanges' does not exist and so has been treated as a topic
Rd warning: C:/Users/biocbuild/bbs-3.11-bioc/tmpdir/RtmpUjG0sa/R.INSTALL149c2e5e5ddb/VariantAnnotation/man/locateVariants-methods.Rd:41: file link 'GRanges' in package 'GenomicRanges' does not exist and so has been treated as a topic
Rd warning: C:/Users/biocbuild/bbs-3.11-bioc/tmpdir/RtmpUjG0sa/R.INSTALL149c2e5e5ddb/VariantAnnotation/man/locateVariants-methods.Rd:48: file link 'TxDb' in package 'GenomicFeatures' does not exist and so has been treated as a topic
Rd warning: C:/Users/biocbuild/bbs-3.11-bioc/tmpdir/RtmpUjG0sa/R.INSTALL149c2e5e5ddb/VariantAnnotation/man/locateVariants-methods.Rd:50: file link 'TxDb' in package 'GenomicFeatures' does not exist and so has been treated as a topic
Rd warning: C:/Users/biocbuild/bbs-3.11-bioc/tmpdir/RtmpUjG0sa/R.INSTALL149c2e5e5ddb/VariantAnnotation/man/locateVariants-methods.Rd:83: file link 'Hits' in package 'S4Vectors' does not exist and so has been treated as a topic
predictCoding-methods html
Rd warning: C:/Users/biocbuild/bbs-3.11-bioc/tmpdir/RtmpUjG0sa/R.INSTALL149c2e5e5ddb/VariantAnnotation/man/predictCoding-methods.Rd:26: file link 'IntegerRanges' in package 'IRanges' does not exist and so has been treated as a topic
Rd warning: C:/Users/biocbuild/bbs-3.11-bioc/tmpdir/RtmpUjG0sa/R.INSTALL149c2e5e5ddb/VariantAnnotation/man/predictCoding-methods.Rd:41: file link 'TxDb' in package 'GenomicFeatures' does not exist and so has been treated as a topic
Rd warning: C:/Users/biocbuild/bbs-3.11-bioc/tmpdir/RtmpUjG0sa/R.INSTALL149c2e5e5ddb/VariantAnnotation/man/predictCoding-methods.Rd:43: file link 'TxDb' in package 'GenomicFeatures' does not exist and so has been treated as a topic
Rd warning: C:/Users/biocbuild/bbs-3.11-bioc/tmpdir/RtmpUjG0sa/R.INSTALL149c2e5e5ddb/VariantAnnotation/man/predictCoding-methods.Rd:46: file link 'BSgenome' in package 'BSgenome' does not exist and so has been treated as a topic
Rd warning: C:/Users/biocbuild/bbs-3.11-bioc/tmpdir/RtmpUjG0sa/R.INSTALL149c2e5e5ddb/VariantAnnotation/man/predictCoding-methods.Rd:49: file link 'DNAStringSet' in package 'Biostrings' does not exist and so has been treated as a topic
Rd warning: C:/Users/biocbuild/bbs-3.11-bioc/tmpdir/RtmpUjG0sa/R.INSTALL149c2e5e5ddb/VariantAnnotation/man/predictCoding-methods.Rd:82: file link 'BSgenome' in package 'BSgenome' does not exist and so has been treated as a topic
Rd warning: C:/Users/biocbuild/bbs-3.11-bioc/tmpdir/RtmpUjG0sa/R.INSTALL149c2e5e5ddb/VariantAnnotation/man/predictCoding-methods.Rd:103: file link 'GRanges' in package 'GenomicRanges' does not exist and so has been treated as a topic
probabilityToSnpMatrix html
readVcf-methods html
scanVcf-methods html
seqinfo-method html
snpSummary html
summarizeVariants-methods html
Rd warning: C:/Users/biocbuild/bbs-3.11-bioc/tmpdir/RtmpUjG0sa/R.INSTALL149c2e5e5ddb/VariantAnnotation/man/summarizeVariants-methods.Rd:34: file link 'TxDb' in package 'GenomicFeatures' does not exist and so has been treated as a topic
Rd warning: C:/Users/biocbuild/bbs-3.11-bioc/tmpdir/RtmpUjG0sa/R.INSTALL149c2e5e5ddb/VariantAnnotation/man/summarizeVariants-methods.Rd:36: file link 'TxDb' in package 'GenomicFeatures' does not exist and so has been treated as a topic
writeVcf-methods html
** building package indices
** installing vignettes
** testing if installed package can be loaded from temporary location
** testing if installed package can be loaded from final location
** testing if installed package keeps a record of temporary installation path
install for x64
* installing *source* package 'VariantAnnotation' ...
** libs
"C:/rtools40/mingw64/bin/"gcc -I"C:/Users/BIOCBU~1/BBS-3~1.11-/R/include" -DNDEBUG -D_FILE_OFFSET_BITS=64 -I'C:/Users/biocbuild/bbs-3.11-bioc/R/library/S4Vectors/include' -I'C:/Users/biocbuild/bbs-3.11-bioc/R/library/IRanges/include' -I'C:/Users/biocbuild/bbs-3.11-bioc/R/library/XVector/include' -I'C:/Users/biocbuild/bbs-3.11-bioc/R/library/Biostrings/include' -I'C:/Users/biocbuild/bbs-3.11-bioc/R/library/Rhtslib/include' -I"C:/extsoft/include" -O2 -Wall -std=gnu99 -mfpmath=sse -msse2 -mstackrealign -c Biostrings_stubs.c -o Biostrings_stubs.o
"C:/rtools40/mingw64/bin/"gcc -I"C:/Users/BIOCBU~1/BBS-3~1.11-/R/include" -DNDEBUG -D_FILE_OFFSET_BITS=64 -I'C:/Users/biocbuild/bbs-3.11-bioc/R/library/S4Vectors/include' -I'C:/Users/biocbuild/bbs-3.11-bioc/R/library/IRanges/include' -I'C:/Users/biocbuild/bbs-3.11-bioc/R/library/XVector/include' -I'C:/Users/biocbuild/bbs-3.11-bioc/R/library/Biostrings/include' -I'C:/Users/biocbuild/bbs-3.11-bioc/R/library/Rhtslib/include' -I"C:/extsoft/include" -O2 -Wall -std=gnu99 -mfpmath=sse -msse2 -mstackrealign -c IRanges_stubs.c -o IRanges_stubs.o
"C:/rtools40/mingw64/bin/"gcc -I"C:/Users/BIOCBU~1/BBS-3~1.11-/R/include" -DNDEBUG -D_FILE_OFFSET_BITS=64 -I'C:/Users/biocbuild/bbs-3.11-bioc/R/library/S4Vectors/include' -I'C:/Users/biocbuild/bbs-3.11-bioc/R/library/IRanges/include' -I'C:/Users/biocbuild/bbs-3.11-bioc/R/library/XVector/include' -I'C:/Users/biocbuild/bbs-3.11-bioc/R/library/Biostrings/include' -I'C:/Users/biocbuild/bbs-3.11-bioc/R/library/Rhtslib/include' -I"C:/extsoft/include" -O2 -Wall -std=gnu99 -mfpmath=sse -msse2 -mstackrealign -c R_init_VariantAnnotation.c -o R_init_VariantAnnotation.o
"C:/rtools40/mingw64/bin/"gcc -I"C:/Users/BIOCBU~1/BBS-3~1.11-/R/include" -DNDEBUG -D_FILE_OFFSET_BITS=64 -I'C:/Users/biocbuild/bbs-3.11-bioc/R/library/S4Vectors/include' -I'C:/Users/biocbuild/bbs-3.11-bioc/R/library/IRanges/include' -I'C:/Users/biocbuild/bbs-3.11-bioc/R/library/XVector/include' -I'C:/Users/biocbuild/bbs-3.11-bioc/R/library/Biostrings/include' -I'C:/Users/biocbuild/bbs-3.11-bioc/R/library/Rhtslib/include' -I"C:/extsoft/include" -O2 -Wall -std=gnu99 -mfpmath=sse -msse2 -mstackrealign -c XVector_stubs.c -o XVector_stubs.o
"C:/rtools40/mingw64/bin/"gcc -I"C:/Users/BIOCBU~1/BBS-3~1.11-/R/include" -DNDEBUG -D_FILE_OFFSET_BITS=64 -I'C:/Users/biocbuild/bbs-3.11-bioc/R/library/S4Vectors/include' -I'C:/Users/biocbuild/bbs-3.11-bioc/R/library/IRanges/include' -I'C:/Users/biocbuild/bbs-3.11-bioc/R/library/XVector/include' -I'C:/Users/biocbuild/bbs-3.11-bioc/R/library/Biostrings/include' -I'C:/Users/biocbuild/bbs-3.11-bioc/R/library/Rhtslib/include' -I"C:/extsoft/include" -O2 -Wall -std=gnu99 -mfpmath=sse -msse2 -mstackrealign -c dna_hash.c -o dna_hash.o
"C:/rtools40/mingw64/bin/"gcc -I"C:/Users/BIOCBU~1/BBS-3~1.11-/R/include" -DNDEBUG -D_FILE_OFFSET_BITS=64 -I'C:/Users/biocbuild/bbs-3.11-bioc/R/library/S4Vectors/include' -I'C:/Users/biocbuild/bbs-3.11-bioc/R/library/IRanges/include' -I'C:/Users/biocbuild/bbs-3.11-bioc/R/library/XVector/include' -I'C:/Users/biocbuild/bbs-3.11-bioc/R/library/Biostrings/include' -I'C:/Users/biocbuild/bbs-3.11-bioc/R/library/Rhtslib/include' -I"C:/extsoft/include" -O2 -Wall -std=gnu99 -mfpmath=sse -msse2 -mstackrealign -c rle.c -o rle.o
"C:/rtools40/mingw64/bin/"gcc -I"C:/Users/BIOCBU~1/BBS-3~1.11-/R/include" -DNDEBUG -D_FILE_OFFSET_BITS=64 -I'C:/Users/biocbuild/bbs-3.11-bioc/R/library/S4Vectors/include' -I'C:/Users/biocbuild/bbs-3.11-bioc/R/library/IRanges/include' -I'C:/Users/biocbuild/bbs-3.11-bioc/R/library/XVector/include' -I'C:/Users/biocbuild/bbs-3.11-bioc/R/library/Biostrings/include' -I'C:/Users/biocbuild/bbs-3.11-bioc/R/library/Rhtslib/include' -I"C:/extsoft/include" -O2 -Wall -std=gnu99 -mfpmath=sse -msse2 -mstackrealign -c strhash.c -o strhash.o
"C:/rtools40/mingw64/bin/"gcc -I"C:/Users/BIOCBU~1/BBS-3~1.11-/R/include" -DNDEBUG -D_FILE_OFFSET_BITS=64 -I'C:/Users/biocbuild/bbs-3.11-bioc/R/library/S4Vectors/include' -I'C:/Users/biocbuild/bbs-3.11-bioc/R/library/IRanges/include' -I'C:/Users/biocbuild/bbs-3.11-bioc/R/library/XVector/include' -I'C:/Users/biocbuild/bbs-3.11-bioc/R/library/Biostrings/include' -I'C:/Users/biocbuild/bbs-3.11-bioc/R/library/Rhtslib/include' -I"C:/extsoft/include" -O2 -Wall -std=gnu99 -mfpmath=sse -msse2 -mstackrealign -c utilities.c -o utilities.o
"C:/rtools40/mingw64/bin/"gcc -I"C:/Users/BIOCBU~1/BBS-3~1.11-/R/include" -DNDEBUG -D_FILE_OFFSET_BITS=64 -I'C:/Users/biocbuild/bbs-3.11-bioc/R/library/S4Vectors/include' -I'C:/Users/biocbuild/bbs-3.11-bioc/R/library/IRanges/include' -I'C:/Users/biocbuild/bbs-3.11-bioc/R/library/XVector/include' -I'C:/Users/biocbuild/bbs-3.11-bioc/R/library/Biostrings/include' -I'C:/Users/biocbuild/bbs-3.11-bioc/R/library/Rhtslib/include' -I"C:/extsoft/include" -O2 -Wall -std=gnu99 -mfpmath=sse -msse2 -mstackrealign -c vcffile.c -o vcffile.o
"C:/rtools40/mingw64/bin/"gcc -I"C:/Users/BIOCBU~1/BBS-3~1.11-/R/include" -DNDEBUG -D_FILE_OFFSET_BITS=64 -I'C:/Users/biocbuild/bbs-3.11-bioc/R/library/S4Vectors/include' -I'C:/Users/biocbuild/bbs-3.11-bioc/R/library/IRanges/include' -I'C:/Users/biocbuild/bbs-3.11-bioc/R/library/XVector/include' -I'C:/Users/biocbuild/bbs-3.11-bioc/R/library/Biostrings/include' -I'C:/Users/biocbuild/bbs-3.11-bioc/R/library/Rhtslib/include' -I"C:/extsoft/include" -O2 -Wall -std=gnu99 -mfpmath=sse -msse2 -mstackrealign -c vcftype.c -o vcftype.o
"C:/rtools40/mingw64/bin/"gcc -I"C:/Users/BIOCBU~1/BBS-3~1.11-/R/include" -DNDEBUG -D_FILE_OFFSET_BITS=64 -I'C:/Users/biocbuild/bbs-3.11-bioc/R/library/S4Vectors/include' -I'C:/Users/biocbuild/bbs-3.11-bioc/R/library/IRanges/include' -I'C:/Users/biocbuild/bbs-3.11-bioc/R/library/XVector/include' -I'C:/Users/biocbuild/bbs-3.11-bioc/R/library/Biostrings/include' -I'C:/Users/biocbuild/bbs-3.11-bioc/R/library/Rhtslib/include' -I"C:/extsoft/include" -O2 -Wall -std=gnu99 -mfpmath=sse -msse2 -mstackrealign -c writevcf.c -o writevcf.o
C:/rtools40/mingw64/bin/gcc -shared -s -static-libgcc -o VariantAnnotation.dll tmp.def Biostrings_stubs.o IRanges_stubs.o R_init_VariantAnnotation.o XVector_stubs.o dna_hash.o rle.o strhash.o utilities.o vcffile.o vcftype.o writevcf.o C:/Users/biocbuild/bbs-3.11-bioc/R/library/Rhtslib/usrlib/x64/libhts.a -LC:/extsoft/lib/x64 -lcurl -lrtmp -lssl -lssh2 -lcrypto -lgdi32 -lz -lws2_32 -lwldap32 -lwinmm -LC:/extsoft/lib/x64 -LC:/extsoft/lib -LC:/Users/BIOCBU~1/BBS-3~1.11-/R/bin/x64 -lR
installing to C:/Users/biocbuild/bbs-3.11-bioc/meat/VariantAnnotation.buildbin-libdir/VariantAnnotation/libs/x64
** testing if installed package can be loaded
* MD5 sums
packaged installation of 'VariantAnnotation' as VariantAnnotation_1.34.0.zip
* DONE (VariantAnnotation)
* installing to library 'C:/Users/biocbuild/bbs-3.11-bioc/R/library'
package 'VariantAnnotation' successfully unpacked and MD5 sums checked
|
VariantAnnotation.Rcheck/tests_i386/VariantAnnotation_unit_tests.Rout
R version 4.0.3 (2020-10-10) -- "Bunny-Wunnies Freak Out"
Copyright (C) 2020 The R Foundation for Statistical Computing
Platform: i386-w64-mingw32/i386 (32-bit)
R is free software and comes with ABSOLUTELY NO WARRANTY.
You are welcome to redistribute it under certain conditions.
Type 'license()' or 'licence()' for distribution details.
R is a collaborative project with many contributors.
Type 'contributors()' for more information and
'citation()' on how to cite R or R packages in publications.
Type 'demo()' for some demos, 'help()' for on-line help, or
'help.start()' for an HTML browser interface to help.
Type 'q()' to quit R.
> require("VariantAnnotation") || stop("unable to load VariantAnnotation package")
Loading required package: VariantAnnotation
Loading required package: BiocGenerics
Loading required package: parallel
Attaching package: 'BiocGenerics'
The following objects are masked from 'package:parallel':
clusterApply, clusterApplyLB, clusterCall, clusterEvalQ,
clusterExport, clusterMap, parApply, parCapply, parLapply,
parLapplyLB, parRapply, parSapply, parSapplyLB
The following objects are masked from 'package:stats':
IQR, mad, sd, var, xtabs
The following objects are masked from 'package:base':
Filter, Find, Map, Position, Reduce, anyDuplicated, append,
as.data.frame, basename, cbind, colnames, dirname, do.call,
duplicated, eval, evalq, get, grep, grepl, intersect, is.unsorted,
lapply, mapply, match, mget, order, paste, pmax, pmax.int, pmin,
pmin.int, rank, rbind, rownames, sapply, setdiff, sort, table,
tapply, union, unique, unsplit, which, which.max, which.min
Loading required package: GenomeInfoDb
Loading required package: S4Vectors
Loading required package: stats4
Attaching package: 'S4Vectors'
The following object is masked from 'package:base':
expand.grid
Loading required package: IRanges
Attaching package: 'IRanges'
The following object is masked from 'package:grDevices':
windows
Loading required package: GenomicRanges
Loading required package: SummarizedExperiment
Loading required package: Biobase
Welcome to Bioconductor
Vignettes contain introductory material; view with
'browseVignettes()'. To cite Bioconductor, see
'citation("Biobase")', and for packages 'citation("pkgname")'.
Loading required package: DelayedArray
Loading required package: matrixStats
Attaching package: 'matrixStats'
The following objects are masked from 'package:Biobase':
anyMissing, rowMedians
Attaching package: 'DelayedArray'
The following objects are masked from 'package:matrixStats':
colMaxs, colMins, colRanges, rowMaxs, rowMins, rowRanges
The following objects are masked from 'package:base':
aperm, apply, rowsum
Loading required package: Rsamtools
Loading required package: Biostrings
Loading required package: XVector
Attaching package: 'Biostrings'
The following object is masked from 'package:base':
strsplit
Attaching package: 'VariantAnnotation'
The following object is masked from 'package:base':
tabulate
[1] TRUE
> VariantAnnotation:::.test()
Loading required package: RSQLite
starting prefilter
prefiltering 10376 records
prefiltered to C:\Users\biocbuild\bbs-3.11-bioc\tmpdir\Rtmp2DMsLt\file19b47af560ed
compressing and indexing 'C:\Users\biocbuild\bbs-3.11-bioc\tmpdir\Rtmp2DMsLt\file19b47af560ed'
starting filter
filtering 10376 records
completed filtering
compressing and indexing 'C:\Users\biocbuild\bbs-3.11-bioc\tmpdir\Rtmp2DMsLt\file19b41c271826'
Loading required package: survival
Loading required package: Matrix
Attaching package: 'Matrix'
The following object is masked from 'package:VariantAnnotation':
expand
The following object is masked from 'package:S4Vectors':
expand
[W::bcf_hdr_check_sanity] GL should be declared as Number=G
non-single nucleotide variations are set to NA
non-single nucleotide variations are set to NA
non-single nucleotide variations are set to NA
non-single nucleotide variations are set to NA
non-single nucleotide variations are set to NA
non-single nucleotide variations are set to NA
Loading required package: GenomicFeatures
Loading required package: AnnotationDbi
'select()' returned 1:1 mapping between keys and columns
Loading required package: BSgenome
Loading required package: rtracklayer
'select()' returned many:1 mapping between keys and columns
RUNIT TEST PROTOCOL -- Sat Oct 17 09:27:17 2020
***********************************************
Number of test functions: 99
Number of errors: 0
Number of failures: 0
1 Test Suite :
VariantAnnotation RUnit Tests - 99 test functions, 0 errors, 0 failures
Number of test functions: 99
Number of errors: 0
Number of failures: 0
[W::bcf_hdr_check_sanity] PL should be declared as Number=G
Warning messages:
1: info fields with no header: noMatch
2: In .bcfHeaderAsSimpleList(header) :
duplicate keys in header will be forced to unique rownames
3: In DataFrame(..., check.names = FALSE) : NAs introduced by coercion
4: In valid.GenomicRanges.seqinfo(x, suggest.trim = TRUE) :
GRanges object contains 7 out-of-bound ranges located on sequence
70477. Note that ranges located on a sequence whose length is unknown
(NA) or on a circular sequence are not considered out-of-bound (use
seqlengths() and isCircular() to get the lengths and circularity flags
of the underlying sequences). You can use trim() to trim these ranges.
See ?`trim,GenomicRanges-method` for more information.
5: In valid.GenomicRanges.seqinfo(x, suggest.trim = TRUE) :
GRanges object contains 6 out-of-bound ranges located on sequence
70477. Note that ranges located on a sequence whose length is unknown
(NA) or on a circular sequence are not considered out-of-bound (use
seqlengths() and isCircular() to get the lengths and circularity flags
of the underlying sequences). You can use trim() to trim these ranges.
See ?`trim,GenomicRanges-method` for more information.
>
> proc.time()
user system elapsed
97.48 3.18 129.17
|
VariantAnnotation.Rcheck/tests_x64/VariantAnnotation_unit_tests.Rout
R version 4.0.3 (2020-10-10) -- "Bunny-Wunnies Freak Out"
Copyright (C) 2020 The R Foundation for Statistical Computing
Platform: x86_64-w64-mingw32/x64 (64-bit)
R is free software and comes with ABSOLUTELY NO WARRANTY.
You are welcome to redistribute it under certain conditions.
Type 'license()' or 'licence()' for distribution details.
R is a collaborative project with many contributors.
Type 'contributors()' for more information and
'citation()' on how to cite R or R packages in publications.
Type 'demo()' for some demos, 'help()' for on-line help, or
'help.start()' for an HTML browser interface to help.
Type 'q()' to quit R.
> require("VariantAnnotation") || stop("unable to load VariantAnnotation package")
Loading required package: VariantAnnotation
Loading required package: BiocGenerics
Loading required package: parallel
Attaching package: 'BiocGenerics'
The following objects are masked from 'package:parallel':
clusterApply, clusterApplyLB, clusterCall, clusterEvalQ,
clusterExport, clusterMap, parApply, parCapply, parLapply,
parLapplyLB, parRapply, parSapply, parSapplyLB
The following objects are masked from 'package:stats':
IQR, mad, sd, var, xtabs
The following objects are masked from 'package:base':
Filter, Find, Map, Position, Reduce, anyDuplicated, append,
as.data.frame, basename, cbind, colnames, dirname, do.call,
duplicated, eval, evalq, get, grep, grepl, intersect, is.unsorted,
lapply, mapply, match, mget, order, paste, pmax, pmax.int, pmin,
pmin.int, rank, rbind, rownames, sapply, setdiff, sort, table,
tapply, union, unique, unsplit, which, which.max, which.min
Loading required package: GenomeInfoDb
Loading required package: S4Vectors
Loading required package: stats4
Attaching package: 'S4Vectors'
The following object is masked from 'package:base':
expand.grid
Loading required package: IRanges
Attaching package: 'IRanges'
The following object is masked from 'package:grDevices':
windows
Loading required package: GenomicRanges
Loading required package: SummarizedExperiment
Loading required package: Biobase
Welcome to Bioconductor
Vignettes contain introductory material; view with
'browseVignettes()'. To cite Bioconductor, see
'citation("Biobase")', and for packages 'citation("pkgname")'.
Loading required package: DelayedArray
Loading required package: matrixStats
Attaching package: 'matrixStats'
The following objects are masked from 'package:Biobase':
anyMissing, rowMedians
Attaching package: 'DelayedArray'
The following objects are masked from 'package:matrixStats':
colMaxs, colMins, colRanges, rowMaxs, rowMins, rowRanges
The following objects are masked from 'package:base':
aperm, apply, rowsum
Loading required package: Rsamtools
Loading required package: Biostrings
Loading required package: XVector
Attaching package: 'Biostrings'
The following object is masked from 'package:base':
strsplit
Attaching package: 'VariantAnnotation'
The following object is masked from 'package:base':
tabulate
[1] TRUE
> VariantAnnotation:::.test()
Loading required package: RSQLite
starting prefilter
prefiltering 10376 records
prefiltered to C:\Users\biocbuild\bbs-3.11-bioc\tmpdir\RtmponqhkZ\file373c305f5dd
compressing and indexing 'C:\Users\biocbuild\bbs-3.11-bioc\tmpdir\RtmponqhkZ\file373c305f5dd'
starting filter
filtering 10376 records
completed filtering
compressing and indexing 'C:\Users\biocbuild\bbs-3.11-bioc\tmpdir\RtmponqhkZ\file373c64160de'
Loading required package: survival
Loading required package: Matrix
Attaching package: 'Matrix'
The following object is masked from 'package:VariantAnnotation':
expand
The following object is masked from 'package:S4Vectors':
expand
[W::bcf_hdr_check_sanity] GL should be declared as Number=G
non-single nucleotide variations are set to NA
non-single nucleotide variations are set to NA
non-single nucleotide variations are set to NA
non-single nucleotide variations are set to NA
non-single nucleotide variations are set to NA
non-single nucleotide variations are set to NA
Loading required package: GenomicFeatures
Loading required package: AnnotationDbi
'select()' returned 1:1 mapping between keys and columns
Loading required package: BSgenome
Loading required package: rtracklayer
'select()' returned many:1 mapping between keys and columns
RUNIT TEST PROTOCOL -- Sat Oct 17 09:29:02 2020
***********************************************
Number of test functions: 99
Number of errors: 0
Number of failures: 0
1 Test Suite :
VariantAnnotation RUnit Tests - 99 test functions, 0 errors, 0 failures
Number of test functions: 99
Number of errors: 0
Number of failures: 0
[W::bcf_hdr_check_sanity] PL should be declared as Number=G
Warning messages:
1: info fields with no header: noMatch
2: In .bcfHeaderAsSimpleList(header) :
duplicate keys in header will be forced to unique rownames
3: In DataFrame(..., check.names = FALSE) : NAs introduced by coercion
4: In valid.GenomicRanges.seqinfo(x, suggest.trim = TRUE) :
GRanges object contains 7 out-of-bound ranges located on sequence
70477. Note that ranges located on a sequence whose length is unknown
(NA) or on a circular sequence are not considered out-of-bound (use
seqlengths() and isCircular() to get the lengths and circularity flags
of the underlying sequences). You can use trim() to trim these ranges.
See ?`trim,GenomicRanges-method` for more information.
5: In valid.GenomicRanges.seqinfo(x, suggest.trim = TRUE) :
GRanges object contains 6 out-of-bound ranges located on sequence
70477. Note that ranges located on a sequence whose length is unknown
(NA) or on a circular sequence are not considered out-of-bound (use
seqlengths() and isCircular() to get the lengths and circularity flags
of the underlying sequences). You can use trim() to trim these ranges.
See ?`trim,GenomicRanges-method` for more information.
>
> proc.time()
user system elapsed
97.21 2.32 104.57
|
|
VariantAnnotation.Rcheck/examples_i386/VariantAnnotation-Ex.timings
|
VariantAnnotation.Rcheck/examples_x64/VariantAnnotation-Ex.timings
|