| Back to Multiple platform build/check report for BioC 3.11 |
|
This page was generated on 2020-10-17 11:55:54 -0400 (Sat, 17 Oct 2020).
| TO THE DEVELOPERS/MAINTAINERS OF THE TCGAbiolinks PACKAGE: Please make sure to use the following settings in order to reproduce any error or warning you see on this page. |
| Package 1784/1905 | Hostname | OS / Arch | INSTALL | BUILD | CHECK | BUILD BIN | ||||||
| TCGAbiolinks 2.16.4 Tiago Chedraoui Silva
| malbec2 | Linux (Ubuntu 18.04.4 LTS) / x86_64 | OK | OK | [ WARNINGS ] | |||||||
| tokay2 | Windows Server 2012 R2 Standard / x64 | OK | OK | WARNINGS | NA | |||||||
| machv2 | macOS 10.14.6 Mojave / x86_64 | OK | OK | WARNINGS | OK |
| Package: TCGAbiolinks |
| Version: 2.16.4 |
| Command: /home/biocbuild/bbs-3.11-bioc/R/bin/R CMD check --install=check:TCGAbiolinks.install-out.txt --library=/home/biocbuild/bbs-3.11-bioc/R/library --no-vignettes --timings TCGAbiolinks_2.16.4.tar.gz |
| StartedAt: 2020-10-17 05:59:45 -0400 (Sat, 17 Oct 2020) |
| EndedAt: 2020-10-17 06:09:46 -0400 (Sat, 17 Oct 2020) |
| EllapsedTime: 600.5 seconds |
| RetCode: 0 |
| Status: WARNINGS |
| CheckDir: TCGAbiolinks.Rcheck |
| Warnings: 1 |
##############################################################################
##############################################################################
###
### Running command:
###
### /home/biocbuild/bbs-3.11-bioc/R/bin/R CMD check --install=check:TCGAbiolinks.install-out.txt --library=/home/biocbuild/bbs-3.11-bioc/R/library --no-vignettes --timings TCGAbiolinks_2.16.4.tar.gz
###
##############################################################################
##############################################################################
* using log directory ‘/home/biocbuild/bbs-3.11-bioc/meat/TCGAbiolinks.Rcheck’
* using R version 4.0.3 (2020-10-10)
* using platform: x86_64-pc-linux-gnu (64-bit)
* using session charset: UTF-8
* using option ‘--no-vignettes’
* checking for file ‘TCGAbiolinks/DESCRIPTION’ ... OK
* checking extension type ... Package
* this is package ‘TCGAbiolinks’ version ‘2.16.4’
* checking package namespace information ... OK
* checking package dependencies ... OK
* checking if this is a source package ... OK
* checking if there is a namespace ... OK
* checking for hidden files and directories ... OK
* checking for portable file names ... OK
* checking for sufficient/correct file permissions ... OK
* checking whether package ‘TCGAbiolinks’ can be installed ... OK
* checking installed package size ... NOTE
installed size is 5.5Mb
sub-directories of 1Mb or more:
R 1.6Mb
data 3.6Mb
* checking package directory ... OK
* checking ‘build’ directory ... OK
* checking DESCRIPTION meta-information ... OK
* checking top-level files ... OK
* checking for left-over files ... OK
* checking index information ... OK
* checking package subdirectories ... OK
* checking R files for non-ASCII characters ... OK
* checking R files for syntax errors ... OK
* checking whether the package can be loaded ... OK
* checking whether the package can be loaded with stated dependencies ... OK
* checking whether the package can be unloaded cleanly ... OK
* checking whether the namespace can be loaded with stated dependencies ... OK
* checking whether the namespace can be unloaded cleanly ... OK
* checking dependencies in R code ... WARNING
'::' or ':::' import not declared from: ‘sesameData’
* checking S3 generic/method consistency ... OK
* checking replacement functions ... OK
* checking foreign function calls ... OK
* checking R code for possible problems ... NOTE
GDCquery: no visible global function definition for ‘contains’
GDCquery : <anonymous>: no visible binding for global variable
‘submitter_id’
GDCquery : <anonymous>: no visible binding for global variable
‘is_ffpe’
TCGAanalyze_DEA: no visible binding for global variable ‘barcode’
TCGAanalyze_DEA: no visible binding for global variable ‘clinical’
TCGAquery_recount2: no visible binding for global variable ‘rse_gene’
TCGAtumor_purity: no visible binding for global variable ‘Tumor.purity’
TCGAvisualize_oncoprint: no visible binding for global variable ‘value’
TCGAvisualize_starburst: no visible global function definition for
‘values’
readExonQuantification: no visible binding for global variable ‘exon’
readExonQuantification: no visible binding for global variable
‘coordinates’
readGeneExpressionQuantification : <anonymous>: no visible binding for
'<<-' assignment to ‘assay.list’
readGeneExpressionQuantification: no visible binding for global
variable ‘assay.list’
Undefined global functions or variables:
Tumor.purity assay.list barcode clinical contains coordinates exon
is_ffpe rse_gene submitter_id value values
* checking Rd files ... OK
* checking Rd metadata ... OK
* checking Rd cross-references ... OK
* checking for missing documentation entries ... OK
* checking for code/documentation mismatches ... OK
* checking Rd \usage sections ... OK
* checking Rd contents ... OK
* checking for unstated dependencies in examples ... OK
* checking contents of ‘data’ directory ... OK
* checking data for non-ASCII characters ... OK
* checking data for ASCII and uncompressed saves ... OK
* checking R/sysdata.rda ... OK
* checking files in ‘vignettes’ ... OK
* checking examples ... OK
Examples with CPU (user + system) or elapsed time > 5s
user system elapsed
GDCquery_clinic 18.619 0.264 34.201
TCGAanalyze_LevelTab 18.722 0.036 18.758
TCGAanalyze_DEA 16.786 0.052 16.838
TCGAanalyze_Filtering 10.960 0.032 10.993
TCGAvisualize_PCA 5.573 0.000 5.618
TCGAanalyze_Stemness 5.392 0.016 5.409
TCGAanalyze_Normalization 5.085 0.012 5.097
GDCprepare_clinic 4.311 0.381 46.156
GDCdownload 3.737 0.135 31.940
getDataCategorySummary 2.410 0.008 5.379
matchedMetExp 1.356 0.040 5.802
getResults 1.203 0.028 5.798
GDCquery 1.061 0.056 5.824
getManifest 1.044 0.020 5.602
* checking for unstated dependencies in ‘tests’ ... OK
* checking tests ...
Running ‘testthat.R’
OK
* checking for unstated dependencies in vignettes ... OK
* checking package vignettes in ‘inst/doc’ ... OK
* checking running R code from vignettes ... SKIPPED
* checking re-building of vignette outputs ... SKIPPED
* checking PDF version of manual ... OK
* DONE
Status: 1 WARNING, 2 NOTEs
See
‘/home/biocbuild/bbs-3.11-bioc/meat/TCGAbiolinks.Rcheck/00check.log’
for details.
TCGAbiolinks.Rcheck/00install.out
############################################################################## ############################################################################## ### ### Running command: ### ### /home/biocbuild/bbs-3.11-bioc/R/bin/R CMD INSTALL TCGAbiolinks ### ############################################################################## ############################################################################## * installing to library ‘/home/biocbuild/bbs-3.11-bioc/R/library’ * installing *source* package ‘TCGAbiolinks’ ... ** using staged installation ** R ** data *** moving datasets to lazyload DB ** inst ** byte-compile and prepare package for lazy loading ** help *** installing help indices ** building package indices ** installing vignettes ** testing if installed package can be loaded from temporary location ** testing if installed package can be loaded from final location ** testing if installed package keeps a record of temporary installation path * DONE (TCGAbiolinks)
TCGAbiolinks.Rcheck/tests/testthat.Rout
R version 4.0.3 (2020-10-10) -- "Bunny-Wunnies Freak Out"
Copyright (C) 2020 The R Foundation for Statistical Computing
Platform: x86_64-pc-linux-gnu (64-bit)
R is free software and comes with ABSOLUTELY NO WARRANTY.
You are welcome to redistribute it under certain conditions.
Type 'license()' or 'licence()' for distribution details.
R is a collaborative project with many contributors.
Type 'contributors()' for more information and
'citation()' on how to cite R or R packages in publications.
Type 'demo()' for some demos, 'help()' for on-line help, or
'help.start()' for an HTML browser interface to help.
Type 'q()' to quit R.
> library(testthat)
> library(TCGAbiolinks)
>
> test_check("TCGAbiolinks")
| | 0%
|========================== | 50% ~0 s remaining
|====================================================|100% ~0 s remaining
|====================================================|100% Completed after 0 s
| | 0%
|========================== | 50% ~0 s remaining
|====================================================|100% ~0 s remaining
|====================================================|100% Completed after 0 s
[1] "I need about 1 minute to finish complete Enrichment analysis GO[BP,MF,CC] and Pathways... "
[1] "GO Enrichment Analysis BP completed....done"
[1] "GO Enrichment Analysis MF completed....done"
[1] "GO Enrichment Analysis CC completed....done"
[1] "Pathway Enrichment Analysis completed....done"
══ testthat results ═══════════════════════════════════════════════════════════
[ OK: 45 | SKIPPED: 21 | WARNINGS: 4 | FAILED: 0 ]
>
> proc.time()
user system elapsed
61.861 0.864 70.901
TCGAbiolinks.Rcheck/TCGAbiolinks-Ex.timings
| name | user | system | elapsed | |
| GDCdownload | 3.737 | 0.135 | 31.940 | |
| GDCprepare | 0.000 | 0.000 | 0.001 | |
| GDCprepare_clinic | 4.311 | 0.381 | 46.156 | |
| GDCquery | 1.061 | 0.056 | 5.824 | |
| GDCquery_ATAC_seq | 0.631 | 0.040 | 1.269 | |
| GDCquery_Maf | 0 | 0 | 0 | |
| GDCquery_clinic | 18.619 | 0.264 | 34.201 | |
| PanCancerAtlas_subtypes | 0.026 | 0.000 | 0.027 | |
| TCGAVisualize_volcano | 0.389 | 0.004 | 0.393 | |
| TCGA_MolecularSubtype | 0.633 | 0.004 | 0.637 | |
| TCGAanalyze_DEA | 16.786 | 0.052 | 16.838 | |
| TCGAanalyze_DEA_Affy | 0.001 | 0.000 | 0.000 | |
| TCGAanalyze_DMC | 1.276 | 0.008 | 1.285 | |
| TCGAanalyze_EA | 0.001 | 0.000 | 0.001 | |
| TCGAanalyze_EAcomplete | 4.053 | 0.004 | 4.057 | |
| TCGAanalyze_Filtering | 10.960 | 0.032 | 10.993 | |
| TCGAanalyze_LevelTab | 18.722 | 0.036 | 18.758 | |
| TCGAanalyze_Normalization | 5.085 | 0.012 | 5.097 | |
| TCGAanalyze_Pathview | 0 | 0 | 0 | |
| TCGAanalyze_Stemness | 5.392 | 0.016 | 5.409 | |
| TCGAanalyze_SurvivalKM | 0.09 | 0.00 | 0.09 | |
| TCGAanalyze_survival | 3.115 | 0.016 | 3.131 | |
| TCGAprepare_Affy | 0 | 0 | 0 | |
| TCGAquery_MatchedCoupledSampleTypes | 0.003 | 0.000 | 0.003 | |
| TCGAquery_SampleTypes | 0.002 | 0.000 | 0.002 | |
| TCGAquery_recount2 | 0 | 0 | 0 | |
| TCGAquery_subtype | 0.011 | 0.000 | 0.011 | |
| TCGAtumor_purity | 0.152 | 0.000 | 0.152 | |
| TCGAvisualize_EAbarplot | 3.974 | 0.024 | 3.998 | |
| TCGAvisualize_Heatmap | 1.549 | 0.016 | 1.565 | |
| TCGAvisualize_PCA | 5.573 | 0.000 | 5.618 | |
| TCGAvisualize_meanMethylation | 2.331 | 0.052 | 2.383 | |
| TCGAvisualize_oncoprint | 0.000 | 0.000 | 0.001 | |
| TCGAvisualize_starburst | 0 | 0 | 0 | |
| UseRaw_afterFilter | 0 | 0 | 0 | |
| colDataPrepare | 0.377 | 0.000 | 0.780 | |
| dmc.non.parametric | 0.227 | 0.000 | 0.227 | |
| dmc.non.parametric.se | 0.339 | 0.004 | 0.343 | |
| gaiaCNVplot | 0.045 | 0.004 | 0.049 | |
| getAdjacencyBiogrid | 0.003 | 0.000 | 0.002 | |
| getDataCategorySummary | 2.410 | 0.008 | 5.379 | |
| getGDCInfo | 0.104 | 0.000 | 0.242 | |
| getGDCprojects | 0.126 | 0.000 | 0.243 | |
| getLinkedOmicsData | 0.000 | 0.000 | 0.001 | |
| getMC3MAF | 0 | 0 | 0 | |
| getManifest | 1.044 | 0.020 | 5.602 | |
| getNbCases | 0 | 0 | 0 | |
| getNbFiles | 0.001 | 0.000 | 0.000 | |
| getProjectSummary | 0 | 0 | 0 | |
| getResults | 1.203 | 0.028 | 5.798 | |
| getSampleFilesSummary | 0.474 | 0.020 | 1.420 | |
| getTSS | 0.000 | 0.000 | 0.001 | |
| gliomaClassifier | 0 | 0 | 0 | |
| isServeOK | 0.073 | 0.008 | 0.223 | |
| matchedMetExp | 1.356 | 0.040 | 5.802 | |