| Back to Multiple platform build/check report for BioC 3.11 |
|
This page was generated on 2020-01-16 13:54:23 -0500 (Thu, 16 Jan 2020).
| Package 1677/1818 | Hostname | OS / Arch | INSTALL | BUILD | CHECK | BUILD BIN | ||||||
| SubCellBarCode 1.3.2 Taner Arslan
| malbec2 | Linux (Ubuntu 18.04.3 LTS) / x86_64 | OK | ERROR | skipped | |||||||
| tokay2 | Windows Server 2012 R2 Standard / x64 | OK | ERROR | skipped | skipped | |||||||
| celaya2 | OS X 10.11.6 El Capitan / x86_64 | OK | [ ERROR ] | skipped | skipped |
| Package: SubCellBarCode |
| Version: 1.3.2 |
| Command: /Library/Frameworks/R.framework/Versions/Current/Resources/bin/R CMD build --keep-empty-dirs --no-resave-data SubCellBarCode |
| StartedAt: 2020-01-16 00:43:35 -0500 (Thu, 16 Jan 2020) |
| EndedAt: 2020-01-16 00:49:59 -0500 (Thu, 16 Jan 2020) |
| EllapsedTime: 384.1 seconds |
| RetCode: 1 |
| Status: ERROR |
| PackageFile: None |
| PackageFileSize: NA |
##############################################################################
##############################################################################
###
### Running command:
###
### /Library/Frameworks/R.framework/Versions/Current/Resources/bin/R CMD build --keep-empty-dirs --no-resave-data SubCellBarCode
###
##############################################################################
##############################################################################
* checking for file ‘SubCellBarCode/DESCRIPTION’ ... OK
* preparing ‘SubCellBarCode’:
* checking DESCRIPTION meta-information ... OK
* installing the package to build vignettes
* creating vignettes ... ERROR
--- re-building ‘SubCellBarCode.Rmd’ using rmarkdown
Warning in has_utility("convert", "ImageMagick") :
ImageMagick not installed or not in PATH
Quitting from lines 490-491 (SubCellBarCode.Rmd)
Error: processing vignette 'SubCellBarCode.Rmd' failed with diagnostics:
could not find function "svmExternalData"
--- failed re-building ‘SubCellBarCode.Rmd’
SUMMARY: processing the following file failed:
‘SubCellBarCode.Rmd’
Error: Vignette re-building failed.
Execution halted