| Back to Multiple platform build/check report for BioC 3.11 |
|
This page was generated on 2020-10-17 11:59:30 -0400 (Sat, 17 Oct 2020).
| TO THE DEVELOPERS/MAINTAINERS OF THE SANTA PACKAGE: Please make sure to use the following settings in order to reproduce any error or warning you see on this page. |
| Package 1573/1905 | Hostname | OS / Arch | INSTALL | BUILD | CHECK | BUILD BIN | ||||||
Alex J. Cornish
| malbec2 | Linux (Ubuntu 18.04.4 LTS) / x86_64 | OK | ERROR | skipped | |||||||
| tokay2 | Windows Server 2012 R2 Standard / x64 | OK | ERROR | skipped | skipped | |||||||
| machv2 | macOS 10.14.6 Mojave / x86_64 | OK | [ ERROR ] | skipped | skipped |
| Package: SANTA |
| Version: 2.26.0 |
| Command: /Library/Frameworks/R.framework/Versions/Current/Resources/bin/R CMD build --keep-empty-dirs --no-resave-data SANTA |
| StartedAt: 2020-10-16 21:02:44 -0400 (Fri, 16 Oct 2020) |
| EndedAt: 2020-10-16 21:03:29 -0400 (Fri, 16 Oct 2020) |
| EllapsedTime: 45.1 seconds |
| RetCode: 1 |
| Status: ERROR |
| PackageFile: None |
| PackageFileSize: NA |
############################################################################## ############################################################################## ### ### Running command: ### ### /Library/Frameworks/R.framework/Versions/Current/Resources/bin/R CMD build --keep-empty-dirs --no-resave-data SANTA ### ############################################################################## ############################################################################## * checking for file ‘SANTA/DESCRIPTION’ ... OK * preparing ‘SANTA’: * checking DESCRIPTION meta-information ... OK * cleaning src * installing the package to build vignettes * creating vignettes ... ERROR --- re-building ‘SANTA-vignette.Rmd’ using knitr Quitting from lines 691-696 (SANTA-vignette.Rmd) Error: processing vignette 'SANTA-vignette.Rmd' failed with diagnostics: unprotect_ptr: pointer not found --- failed re-building ‘SANTA-vignette.Rmd’ SUMMARY: processing the following file failed: ‘SANTA-vignette.Rmd’ Error: Vignette re-building failed. Execution halted