| Back to Multiple platform build/check report for BioC 3.11 |
|
This page was generated on 2020-10-17 11:59:22 -0400 (Sat, 17 Oct 2020).
| TO THE DEVELOPERS/MAINTAINERS OF THE RCyjs PACKAGE: Please make sure to use the following settings in order to reproduce any error or warning you see on this page. |
| Package 1440/1905 | Hostname | OS / Arch | INSTALL | BUILD | CHECK | BUILD BIN | ||||||
| RCyjs 2.10.0 Paul Shannon
| malbec2 | Linux (Ubuntu 18.04.4 LTS) / x86_64 | OK | OK | WARNINGS | |||||||
| tokay2 | Windows Server 2012 R2 Standard / x64 | OK | OK | WARNINGS | OK | |||||||
| machv2 | macOS 10.14.6 Mojave / x86_64 | OK | OK | [ WARNINGS ] | OK |
| Package: RCyjs |
| Version: 2.10.0 |
| Command: /Library/Frameworks/R.framework/Versions/Current/Resources/bin/R CMD check --install=check:RCyjs.install-out.txt --library=/Library/Frameworks/R.framework/Versions/Current/Resources/library --no-vignettes --timings RCyjs_2.10.0.tar.gz |
| StartedAt: 2020-10-17 04:25:21 -0400 (Sat, 17 Oct 2020) |
| EndedAt: 2020-10-17 04:26:25 -0400 (Sat, 17 Oct 2020) |
| EllapsedTime: 64.0 seconds |
| RetCode: 0 |
| Status: WARNINGS |
| CheckDir: RCyjs.Rcheck |
| Warnings: 1 |
############################################################################## ############################################################################## ### ### Running command: ### ### /Library/Frameworks/R.framework/Versions/Current/Resources/bin/R CMD check --install=check:RCyjs.install-out.txt --library=/Library/Frameworks/R.framework/Versions/Current/Resources/library --no-vignettes --timings RCyjs_2.10.0.tar.gz ### ############################################################################## ############################################################################## * using log directory ‘/Users/biocbuild/bbs-3.11-bioc/meat/RCyjs.Rcheck’ * using R version 4.0.3 (2020-10-10) * using platform: x86_64-apple-darwin17.0 (64-bit) * using session charset: UTF-8 * using option ‘--no-vignettes’ * checking for file ‘RCyjs/DESCRIPTION’ ... OK * checking extension type ... Package * this is package ‘RCyjs’ version ‘2.10.0’ * checking package namespace information ... OK * checking package dependencies ... OK * checking if this is a source package ... OK * checking if there is a namespace ... OK * checking for hidden files and directories ... OK * checking for portable file names ... OK * checking for sufficient/correct file permissions ... OK * checking whether package ‘RCyjs’ can be installed ... OK * checking installed package size ... OK * checking package directory ... OK * checking ‘build’ directory ... OK * checking DESCRIPTION meta-information ... OK * checking top-level files ... OK * checking for left-over files ... OK * checking index information ... OK * checking package subdirectories ... OK * checking R files for non-ASCII characters ... OK * checking R files for syntax errors ... OK * checking whether the package can be loaded ... OK * checking whether the package can be loaded with stated dependencies ... OK * checking whether the package can be unloaded cleanly ... OK * checking whether the namespace can be loaded with stated dependencies ... OK * checking whether the namespace can be unloaded cleanly ... OK * checking dependencies in R code ... OK * checking S3 generic/method consistency ... OK * checking replacement functions ... OK * checking foreign function calls ... OK * checking R code for possible problems ... OK * checking Rd files ... OK * checking Rd metadata ... OK * checking Rd cross-references ... OK * checking for missing documentation entries ... OK * checking for code/documentation mismatches ... OK * checking Rd \usage sections ... WARNING Undocumented arguments in documentation object 'hideNodes,RCyjs-method' ‘nodeIDs’ Undocumented arguments in documentation object 'readAndStandardizeJSONNetworkFile' ‘filename’ Documented arguments not in \usage in documentation object 'readAndStandardizeJSONNetworkFile': ‘file’ Undocumented arguments in documentation object 'readAndStandardizeJSONStyleFile' ‘filename’ Documented arguments not in \usage in documentation object 'readAndStandardizeJSONStyleFile': ‘file’ Undocumented arguments in documentation object 'showNodes,RCyjs-method' ‘nodeIDs’ Functions with \usage entries need to have the appropriate \alias entries, and all their arguments documented. The \usage entries must correspond to syntactically valid R code. See chapter ‘Writing R documentation files’ in the ‘Writing R Extensions’ manual. * checking Rd contents ... OK * checking for unstated dependencies in examples ... OK * checking include directives in Makefiles ... OK * checking files in ‘vignettes’ ... OK * checking examples ... OK * checking for unstated dependencies in ‘tests’ ... OK * checking tests ... Running ‘runTests.R’ OK * checking for unstated dependencies in vignettes ... OK * checking package vignettes in ‘inst/doc’ ... OK * checking running R code from vignettes ... SKIPPED * checking re-building of vignette outputs ... SKIPPED * checking PDF version of manual ... OK * DONE Status: 1 WARNING See ‘/Users/biocbuild/bbs-3.11-bioc/meat/RCyjs.Rcheck/00check.log’ for details.
RCyjs.Rcheck/00install.out
############################################################################## ############################################################################## ### ### Running command: ### ### /Library/Frameworks/R.framework/Versions/Current/Resources/bin/R CMD INSTALL RCyjs ### ############################################################################## ############################################################################## * installing to library ‘/Library/Frameworks/R.framework/Versions/4.0/Resources/library’ * installing *source* package ‘RCyjs’ ... ** using staged installation ** R ** inst ** byte-compile and prepare package for lazy loading Creating a new generic function for ‘layout’ in package ‘RCyjs’ ** help *** installing help indices ** building package indices ** installing vignettes ** testing if installed package can be loaded from temporary location ** testing if installed package can be loaded from final location ** testing if installed package keeps a record of temporary installation path * DONE (RCyjs)
RCyjs.Rcheck/tests/runTests.Rout
R version 4.0.3 (2020-10-10) -- "Bunny-Wunnies Freak Out"
Copyright (C) 2020 The R Foundation for Statistical Computing
Platform: x86_64-apple-darwin17.0 (64-bit)
R is free software and comes with ABSOLUTELY NO WARRANTY.
You are welcome to redistribute it under certain conditions.
Type 'license()' or 'licence()' for distribution details.
R is a collaborative project with many contributors.
Type 'contributors()' for more information and
'citation()' on how to cite R or R packages in publications.
Type 'demo()' for some demos, 'help()' for on-line help, or
'help.start()' for an HTML browser interface to help.
Type 'q()' to quit R.
> # disabled: the bioc build system no longer supports browser use.
> # BiocGenerics:::testPackage("RCyjs")
>
> proc.time()
user system elapsed
0.286 0.067 0.330
RCyjs.Rcheck/RCyjs-Ex.timings
| name | user | system | elapsed | |
| RCyjs-class | 0.001 | 0.000 | 0.002 | |
| addGraph | 0.000 | 0.000 | 0.001 | |
| addGraphFromFile | 0.000 | 0.000 | 0.001 | |
| clearSelection | 0.001 | 0.000 | 0.001 | |
| createTestGaph | 0.011 | 0.000 | 0.012 | |
| deleteGraph | 0.001 | 0.000 | 0.001 | |
| deleteSelectedNodes | 0.000 | 0.000 | 0.001 | |
| eda | 0.001 | 0.001 | 0.001 | |
| edaNames | 0.000 | 0.000 | 0.001 | |
| fit | 0.000 | 0.000 | 0.001 | |
| fitSelection | 0.001 | 0.000 | 0.000 | |
| getEdgeCount | 0.000 | 0.001 | 0.001 | |
| getJSON | 0.001 | 0.000 | 0.000 | |
| getLayoutStrategies | 0.001 | 0.000 | 0.000 | |
| getNodeCount | 0.000 | 0.001 | 0.000 | |
| getNodes | 0.001 | 0.000 | 0.000 | |
| getPosition | 0.000 | 0.000 | 0.001 | |
| getSelectedNodes | 0.001 | 0.000 | 0.001 | |
| getSupportedEdgeDecoratorShapes | 0.001 | 0.001 | 0.001 | |
| getSupportedNodeShapes | 0.000 | 0.001 | 0.000 | |
| getZoom | 0.001 | 0.001 | 0.001 | |
| graphNELtoJSON.string | 0.000 | 0.000 | 0.001 | |
| hAlign | 0.001 | 0.000 | 0.001 | |
| hideAllEdges | 0.000 | 0.000 | 0.001 | |
| hideEdges | 0.001 | 0.001 | 0.001 | |
| hideNodes | 0.001 | 0.001 | 0.001 | |
| hideSelectedNodes | 0.001 | 0.000 | 0.001 | |
| invertNodeSelection | 0.001 | 0.000 | 0.001 | |
| layout | 0.001 | 0.001 | 0.002 | |
| layoutSelectionInGrid | 0.001 | 0.000 | 0.001 | |
| layoutSelectionInGridInferAnchorm | 0.001 | 0.000 | 0.001 | |
| loadStyleFile | 0 | 0 | 0 | |
| noa | 0 | 0 | 0 | |
| noaNames | 0 | 0 | 0 | |
| redraw | 0.001 | 0.001 | 0.001 | |
| restoreLayout | 0.001 | 0.000 | 0.000 | |
| saveJPG | 0.001 | 0.001 | 0.001 | |
| saveLayout | 0.001 | 0.000 | 0.001 | |
| savePNG | 0.002 | 0.000 | 0.002 | |
| selectFirstNeighborsOfSelectedNodes | 0.000 | 0.000 | 0.001 | |
| selectNodes | 0 | 0 | 0 | |
| setBackgroundColor | 0.000 | 0.000 | 0.001 | |
| setDefaultEdgeColor | 0 | 0 | 0 | |
| setDefaultEdgeLineColor | 0 | 0 | 0 | |
| setDefaultEdgeLineStyle | 0.000 | 0.000 | 0.001 | |
| setDefaultEdgeSourceArrowColor | 0 | 0 | 0 | |
| setDefaultEdgeSourceArrowShape | 0.000 | 0.000 | 0.001 | |
| setDefaultEdgeTargetArrowColor | 0.001 | 0.000 | 0.000 | |
| setDefaultEdgeTargetArrowShape | 0.001 | 0.000 | 0.001 | |
| setDefaultEdgeWidth | 0.001 | 0.000 | 0.000 | |
| setDefaultNodeBorderColor | 0.000 | 0.001 | 0.001 | |
| setDefaultNodeBorderWidth | 0.001 | 0.000 | 0.001 | |
| setDefaultNodeColor | 0 | 0 | 0 | |
| setDefaultNodeFontColor | 0.001 | 0.000 | 0.001 | |
| setDefaultNodeFontSize | 0.001 | 0.000 | 0.000 | |
| setDefaultNodeHeight | 0.001 | 0.000 | 0.001 | |
| setDefaultNodeShape | 0.001 | 0.000 | 0.001 | |
| setDefaultNodeSize | 0.001 | 0.000 | 0.001 | |
| setDefaultNodeWidth | 0.000 | 0.001 | 0.000 | |
| setDefaultStyle | 0.001 | 0.000 | 0.001 | |
| setEdgeStyle | 0.001 | 0.000 | 0.002 | |
| setGraph | 0.000 | 0.000 | 0.001 | |
| setNodeAttributes | 0.001 | 0.000 | 0.001 | |
| setNodeBorderColor | 0.000 | 0.001 | 0.001 | |
| setNodeBorderWidth | 0.001 | 0.000 | 0.001 | |
| setNodeColor | 0.000 | 0.000 | 0.001 | |
| setNodeColorRule | 0.001 | 0.000 | 0.001 | |
| setNodeFontColor | 0.000 | 0.000 | 0.001 | |
| setNodeFontSize | 0.001 | 0.000 | 0.001 | |
| setNodeHeight | 0.001 | 0.001 | 0.001 | |
| setNodeLabelRule | 0.000 | 0.001 | 0.001 | |
| setNodeShape | 0.001 | 0.000 | 0.001 | |
| setNodeSize | 0.001 | 0.000 | 0.001 | |
| setNodeSizeRule | 0.001 | 0.001 | 0.002 | |
| setNodeWidth | 0.000 | 0.001 | 0.001 | |
| setPosition | 0.001 | 0.001 | 0.001 | |
| setZoom | 0.001 | 0.000 | 0.001 | |
| sfn | 0.001 | 0.000 | 0.001 | |
| showAll | 0.000 | 0.000 | 0.001 | |
| showEdges | 0.000 | 0.001 | 0.000 | |
| showNodes | 0.000 | 0.000 | 0.001 | |
| simpleDemoGraph | 0.097 | 0.000 | 0.098 | |
| vAlign | 0.001 | 0.000 | 0.002 | |