| Back to Multiple platform build/check report for BioC 3.11 |
|
This page was generated on 2020-10-17 11:55:28 -0400 (Sat, 17 Oct 2020).
| TO THE DEVELOPERS/MAINTAINERS OF THE QUALIFIER PACKAGE: Please make sure to use the following settings in order to reproduce any error or warning you see on this page. |
| Package 1397/1905 | Hostname | OS / Arch | INSTALL | BUILD | CHECK | BUILD BIN | ||||||
Mike Jiang
| malbec2 | Linux (Ubuntu 18.04.4 LTS) / x86_64 | OK | [ ERROR ] | skipped | |||||||
| tokay2 | Windows Server 2012 R2 Standard / x64 | OK | ERROR | skipped | skipped | |||||||
| machv2 | macOS 10.14.6 Mojave / x86_64 | OK | ERROR | skipped | skipped |
| Package: QUALIFIER |
| Version: 1.32.0 |
| Command: /home/biocbuild/bbs-3.11-bioc/R/bin/R CMD build --keep-empty-dirs --no-resave-data QUALIFIER |
| StartedAt: 2020-10-16 21:11:00 -0400 (Fri, 16 Oct 2020) |
| EndedAt: 2020-10-16 21:11:22 -0400 (Fri, 16 Oct 2020) |
| EllapsedTime: 21.7 seconds |
| RetCode: 1 |
| Status: ERROR |
| PackageFile: None |
| PackageFileSize: NA |
##############################################################################
##############################################################################
###
### Running command:
###
### /home/biocbuild/bbs-3.11-bioc/R/bin/R CMD build --keep-empty-dirs --no-resave-data QUALIFIER
###
##############################################################################
##############################################################################
* checking for file ‘QUALIFIER/DESCRIPTION’ ... OK
* preparing ‘QUALIFIER’:
* checking DESCRIPTION meta-information ... OK
* installing the package to build vignettes
* creating vignettes ... ERROR
--- re-building ‘QUALIFIER.Rmd’ using rmarkdown
Loading required package: flowCore
Loading required package: flowViz
Loading required package: lattice
Loading required package: ncdfFlow
Loading required package: RcppArmadillo
Loading required package: BH
Loading required package: flowWorkspace
As part of improvements to flowWorkspace, some behavior of
GatingSet objects has changed. For details, please read the section
titled "The cytoframe and cytoset classes" in the package vignette:
vignette("flowWorkspace-Introduction", "flowWorkspace")
Loading required package: data.table
Loading required package: reshape
Attaching package: 'reshape'
The following object is masked from 'package:data.table':
melt
Quitting from lines 125-130 (QUALIFIER.Rmd)
Error: processing vignette 'QUALIFIER.Rmd' failed with diagnostics:
error in evaluating the argument 'object' in selecting a method for function 'pData': external pointer is not valid
--- failed re-building ‘QUALIFIER.Rmd’
SUMMARY: processing the following file failed:
‘QUALIFIER.Rmd’
Error: Vignette re-building failed.
Execution halted