| Back to Multiple platform build/check report for BioC 3.11 |
|
This page was generated on 2020-10-17 11:59:12 -0400 (Sat, 17 Oct 2020).
| TO THE DEVELOPERS/MAINTAINERS OF THE Pigengene PACKAGE: Please make sure to use the following settings in order to reproduce any error or warning you see on this page. |
| Package 1314/1905 | Hostname | OS / Arch | INSTALL | BUILD | CHECK | BUILD BIN | ||||||
| Pigengene 1.14.0 Habil Zare
| malbec2 | Linux (Ubuntu 18.04.4 LTS) / x86_64 | OK | ERROR | skipped | |||||||
| tokay2 | Windows Server 2012 R2 Standard / x64 | OK | ERROR | skipped | skipped | |||||||
| machv2 | macOS 10.14.6 Mojave / x86_64 | OK | [ ERROR ] | skipped | skipped |
| Package: Pigengene |
| Version: 1.14.0 |
| Command: /Library/Frameworks/R.framework/Versions/Current/Resources/bin/R CMD build --keep-empty-dirs --no-resave-data Pigengene |
| StartedAt: 2020-10-16 20:30:08 -0400 (Fri, 16 Oct 2020) |
| EndedAt: 2020-10-16 20:32:57 -0400 (Fri, 16 Oct 2020) |
| EllapsedTime: 169.0 seconds |
| RetCode: 1 |
| Status: ERROR |
| PackageFile: None |
| PackageFileSize: NA |
############################################################################## ############################################################################## ### ### Running command: ### ### /Library/Frameworks/R.framework/Versions/Current/Resources/bin/R CMD build --keep-empty-dirs --no-resave-data Pigengene ### ############################################################################## ############################################################################## * checking for file ‘Pigengene/DESCRIPTION’ ... OK * preparing ‘Pigengene’: * checking DESCRIPTION meta-information ... OK * installing the package to build vignettes * creating vignettes ... ERROR --- re-building ‘Pigengene_inference.Rnw’ using knitr Quitting from lines 209-215 (Pigengene_inference.Rnw) Error: processing vignette 'Pigengene_inference.Rnw' failed with diagnostics: the threshold must be a numeric value between 0 and 1. --- failed re-building ‘Pigengene_inference.Rnw’ SUMMARY: processing the following file failed: ‘Pigengene_inference.Rnw’ Error: Vignette re-building failed. Execution halted