| Back to Multiple platform build/check report for BioC 3.11 |
|
This page was generated on 2020-10-17 11:59:05 -0400 (Sat, 17 Oct 2020).
| TO THE DEVELOPERS/MAINTAINERS OF THE NormqPCR PACKAGE: Please make sure to use the following settings in order to reproduce any error or warning you see on this page. |
| Package 1202/1905 | Hostname | OS / Arch | INSTALL | BUILD | CHECK | BUILD BIN | ||||||
| NormqPCR 1.34.0 James Perkins
| malbec2 | Linux (Ubuntu 18.04.4 LTS) / x86_64 | OK | OK | OK | |||||||
| tokay2 | Windows Server 2012 R2 Standard / x64 | OK | OK | WARNINGS | OK | |||||||
| machv2 | macOS 10.14.6 Mojave / x86_64 | OK | OK | [ WARNINGS ] | OK |
| Package: NormqPCR |
| Version: 1.34.0 |
| Command: /Library/Frameworks/R.framework/Versions/Current/Resources/bin/R CMD check --install=check:NormqPCR.install-out.txt --library=/Library/Frameworks/R.framework/Versions/Current/Resources/library --no-vignettes --timings NormqPCR_1.34.0.tar.gz |
| StartedAt: 2020-10-17 03:32:51 -0400 (Sat, 17 Oct 2020) |
| EndedAt: 2020-10-17 03:35:30 -0400 (Sat, 17 Oct 2020) |
| EllapsedTime: 158.5 seconds |
| RetCode: 0 |
| Status: WARNINGS |
| CheckDir: NormqPCR.Rcheck |
| Warnings: 1 |
##############################################################################
##############################################################################
###
### Running command:
###
### /Library/Frameworks/R.framework/Versions/Current/Resources/bin/R CMD check --install=check:NormqPCR.install-out.txt --library=/Library/Frameworks/R.framework/Versions/Current/Resources/library --no-vignettes --timings NormqPCR_1.34.0.tar.gz
###
##############################################################################
##############################################################################
* using log directory ‘/Users/biocbuild/bbs-3.11-bioc/meat/NormqPCR.Rcheck’
* using R version 4.0.3 (2020-10-10)
* using platform: x86_64-apple-darwin17.0 (64-bit)
* using session charset: UTF-8
* using option ‘--no-vignettes’
* checking for file ‘NormqPCR/DESCRIPTION’ ... OK
* this is package ‘NormqPCR’ version ‘1.34.0’
* checking package namespace information ... OK
* checking package dependencies ... OK
* checking if this is a source package ... OK
* checking if there is a namespace ... OK
* checking for hidden files and directories ... OK
* checking for portable file names ... OK
* checking for sufficient/correct file permissions ... OK
* checking whether package ‘NormqPCR’ can be installed ... WARNING
Found the following significant warnings:
Warning: 'rgl.init' failed, running with 'rgl.useNULL = TRUE'.
See ‘/Users/biocbuild/bbs-3.11-bioc/meat/NormqPCR.Rcheck/00install.out’ for details.
* checking installed package size ... OK
* checking package directory ... OK
* checking ‘build’ directory ... OK
* checking DESCRIPTION meta-information ... OK
* checking top-level files ... OK
* checking for left-over files ... OK
* checking index information ... OK
* checking package subdirectories ... OK
* checking R files for non-ASCII characters ... OK
* checking R files for syntax errors ... OK
* checking whether the package can be loaded ... OK
* checking whether the package can be loaded with stated dependencies ... OK
* checking whether the package can be unloaded cleanly ... OK
* checking whether the namespace can be loaded with stated dependencies ... OK
* checking whether the namespace can be unloaded cleanly ... OK
* checking dependencies in R code ... OK
* checking S3 generic/method consistency ... OK
* checking replacement functions ... OK
* checking foreign function calls ... OK
* checking R code for possible problems ... NOTE
CqValues,CyclesSet: no visible binding for global variable ‘l5’
Undefined global functions or variables:
l5
* checking Rd files ... OK
* checking Rd metadata ... OK
* checking Rd cross-references ... OK
* checking for missing documentation entries ... OK
* checking for code/documentation mismatches ... OK
* checking Rd \usage sections ... OK
* checking Rd contents ... OK
* checking for unstated dependencies in examples ... OK
* checking contents of ‘data’ directory ... OK
* checking data for non-ASCII characters ... OK
* checking data for ASCII and uncompressed saves ... OK
* checking sizes of PDF files under ‘inst/doc’ ... OK
* checking installed files from ‘inst/doc’ ... OK
* checking files in ‘vignettes’ ... OK
* checking examples ... OK
Examples with CPU (user + system) or elapsed time > 5s
user system elapsed
CqValues 61.65 0.729 62.482
* checking for unstated dependencies in vignettes ... OK
* checking package vignettes in ‘inst/doc’ ... OK
* checking running R code from vignettes ... SKIPPED
* checking re-building of vignette outputs ... SKIPPED
* checking PDF version of manual ... OK
* DONE
Status: 1 WARNING, 1 NOTE
See
‘/Users/biocbuild/bbs-3.11-bioc/meat/NormqPCR.Rcheck/00check.log’
for details.
NormqPCR.Rcheck/00install.out
############################################################################## ############################################################################## ### ### Running command: ### ### /Library/Frameworks/R.framework/Versions/Current/Resources/bin/R CMD INSTALL NormqPCR ### ############################################################################## ############################################################################## * installing to library ‘/Library/Frameworks/R.framework/Versions/4.0/Resources/library’ * installing *source* package ‘NormqPCR’ ... ** using staged installation ** R ** data *** moving datasets to lazyload DB ** inst ** byte-compile and prepare package for lazy loading Warning messages: 1: In rgl.init(initValue, onlyNULL) : RGL: GLX extension missing on server 2: 'rgl.init' failed, running with 'rgl.useNULL = TRUE'. ** help *** installing help indices ** building package indices ** installing vignettes ‘NormqPCR.Rnw’ ** testing if installed package can be loaded from temporary location Warning: 'rgl.init' failed, running with 'rgl.useNULL = TRUE'. ** testing if installed package can be loaded from final location Warning: 'rgl.init' failed, running with 'rgl.useNULL = TRUE'. ** testing if installed package keeps a record of temporary installation path * DONE (NormqPCR)
NormqPCR.Rcheck/NormqPCR-Ex.timings
| name | user | system | elapsed | |
| Bladder | 0.027 | 0.007 | 0.034 | |
| BladderRepro | 0.009 | 0.005 | 0.014 | |
| Colon | 0.008 | 0.004 | 0.012 | |
| ComputeNRQs | 0.254 | 0.006 | 0.262 | |
| CqValues | 61.650 | 0.729 | 62.482 | |
| NormqPCR-package | 0.001 | 0.001 | 0.001 | |
| combineTechReps | 0.063 | 0.002 | 0.065 | |
| combineTechRepsSD | 0.125 | 0.002 | 0.126 | |
| deltaCt | 0.110 | 0.002 | 0.113 | |
| deltaDeltaCt | 0.150 | 0.003 | 0.153 | |
| geNorm | 0.013 | 0.006 | 0.018 | |
| geomMean | 0.000 | 0.001 | 0.001 | |
| makeAllNAs | 0.135 | 0.003 | 0.138 | |
| makeAllNewVal | 0.153 | 0.003 | 0.156 | |
| replaceAboveCutOff | 0.143 | 0.002 | 0.144 | |
| replaceNAs | 0.121 | 0.002 | 0.122 | |
| selectHKs | 0.035 | 0.004 | 0.039 | |
| stabMeasureM | 0.140 | 0.004 | 0.144 | |
| stabMeasureRho | 0.150 | 0.004 | 0.154 | |