Back to Multiple platform build/check report for BioC 3.11 |
|
This page was generated on 2020-01-16 13:33:45 -0500 (Thu, 16 Jan 2020).
Package 1157/1818 | Hostname | OS / Arch | INSTALL | BUILD | CHECK | BUILD BIN | ||||||
NormqPCR 1.33.0 James Perkins
| malbec2 | Linux (Ubuntu 18.04.3 LTS) / x86_64 | OK | OK | OK | |||||||
tokay2 | Windows Server 2012 R2 Standard / x64 | OK | OK | WARNINGS | OK | |||||||
celaya2 | OS X 10.11.6 El Capitan / x86_64 | OK | OK | [ WARNINGS ] | OK |
Package: NormqPCR |
Version: 1.33.0 |
Command: /Library/Frameworks/R.framework/Versions/Current/Resources/bin/R CMD check --install=check:NormqPCR.install-out.txt --library=/Library/Frameworks/R.framework/Versions/Current/Resources/library --no-vignettes --timings NormqPCR_1.33.0.tar.gz |
StartedAt: 2020-01-16 07:01:01 -0500 (Thu, 16 Jan 2020) |
EndedAt: 2020-01-16 07:04:08 -0500 (Thu, 16 Jan 2020) |
EllapsedTime: 187.1 seconds |
RetCode: 0 |
Status: WARNINGS |
CheckDir: NormqPCR.Rcheck |
Warnings: 1 |
############################################################################## ############################################################################## ### ### Running command: ### ### /Library/Frameworks/R.framework/Versions/Current/Resources/bin/R CMD check --install=check:NormqPCR.install-out.txt --library=/Library/Frameworks/R.framework/Versions/Current/Resources/library --no-vignettes --timings NormqPCR_1.33.0.tar.gz ### ############################################################################## ############################################################################## * using log directory ‘/Users/biocbuild/bbs-3.11-bioc/meat/NormqPCR.Rcheck’ * using R Under development (unstable) (2019-12-14 r77572) * using platform: x86_64-apple-darwin15.6.0 (64-bit) * using session charset: UTF-8 * using option ‘--no-vignettes’ * checking for file ‘NormqPCR/DESCRIPTION’ ... OK * this is package ‘NormqPCR’ version ‘1.33.0’ * checking package namespace information ... OK * checking package dependencies ... OK * checking if this is a source package ... OK * checking if there is a namespace ... OK * checking for hidden files and directories ... OK * checking for portable file names ... OK * checking for sufficient/correct file permissions ... OK * checking whether package ‘NormqPCR’ can be installed ... WARNING Found the following significant warnings: Warning: 'rgl_init' failed, running with rgl.useNULL = TRUE See ‘/Users/biocbuild/bbs-3.11-bioc/meat/NormqPCR.Rcheck/00install.out’ for details. * checking installed package size ... OK * checking package directory ... OK * checking ‘build’ directory ... OK * checking DESCRIPTION meta-information ... OK * checking top-level files ... OK * checking for left-over files ... OK * checking index information ... OK * checking package subdirectories ... OK * checking R files for non-ASCII characters ... OK * checking R files for syntax errors ... OK * checking whether the package can be loaded ... OK * checking whether the package can be loaded with stated dependencies ... OK * checking whether the package can be unloaded cleanly ... OK * checking whether the namespace can be loaded with stated dependencies ... OK * checking whether the namespace can be unloaded cleanly ... OK * checking dependencies in R code ... OK * checking S3 generic/method consistency ... OK * checking replacement functions ... OK * checking foreign function calls ... OK * checking R code for possible problems ... NOTE CqValues,CyclesSet: no visible binding for global variable ‘l5’ Undefined global functions or variables: l5 * checking Rd files ... OK * checking Rd metadata ... OK * checking Rd cross-references ... OK * checking for missing documentation entries ... OK * checking for code/documentation mismatches ... OK * checking Rd \usage sections ... OK * checking Rd contents ... OK * checking for unstated dependencies in examples ... OK * checking contents of ‘data’ directory ... OK * checking data for non-ASCII characters ... OK * checking data for ASCII and uncompressed saves ... OK * checking sizes of PDF files under ‘inst/doc’ ... OK * checking installed files from ‘inst/doc’ ... OK * checking files in ‘vignettes’ ... OK * checking examples ... OK Examples with CPU (user + system) or elapsed time > 5s user system elapsed CqValues 64.71 1.763 66.482 * checking for unstated dependencies in vignettes ... OK * checking package vignettes in ‘inst/doc’ ... OK * checking running R code from vignettes ... SKIPPED * checking re-building of vignette outputs ... SKIPPED * checking PDF version of manual ... OK * DONE Status: 1 WARNING, 1 NOTE See ‘/Users/biocbuild/bbs-3.11-bioc/meat/NormqPCR.Rcheck/00check.log’ for details.
NormqPCR.Rcheck/00install.out
############################################################################## ############################################################################## ### ### Running command: ### ### /Library/Frameworks/R.framework/Versions/Current/Resources/bin/R CMD INSTALL NormqPCR ### ############################################################################## ############################################################################## * installing to library ‘/Library/Frameworks/R.framework/Versions/4.0/Resources/library’ * installing *source* package ‘NormqPCR’ ... ** using staged installation ** R ** data *** moving datasets to lazyload DB ** inst ** byte-compile and prepare package for lazy loading Warning messages: 1: In rgl.init(initValue, onlyNULL) : RGL: GLX extension missing on server 2: 'rgl_init' failed, running with rgl.useNULL = TRUE ** help *** installing help indices ** building package indices ** installing vignettes ‘NormqPCR.Rnw’ ** testing if installed package can be loaded from temporary location Warning in rgl.init(initValue, onlyNULL) : RGL: GLX extension missing on server Warning: 'rgl_init' failed, running with rgl.useNULL = TRUE ** testing if installed package can be loaded from final location Warning in rgl.init(initValue, onlyNULL) : RGL: GLX extension missing on server Warning: 'rgl_init' failed, running with rgl.useNULL = TRUE ** testing if installed package keeps a record of temporary installation path * DONE (NormqPCR)
NormqPCR.Rcheck/NormqPCR-Ex.timings
name | user | system | elapsed | |
Bladder | 0.021 | 0.005 | 0.027 | |
BladderRepro | 0.012 | 0.005 | 0.018 | |
Colon | 0.016 | 0.007 | 0.023 | |
ComputeNRQs | 0.776 | 0.080 | 0.870 | |
CqValues | 64.710 | 1.763 | 66.482 | |
NormqPCR-package | 0 | 0 | 0 | |
combineTechReps | 0.100 | 0.002 | 0.102 | |
combineTechRepsSD | 0.181 | 0.002 | 0.183 | |
deltaCt | 0.819 | 0.003 | 0.823 | |
deltaDeltaCt | 0.919 | 0.003 | 0.922 | |
geNorm | 0.013 | 0.005 | 0.019 | |
geomMean | 0.001 | 0.000 | 0.001 | |
makeAllNAs | 0.739 | 0.003 | 0.742 | |
makeAllNewVal | 0.859 | 0.003 | 0.864 | |
replaceAboveCutOff | 0.829 | 0.004 | 0.834 | |
replaceNAs | 0.804 | 0.002 | 0.806 | |
selectHKs | 0.055 | 0.005 | 0.061 | |
stabMeasureM | 0.200 | 0.006 | 0.206 | |
stabMeasureRho | 0.196 | 0.009 | 0.206 | |