| Back to Multiple platform build/check report for BioC 3.11 |
|
This page was generated on 2020-01-16 13:55:50 -0500 (Thu, 16 Jan 2020).
| Package 1071/1818 | Hostname | OS / Arch | INSTALL | BUILD | CHECK | BUILD BIN | ||||||
| MMUPHin 1.1.0 Siyuan MA
| malbec2 | Linux (Ubuntu 18.04.3 LTS) / x86_64 | OK | OK | OK | |||||||
| tokay2 | Windows Server 2012 R2 Standard / x64 | OK | OK | OK | OK | |||||||
| celaya2 | OS X 10.11.6 El Capitan / x86_64 | OK | [ ERROR ] | skipped | skipped |
| Package: MMUPHin |
| Version: 1.1.0 |
| Command: /Library/Frameworks/R.framework/Versions/Current/Resources/bin/R CMD build --keep-empty-dirs --no-resave-data MMUPHin |
| StartedAt: 2020-01-16 01:04:37 -0500 (Thu, 16 Jan 2020) |
| EndedAt: 2020-01-16 01:06:04 -0500 (Thu, 16 Jan 2020) |
| EllapsedTime: 86.6 seconds |
| RetCode: 1 |
| Status: ERROR |
| PackageFile: None |
| PackageFileSize: NA |
##############################################################################
##############################################################################
###
### Running command:
###
### /Library/Frameworks/R.framework/Versions/Current/Resources/bin/R CMD build --keep-empty-dirs --no-resave-data MMUPHin
###
##############################################################################
##############################################################################
* checking for file ‘MMUPHin/DESCRIPTION’ ... OK
* preparing ‘MMUPHin’:
* checking DESCRIPTION meta-information ... OK
* installing the package to build vignettes
* creating vignettes ... ERROR
--- re-building ‘MMUPHin.Rmd’ using rmarkdown
Attaching package: 'dplyr'
The following objects are masked from 'package:stats':
filter, lag
The following objects are masked from 'package:base':
intersect, setdiff, setequal, union
Warning in has_utility("convert", "ImageMagick") :
ImageMagick not installed or not in PATH
Quitting from lines 369-381 (MMUPHin.Rmd)
Error: processing vignette 'MMUPHin.Rmd' failed with diagnostics:
At optimal_modularity.c:85 : GLPK is not available, Unimplemented function call
--- failed re-building ‘MMUPHin.Rmd’
SUMMARY: processing the following file failed:
‘MMUPHin.Rmd’
Error: Vignette re-building failed.
Execution halted