| Back to Multiple platform build/check report for BioC 3.11 |
|
This page was generated on 2020-01-16 13:50:46 -0500 (Thu, 16 Jan 2020).
| Package 834/1818 | Hostname | OS / Arch | INSTALL | BUILD | CHECK | BUILD BIN | ||||||
| IMMAN 1.7.0 Minoo Ashtiani
| malbec2 | Linux (Ubuntu 18.04.3 LTS) / x86_64 | OK | ERROR | skipped | |||||||
| tokay2 | Windows Server 2012 R2 Standard / x64 | OK | ERROR | skipped | skipped | |||||||
| celaya2 | OS X 10.11.6 El Capitan / x86_64 | OK | [ ERROR ] | skipped | skipped |
| Package: IMMAN |
| Version: 1.7.0 |
| Command: /Library/Frameworks/R.framework/Versions/Current/Resources/bin/R CMD build --keep-empty-dirs --no-resave-data IMMAN |
| StartedAt: 2020-01-15 23:54:36 -0500 (Wed, 15 Jan 2020) |
| EndedAt: 2020-01-15 23:56:50 -0500 (Wed, 15 Jan 2020) |
| EllapsedTime: 134.1 seconds |
| RetCode: 1 |
| Status: ERROR |
| PackageFile: None |
| PackageFileSize: NA |
############################################################################## ############################################################################## ### ### Running command: ### ### /Library/Frameworks/R.framework/Versions/Current/Resources/bin/R CMD build --keep-empty-dirs --no-resave-data IMMAN ### ############################################################################## ############################################################################## * checking for file ‘IMMAN/DESCRIPTION’ ... OK * preparing ‘IMMAN’: * checking DESCRIPTION meta-information ... OK * installing the package to build vignettes * creating vignettes ... ERROR --- re-building ‘IMMAN.Rmd’ using rmarkdown Quitting from lines 77-85 (IMMAN.Rmd) Error: processing vignette 'IMMAN.Rmd' failed with diagnostics: --- failed re-building ‘IMMAN.Rmd’ SUMMARY: processing the following file failed: ‘IMMAN.Rmd’ Error: Vignette re-building failed. Execution halted