| Back to Multiple platform build/check report for BioC 3.11 |
|
This page was generated on 2020-10-17 11:58:32 -0400 (Sat, 17 Oct 2020).
| TO THE DEVELOPERS/MAINTAINERS OF THE GeneExpressionSignature PACKAGE: Please make sure to use the following settings in order to reproduce any error or warning you see on this page. |
| Package 678/1905 | Hostname | OS / Arch | INSTALL | BUILD | CHECK | BUILD BIN | ||||||
| GeneExpressionSignature 1.34.0 Yang Cao
| malbec2 | Linux (Ubuntu 18.04.4 LTS) / x86_64 | OK | OK | WARNINGS | |||||||
| tokay2 | Windows Server 2012 R2 Standard / x64 | OK | OK | WARNINGS | OK | |||||||
| machv2 | macOS 10.14.6 Mojave / x86_64 | OK | OK | [ WARNINGS ] | OK |
| Package: GeneExpressionSignature |
| Version: 1.34.0 |
| Command: /Library/Frameworks/R.framework/Versions/Current/Resources/bin/R CMD check --install=check:GeneExpressionSignature.install-out.txt --library=/Library/Frameworks/R.framework/Versions/Current/Resources/library --no-vignettes --timings GeneExpressionSignature_1.34.0.tar.gz |
| StartedAt: 2020-10-17 01:24:45 -0400 (Sat, 17 Oct 2020) |
| EndedAt: 2020-10-17 01:26:42 -0400 (Sat, 17 Oct 2020) |
| EllapsedTime: 116.2 seconds |
| RetCode: 0 |
| Status: WARNINGS |
| CheckDir: GeneExpressionSignature.Rcheck |
| Warnings: 1 |
##############################################################################
##############################################################################
###
### Running command:
###
### /Library/Frameworks/R.framework/Versions/Current/Resources/bin/R CMD check --install=check:GeneExpressionSignature.install-out.txt --library=/Library/Frameworks/R.framework/Versions/Current/Resources/library --no-vignettes --timings GeneExpressionSignature_1.34.0.tar.gz
###
##############################################################################
##############################################################################
* using log directory ‘/Users/biocbuild/bbs-3.11-bioc/meat/GeneExpressionSignature.Rcheck’
* using R version 4.0.3 (2020-10-10)
* using platform: x86_64-apple-darwin17.0 (64-bit)
* using session charset: UTF-8
* using option ‘--no-vignettes’
* checking for file ‘GeneExpressionSignature/DESCRIPTION’ ... OK
* this is package ‘GeneExpressionSignature’ version ‘1.34.0’
* checking package namespace information ... OK
* checking package dependencies ... OK
* checking if this is a source package ... OK
* checking if there is a namespace ... OK
* checking for hidden files and directories ... OK
* checking for portable file names ... OK
* checking for sufficient/correct file permissions ... OK
* checking whether package ‘GeneExpressionSignature’ can be installed ... WARNING
Found the following significant warnings:
Warning: Package 'KEGG.db' is deprecated and will be removed from Bioconductor
See ‘/Users/biocbuild/bbs-3.11-bioc/meat/GeneExpressionSignature.Rcheck/00install.out’ for details.
* checking installed package size ... OK
* checking package directory ... OK
* checking ‘build’ directory ... OK
* checking DESCRIPTION meta-information ... OK
* checking top-level files ... OK
* checking for left-over files ... OK
* checking index information ... OK
* checking package subdirectories ... OK
* checking R files for non-ASCII characters ... OK
* checking R files for syntax errors ... OK
* checking whether the package can be loaded ... OK
* checking whether the package can be loaded with stated dependencies ... OK
* checking whether the package can be unloaded cleanly ... OK
* checking whether the namespace can be loaded with stated dependencies ... OK
* checking whether the namespace can be unloaded cleanly ... OK
* checking dependencies in R code ... NOTE
Packages in Depends field not imported from:
‘Biobase’ ‘PGSEA’
These packages need to be imported from (in the NAMESPACE file)
for when this namespace is loaded but not attached.
* checking S3 generic/method consistency ... OK
* checking replacement functions ... OK
* checking foreign function calls ... OK
* checking R code for possible problems ... NOTE
RankMerging: no visible global function definition for ‘exprs’
RankMerging: no visible global function definition for ‘as’
RankMerging: no visible global function definition for ‘phenoData’
RankMerging: no visible global function definition for ‘new’
ScoreGSEA : PRL.Distance: no visible global function definition for
‘exprs’
ScoreGSEA: no visible global function definition for ‘exprs’
ScorePGSEA: no visible global function definition for ‘exprs’
ScorePGSEA: no visible global function definition for ‘new’
ScorePGSEA: no visible global function definition for ‘PGSEA’
ScorePGSEA: no visible global function definition for ‘pnorm’
getRLs : Check.Log: no visible global function definition for ‘median’
integratePRL: no visible global function definition for ‘phenoData’
integratePRL: no visible global function definition for ‘exprs’
integratePRL: no visible global function definition for ‘new’
integratePRL: no visible global function definition for ‘as’
Undefined global functions or variables:
PGSEA as exprs median new phenoData pnorm
Consider adding
importFrom("methods", "as", "new")
importFrom("stats", "median", "pnorm")
to your NAMESPACE file (and ensure that your DESCRIPTION Imports field
contains 'methods').
* checking Rd files ... OK
* checking Rd metadata ... OK
* checking Rd cross-references ... OK
* checking for missing documentation entries ... OK
* checking for code/documentation mismatches ... OK
* checking Rd \usage sections ... OK
* checking Rd contents ... OK
* checking for unstated dependencies in examples ... OK
* checking contents of ‘data’ directory ... OK
* checking data for non-ASCII characters ... OK
* checking data for ASCII and uncompressed saves ... OK
* checking sizes of PDF files under ‘inst/doc’ ... OK
* checking files in ‘vignettes’ ... OK
* checking examples ... OK
* checking for unstated dependencies in vignettes ... OK
* checking package vignettes in ‘inst/doc’ ... OK
* checking running R code from vignettes ... SKIPPED
* checking re-building of vignette outputs ... SKIPPED
* checking PDF version of manual ... OK
* DONE
Status: 1 WARNING, 2 NOTEs
See
‘/Users/biocbuild/bbs-3.11-bioc/meat/GeneExpressionSignature.Rcheck/00check.log’
for details.
GeneExpressionSignature.Rcheck/00install.out
############################################################################## ############################################################################## ### ### Running command: ### ### /Library/Frameworks/R.framework/Versions/Current/Resources/bin/R CMD INSTALL GeneExpressionSignature ### ############################################################################## ############################################################################## * installing to library ‘/Library/Frameworks/R.framework/Versions/4.0/Resources/library’ * installing *source* package ‘GeneExpressionSignature’ ... ** using staged installation ** R ** data ** inst ** byte-compile and prepare package for lazy loading Warning message: Package 'KEGG.db' is deprecated and will be removed from Bioconductor version 3.12 ** help *** installing help indices ** building package indices ** installing vignettes ** testing if installed package can be loaded from temporary location Warning: Package 'KEGG.db' is deprecated and will be removed from Bioconductor version 3.12 ** testing if installed package can be loaded from final location Warning: Package 'KEGG.db' is deprecated and will be removed from Bioconductor version 3.12 ** testing if installed package keeps a record of temporary installation path * DONE (GeneExpressionSignature)
GeneExpressionSignature.Rcheck/GeneExpressionSignature-Ex.timings
| name | user | system | elapsed | |
| RankMerging | 1.781 | 0.164 | 1.948 | |
| ScoreGSEA | 4.578 | 0.409 | 4.991 | |
| ScorePGSEA | 3.324 | 0.344 | 3.672 | |
| SignatureDistance | 4.459 | 0.291 | 4.767 | |
| exampleSet | 0.363 | 0.008 | 0.374 | |
| getRLs | 1.233 | 0.104 | 1.348 | |