| Back to Multiple platform build/check report for BioC 3.11 |
|
This page was generated on 2020-10-17 11:56:40 -0400 (Sat, 17 Oct 2020).
| TO THE DEVELOPERS/MAINTAINERS OF THE GenRank PACKAGE: Please make sure to use the following settings in order to reproduce any error or warning you see on this page. |
| Package 719/1905 | Hostname | OS / Arch | INSTALL | BUILD | CHECK | BUILD BIN | ||||||
| GenRank 1.16.0 Chakravarthi Kanduri
| malbec2 | Linux (Ubuntu 18.04.4 LTS) / x86_64 | OK | ERROR | skipped | |||||||
| tokay2 | Windows Server 2012 R2 Standard / x64 | OK | [ ERROR ] | skipped | skipped | |||||||
| machv2 | macOS 10.14.6 Mojave / x86_64 | OK | ERROR | skipped | skipped |
| Package: GenRank |
| Version: 1.16.0 |
| Command: chmod a+r GenRank -R && C:\Users\biocbuild\bbs-3.11-bioc\R\bin\R.exe CMD build --keep-empty-dirs --no-resave-data GenRank |
| StartedAt: 2020-10-16 21:56:27 -0400 (Fri, 16 Oct 2020) |
| EndedAt: 2020-10-16 21:56:41 -0400 (Fri, 16 Oct 2020) |
| EllapsedTime: 14.1 seconds |
| RetCode: 1 |
| Status: ERROR |
| PackageFile: None |
| PackageFileSize: NA |
############################################################################## ############################################################################## ### ### Running command: ### ### chmod a+r GenRank -R && C:\Users\biocbuild\bbs-3.11-bioc\R\bin\R.exe CMD build --keep-empty-dirs --no-resave-data GenRank ### ############################################################################## ############################################################################## * checking for file 'GenRank/DESCRIPTION' ... OK * preparing 'GenRank': * checking DESCRIPTION meta-information ... OK * installing the package to build vignettes * creating vignettes ... ERROR --- re-building 'GenRank_Vignette.Rmd' using rmarkdown Quitting from lines 115-120 (GenRank_Vignette.Rmd) Error: processing vignette 'GenRank_Vignette.Rmd' failed with diagnostics: invalid 'type' (character) of argument --- failed re-building 'GenRank_Vignette.Rmd' SUMMARY: processing the following file failed: 'GenRank_Vignette.Rmd' Error: Vignette re-building failed. Execution halted