| Back to Multiple platform build/check report for BioC 3.11 |
|
This page was generated on 2020-10-17 11:58:24 -0400 (Sat, 17 Oct 2020).
| TO THE DEVELOPERS/MAINTAINERS OF THE DupChecker PACKAGE: Please make sure to use the following settings in order to reproduce any error or warning you see on this page. |
| Package 512/1905 | Hostname | OS / Arch | INSTALL | BUILD | CHECK | BUILD BIN | ||||||
"Quanhu SHENG"
| malbec2 | Linux (Ubuntu 18.04.4 LTS) / x86_64 | OK | ERROR | skipped | |||||||
| tokay2 | Windows Server 2012 R2 Standard / x64 | OK | ERROR | skipped | skipped | |||||||
| machv2 | macOS 10.14.6 Mojave / x86_64 | OK | [ ERROR ] | skipped | skipped |
| Package: DupChecker |
| Version: 1.26.0 |
| Command: /Library/Frameworks/R.framework/Versions/Current/Resources/bin/R CMD build --keep-empty-dirs --no-resave-data DupChecker |
| StartedAt: 2020-10-16 18:46:13 -0400 (Fri, 16 Oct 2020) |
| EndedAt: 2020-10-16 18:46:18 -0400 (Fri, 16 Oct 2020) |
| EllapsedTime: 5.8 seconds |
| RetCode: 1 |
| Status: ERROR |
| PackageFile: None |
| PackageFileSize: NA |
############################################################################## ############################################################################## ### ### Running command: ### ### /Library/Frameworks/R.framework/Versions/Current/Resources/bin/R CMD build --keep-empty-dirs --no-resave-data DupChecker ### ############################################################################## ############################################################################## * checking for file ‘DupChecker/DESCRIPTION’ ... OK * preparing ‘DupChecker’: * checking DESCRIPTION meta-information ... OK * installing the package to build vignettes * creating vignettes ... ERROR --- re-building ‘DupChecker.Rnw’ using knitr Warning: Package 'DupChecker' is deprecated and will be removed from Bioconductor version 3.12 Downloading data to /tmp/DupChecker ... Dataset GSE1478 is downloading to /tmp/DupChecker/GSE1478 ... Quitting from lines 84-100 (DupChecker.Rnw) Error: processing vignette 'DupChecker.Rnw' failed with diagnostics: Server denied you to change to the given directory --- failed re-building ‘DupChecker.Rnw’ SUMMARY: processing the following file failed: ‘DupChecker.Rnw’ Error: Vignette re-building failed. Execution halted