| Back to Multiple platform build/check report for BioC 3.11 |
|
This page was generated on 2020-01-16 13:48:49 -0500 (Thu, 16 Jan 2020).
| Package 480/1818 | Hostname | OS / Arch | INSTALL | BUILD | CHECK | BUILD BIN | ||||||
| Doscheda 1.9.0 Bruno Contrino
| malbec2 | Linux (Ubuntu 18.04.3 LTS) / x86_64 | OK | ERROR | skipped | |||||||
| tokay2 | Windows Server 2012 R2 Standard / x64 | OK | ERROR | skipped | skipped | |||||||
| celaya2 | OS X 10.11.6 El Capitan / x86_64 | OK | [ ERROR ] | skipped | skipped |
| Package: Doscheda |
| Version: 1.9.0 |
| Command: /Library/Frameworks/R.framework/Versions/Current/Resources/bin/R CMD build --keep-empty-dirs --no-resave-data Doscheda |
| StartedAt: 2020-01-15 23:32:34 -0500 (Wed, 15 Jan 2020) |
| EndedAt: 2020-01-15 23:33:36 -0500 (Wed, 15 Jan 2020) |
| EllapsedTime: 61.8 seconds |
| RetCode: 1 |
| Status: ERROR |
| PackageFile: None |
| PackageFileSize: NA |
############################################################################## ############################################################################## ### ### Running command: ### ### /Library/Frameworks/R.framework/Versions/Current/Resources/bin/R CMD build --keep-empty-dirs --no-resave-data Doscheda ### ############################################################################## ############################################################################## * checking for file ‘Doscheda/DESCRIPTION’ ... OK * preparing ‘Doscheda’: * checking DESCRIPTION meta-information ... OK * installing the package to build vignettes * creating vignettes ... ERROR --- re-building ‘Doscheda.Rmd’ using rmarkdown Quitting from lines 148-150 (Doscheda.Rmd) Error: processing vignette 'Doscheda.Rmd' failed with diagnostics: incorrect number of dimensions --- failed re-building ‘Doscheda.Rmd’ SUMMARY: processing the following file failed: ‘Doscheda.Rmd’ Error: Vignette re-building failed. Execution halted