CHECK report for CrispRVariants on machv2
This page was generated on 2020-10-17 11:58:19 -0400 (Sat, 17 Oct 2020).
|  | TO THE DEVELOPERS/MAINTAINERS OF THE CrispRVariants PACKAGE: Please make sure to use the following settings in order to reproduce any error or warning you see on this page. |  | 
 
| CrispRVariants 1.16.0 Helen Lindsay
 
 
| Snapshot Date: 2020-10-16 14:40:19 -0400 (Fri, 16 Oct 2020) |  | URL: https://git.bioconductor.org/packages/CrispRVariants |  | Branch: RELEASE_3_11 |  | Last Commit: 7ed741c |  | Last Changed Date: 2020-04-27 14:53:29 -0400 (Mon, 27 Apr 2020) |  | malbec2 | Linux (Ubuntu 18.04.4 LTS) / x86_64 | OK | OK | WARNINGS |  |  | 
| tokay2 | Windows Server 2012 R2 Standard / x64 | OK | OK | WARNINGS | OK |  | 
| machv2 | macOS 10.14.6 Mojave / x86_64 | OK | OK | [ WARNINGS ] | OK |  | 
Summary
Command output
##############################################################################
##############################################################################
###
### Running command:
###
###   /Library/Frameworks/R.framework/Versions/Current/Resources/bin/R CMD check --install=check:CrispRVariants.install-out.txt --library=/Library/Frameworks/R.framework/Versions/Current/Resources/library --no-vignettes --timings CrispRVariants_1.16.0.tar.gz
###
##############################################################################
##############################################################################
* using log directory ‘/Users/biocbuild/bbs-3.11-bioc/meat/CrispRVariants.Rcheck’
* using R version 4.0.3 (2020-10-10)
* using platform: x86_64-apple-darwin17.0 (64-bit)
* using session charset: UTF-8
* using option ‘--no-vignettes’
* checking for file ‘CrispRVariants/DESCRIPTION’ ... OK
* checking extension type ... Package
* this is package ‘CrispRVariants’ version ‘1.16.0’
* checking package namespace information ... OK
* checking package dependencies ... OK
* checking if this is a source package ... OK
* checking if there is a namespace ... OK
* checking for hidden files and directories ... OK
* checking for portable file names ... OK
* checking for sufficient/correct file permissions ... OK
* checking whether package ‘CrispRVariants’ can be installed ... OK
* checking installed package size ... OK
* checking package directory ... OK
* checking ‘build’ directory ... OK
* checking DESCRIPTION meta-information ... OK
* checking top-level files ... OK
* checking for left-over files ... OK
* checking index information ... OK
* checking package subdirectories ... OK
* checking R files for non-ASCII characters ... OK
* checking R files for syntax errors ... OK
* checking whether the package can be loaded ... OK
* checking whether the package can be loaded with stated dependencies ... OK
* checking whether the package can be unloaded cleanly ... OK
* checking whether the namespace can be loaded with stated dependencies ... OK
* checking whether the namespace can be unloaded cleanly ... OK
* checking dependencies in R code ... WARNING
'::' or ':::' import not declared from: ‘SummarizedExperiment’
There are ::: calls to the package's namespace in its code. A package
  almost never needs to use ::: for its own objects:
  ‘indelLabels’
* checking S3 generic/method consistency ... OK
* checking replacement functions ... OK
* checking foreign function calls ... OK
* checking R code for possible problems ... OK
* checking Rd files ... OK
* checking Rd metadata ... OK
* checking Rd cross-references ... OK
* checking for missing documentation entries ... OK
* checking for code/documentation mismatches ... WARNING
Codoc mismatches from documentation object 'arrangePlots':
arrangePlots
  Code: function(top.plot, left.plot, right.plot, fig.height = NULL,
                 col.wdth.ratio = c(2, 1), row.ht.ratio = c(1, 6),
                 left.plot.margin = grid::unit(c(0.1, 0.2, 3, 0.2),
                 "lines"))
  Docs: function(top.plot, left.plot, right.plot, fig.height = NULL,
                 col.wdth.ratio = c(2, 1), row.ht.ratio = c(1, 6),
                 left.plot.margin = grid::unit(c(0.1, 0, 3, 0.2),
                 "lines"))
  Mismatches in argument default values:
    Name: 'left.plot.margin' Code: grid::unit(c(0.1, 0.2, 3, 0.2), "lines") Docs: grid::unit(c(0.1, 0, 3, 0.2), "lines")
Codoc mismatches from documentation object 'indelLabels':
indelLabels
  Code: function(alns, rc = FALSE, genome.to.pos = NULL, keep.ops =
                 c("I", "D", "N"), regions = NULL, as.string = TRUE,
                 ...)
  Docs: function(alns, rc = FALSE, genome.to.pos = NULL, keep.ops =
                 c("I", "D", "N"), regions = NULL, ...)
  Argument names in code not in docs:
    as.string
  Mismatches in argument names:
    Position: 6 Code: as.string Docs: ...
* checking Rd \usage sections ... OK
* checking Rd contents ... OK
* checking for unstated dependencies in examples ... OK
* checking contents of ‘data’ directory ... OK
* checking data for non-ASCII characters ... OK
* checking data for ASCII and uncompressed saves ... OK
* checking sizes of PDF files under ‘inst/doc’ ... OK
* checking installed files from ‘inst/doc’ ... OK
* checking files in ‘vignettes’ ... OK
* checking examples ... OK
Examples with CPU (user + system) or elapsed time > 5s
                 user system elapsed
plotVariants    9.989  0.279  13.271
CrisprSet-class 7.826  0.083   7.968
mergeCrisprSets 6.962  0.037   7.002
readsToTarget   5.977  0.041   6.023
* checking for unstated dependencies in ‘tests’ ... OK
* checking tests ...
  Running ‘testthat.R’
 OK
* checking for unstated dependencies in vignettes ... OK
* checking package vignettes in ‘inst/doc’ ... OK
* checking running R code from vignettes ... SKIPPED
* checking re-building of vignette outputs ... SKIPPED
* checking PDF version of manual ... OK
* DONE
Status: 2 WARNINGs
See
  ‘/Users/biocbuild/bbs-3.11-bioc/meat/CrispRVariants.Rcheck/00check.log’
for details.
 
Installation output
CrispRVariants.Rcheck/00install.out
Tests output
CrispRVariants.Rcheck/tests/testthat.Rout
Example timings
CrispRVariants.Rcheck/CrispRVariants-Ex.timings