| Back to Multiple platform build/check report for BioC 3.11 |
|
This page was generated on 2020-10-17 11:56:13 -0400 (Sat, 17 Oct 2020).
| TO THE DEVELOPERS/MAINTAINERS OF THE CellMapper PACKAGE: Please make sure to use the following settings in order to reproduce any error or warning you see on this page. |
| Package 251/1905 | Hostname | OS / Arch | INSTALL | BUILD | CHECK | BUILD BIN | ||||||
| CellMapper 1.14.0 Brad Nelms
| malbec2 | Linux (Ubuntu 18.04.4 LTS) / x86_64 | OK | OK | WARNINGS | |||||||
| tokay2 | Windows Server 2012 R2 Standard / x64 | OK | OK | [ WARNINGS ] | OK | |||||||
| machv2 | macOS 10.14.6 Mojave / x86_64 | OK | OK | WARNINGS | OK |
| Package: CellMapper |
| Version: 1.14.0 |
| Command: C:\Users\biocbuild\bbs-3.11-bioc\R\bin\R.exe CMD check --force-multiarch --install=check:CellMapper.install-out.txt --library=C:\Users\biocbuild\bbs-3.11-bioc\R\library --no-vignettes --timings CellMapper_1.14.0.tar.gz |
| StartedAt: 2020-10-17 02:23:50 -0400 (Sat, 17 Oct 2020) |
| EndedAt: 2020-10-17 02:34:04 -0400 (Sat, 17 Oct 2020) |
| EllapsedTime: 613.7 seconds |
| RetCode: 0 |
| Status: WARNINGS |
| CheckDir: CellMapper.Rcheck |
| Warnings: 1 |
##############################################################################
##############################################################################
###
### Running command:
###
### C:\Users\biocbuild\bbs-3.11-bioc\R\bin\R.exe CMD check --force-multiarch --install=check:CellMapper.install-out.txt --library=C:\Users\biocbuild\bbs-3.11-bioc\R\library --no-vignettes --timings CellMapper_1.14.0.tar.gz
###
##############################################################################
##############################################################################
* using log directory 'C:/Users/biocbuild/bbs-3.11-bioc/meat/CellMapper.Rcheck'
* using R version 4.0.3 (2020-10-10)
* using platform: x86_64-w64-mingw32 (64-bit)
* using session charset: ISO8859-1
* using option '--no-vignettes'
* checking for file 'CellMapper/DESCRIPTION' ... OK
* checking extension type ... Package
* this is package 'CellMapper' version '1.14.0'
* checking package namespace information ... OK
* checking package dependencies ... OK
* checking if this is a source package ... OK
* checking if there is a namespace ... OK
* checking for hidden files and directories ... OK
* checking for portable file names ... OK
* checking whether package 'CellMapper' can be installed ... WARNING
Found the following significant warnings:
Rd warning: C:/Users/biocbuild/bbs-3.11-bioc/tmpdir/Rtmpi2SkxR/R.INSTALL40c7ca74bd/CellMapper/man/CMprep.Rd:51: file link 'ExpressionSet' in package 'Biobase' does not exist and so has been treated as a topic
Rd warning: C:/Users/biocbuild/bbs-3.11-bioc/tmpdir/Rtmpi2SkxR/R.INSTALL40c7ca74bd/CellMapper/man/CMprep.Rd:52: file link 'CellMapperData' in package 'CellMapperData' does not exist and so has been treated as a topic
Rd warning: C:/Users/biocbuild/bbs-3.11-bioc/tmpdir/Rtmpi2SkxR/R.INSTALL40c7ca74bd/CellMapper/man/CMsearch.Rd:74: file link 'CellMapperData' in package 'CellMapperData' does not exist and so has been treated as a topic
Rd warning: C:/Users/biocbuild/bbs-3.11-bioc/tmpdir/Rtmpi2SkxR/R.INSTALL40c7ca74bd/CellMapper/man/ExampleGeneLists.Rd:51: file link 'CellMapperData' in package 'CellMapperData' does not exist and so has been treated as a topic
Rd warning: C:/Users/biocbuild/bbs-3.11-bioc/tmpdir/Rtmpi2SkxR/R.INSTALL40c7ca74bd/CellMapper/man/ExampleGeneLists.Rd:52: file link 'ExperimentHub' in package 'ExperimentHub' does not exist and so has been treated as a topic
Rd warning: C:/Users/biocbuild/bbs-3.11-bioc/tmpdir/Rtmpi2SkxR/R.INSTALL40c7ca74bd/CellMapper/man/ReplicateManuscript.Rd:33: file link 'CellMapperData' in package 'CellMapperData' does not exist and so has been treated as a topic
Rd warning: C:/Users/biocbuild/bbs-3.11-bioc/tmpdir/Rtmpi2SkxR/R.INSTALL40c7ca74bd/CellMapper/man/ReplicateManuscript.Rd:34: file link 'ExperimentHub' in package 'ExperimentHub' does not exist and so has been treated as a topic
Warning: replacing previous import 'stats::sd' by 'S4Vectors::sd' when loading 'CellMapper'
Warning: replacing previous import 'stats::var' by 'S4Vectors::var' when loading 'CellMapper'
See 'C:/Users/biocbuild/bbs-3.11-bioc/meat/CellMapper.Rcheck/00install.out' for details.
* checking installed package size ... OK
* checking package directory ... OK
* checking 'build' directory ... OK
* checking DESCRIPTION meta-information ... OK
* checking top-level files ... OK
* checking for left-over files ... OK
* checking index information ... OK
* checking package subdirectories ... OK
* checking R files for non-ASCII characters ... OK
* checking R files for syntax errors ... OK
* loading checks for arch 'i386'
** checking whether the package can be loaded ... OK
** checking whether the package can be loaded with stated dependencies ... OK
** checking whether the package can be unloaded cleanly ... OK
** checking whether the namespace can be loaded with stated dependencies ... OK
** checking whether the namespace can be unloaded cleanly ... OK
* loading checks for arch 'x64'
** checking whether the package can be loaded ... OK
** checking whether the package can be loaded with stated dependencies ... OK
** checking whether the package can be unloaded cleanly ... OK
** checking whether the namespace can be loaded with stated dependencies ... OK
** checking whether the namespace can be unloaded cleanly ... OK
* checking dependencies in R code ... OK
* checking S3 generic/method consistency ... OK
* checking replacement functions ... OK
* checking foreign function calls ... OK
* checking R code for possible problems ... OK
* checking Rd files ... OK
* checking Rd metadata ... OK
* checking Rd cross-references ... OK
* checking for missing documentation entries ... OK
* checking for code/documentation mismatches ... OK
* checking Rd \usage sections ... OK
* checking Rd contents ... OK
* checking for unstated dependencies in examples ... OK
* checking contents of 'data' directory ... OK
* checking data for non-ASCII characters ... OK
* checking data for ASCII and uncompressed saves ... OK
* checking files in 'vignettes' ... OK
* checking examples ...
** running examples for arch 'i386' ... OK
Examples with CPU (user + system) or elapsed time > 5s
user system elapsed
ReplicateManuscript 126.36 10.23 189.45
** running examples for arch 'x64' ... OK
Examples with CPU (user + system) or elapsed time > 5s
user system elapsed
ReplicateManuscript 315.23 14.95 340.8
* checking for unstated dependencies in vignettes ... OK
* checking package vignettes in 'inst/doc' ... OK
* checking running R code from vignettes ... SKIPPED
* checking re-building of vignette outputs ... SKIPPED
* checking PDF version of manual ... OK
* DONE
Status: 1 WARNING
See
'C:/Users/biocbuild/bbs-3.11-bioc/meat/CellMapper.Rcheck/00check.log'
for details.
CellMapper.Rcheck/00install.out
##############################################################################
##############################################################################
###
### Running command:
###
### C:\cygwin\bin\curl.exe -O https://malbec2.bioconductor.org/BBS/3.11/bioc/src/contrib/CellMapper_1.14.0.tar.gz && rm -rf CellMapper.buildbin-libdir && mkdir CellMapper.buildbin-libdir && C:\Users\biocbuild\bbs-3.11-bioc\R\bin\R.exe CMD INSTALL --merge-multiarch --build --library=CellMapper.buildbin-libdir CellMapper_1.14.0.tar.gz && C:\Users\biocbuild\bbs-3.11-bioc\R\bin\R.exe CMD INSTALL CellMapper_1.14.0.zip && rm CellMapper_1.14.0.tar.gz CellMapper_1.14.0.zip
###
##############################################################################
##############################################################################
% Total % Received % Xferd Average Speed Time Time Time Current
Dload Upload Total Spent Left Speed
0 0 0 0 0 0 0 0 --:--:-- --:--:-- --:--:-- 0
100 20509 100 20509 0 0 139k 0 --:--:-- --:--:-- --:--:-- 147k
install for i386
* installing *source* package 'CellMapper' ...
** using staged installation
** R
** data
** inst
** byte-compile and prepare package for lazy loading
Warning: replacing previous import 'stats::sd' by 'S4Vectors::sd' when loading 'CellMapper'
Warning: replacing previous import 'stats::var' by 'S4Vectors::var' when loading 'CellMapper'
** help
*** installing help indices
converting help for package 'CellMapper'
finding HTML links ... done
CMprep html
Rd warning: C:/Users/biocbuild/bbs-3.11-bioc/tmpdir/Rtmpi2SkxR/R.INSTALL40c7ca74bd/CellMapper/man/CMprep.Rd:51: file link 'ExpressionSet' in package 'Biobase' does not exist and so has been treated as a topic
Rd warning: C:/Users/biocbuild/bbs-3.11-bioc/tmpdir/Rtmpi2SkxR/R.INSTALL40c7ca74bd/CellMapper/man/CMprep.Rd:52: file link 'CellMapperData' in package 'CellMapperData' does not exist and so has been treated as a topic
CMsearch html
Rd warning: C:/Users/biocbuild/bbs-3.11-bioc/tmpdir/Rtmpi2SkxR/R.INSTALL40c7ca74bd/CellMapper/man/CMsearch.Rd:74: file link 'CellMapperData' in package 'CellMapperData' does not exist and so has been treated as a topic
CellMapperList-class html
ExampleGeneLists html
Rd warning: C:/Users/biocbuild/bbs-3.11-bioc/tmpdir/Rtmpi2SkxR/R.INSTALL40c7ca74bd/CellMapper/man/ExampleGeneLists.Rd:51: file link 'CellMapperData' in package 'CellMapperData' does not exist and so has been treated as a topic
Rd warning: C:/Users/biocbuild/bbs-3.11-bioc/tmpdir/Rtmpi2SkxR/R.INSTALL40c7ca74bd/CellMapper/man/ExampleGeneLists.Rd:52: file link 'ExperimentHub' in package 'ExperimentHub' does not exist and so has been treated as a topic
ReplicateManuscript html
Rd warning: C:/Users/biocbuild/bbs-3.11-bioc/tmpdir/Rtmpi2SkxR/R.INSTALL40c7ca74bd/CellMapper/man/ReplicateManuscript.Rd:33: file link 'CellMapperData' in package 'CellMapperData' does not exist and so has been treated as a topic
Rd warning: C:/Users/biocbuild/bbs-3.11-bioc/tmpdir/Rtmpi2SkxR/R.INSTALL40c7ca74bd/CellMapper/man/ReplicateManuscript.Rd:34: file link 'ExperimentHub' in package 'ExperimentHub' does not exist and so has been treated as a topic
** building package indices
** installing vignettes
** testing if installed package can be loaded from temporary location
Warning: replacing previous import 'stats::sd' by 'S4Vectors::sd' when loading 'CellMapper'
Warning: replacing previous import 'stats::var' by 'S4Vectors::var' when loading 'CellMapper'
** testing if installed package can be loaded from final location
Warning: replacing previous import 'stats::sd' by 'S4Vectors::sd' when loading 'CellMapper'
Warning: replacing previous import 'stats::var' by 'S4Vectors::var' when loading 'CellMapper'
** testing if installed package keeps a record of temporary installation path
install for x64
* installing *source* package 'CellMapper' ...
** testing if installed package can be loaded
Warning: replacing previous import 'stats::sd' by 'S4Vectors::sd' when loading 'CellMapper'
Warning: replacing previous import 'stats::var' by 'S4Vectors::var' when loading 'CellMapper'
* MD5 sums
packaged installation of 'CellMapper' as CellMapper_1.14.0.zip
* DONE (CellMapper)
* installing to library 'C:/Users/biocbuild/bbs-3.11-bioc/R/library'
package 'CellMapper' successfully unpacked and MD5 sums checked
|
CellMapper.Rcheck/examples_i386/CellMapper-Ex.timings
|
CellMapper.Rcheck/examples_x64/CellMapper-Ex.timings
|