| Back to Multiple platform build/check report for BioC 3.11 |
|
This page was generated on 2020-10-17 11:54:32 -0400 (Sat, 17 Oct 2020).
| TO THE DEVELOPERS/MAINTAINERS OF THE CEMiTool PACKAGE: Please make sure to use the following settings in order to reproduce any error or warning you see on this page. |
| Package 258/1905 | Hostname | OS / Arch | INSTALL | BUILD | CHECK | BUILD BIN | ||||||
| CEMiTool 1.12.2 Helder Nakaya
| malbec2 | Linux (Ubuntu 18.04.4 LTS) / x86_64 | OK | OK | [ WARNINGS ] | |||||||
| tokay2 | Windows Server 2012 R2 Standard / x64 | OK | OK | WARNINGS | OK | |||||||
| machv2 | macOS 10.14.6 Mojave / x86_64 | OK | OK | WARNINGS | OK |
| Package: CEMiTool |
| Version: 1.12.2 |
| Command: /home/biocbuild/bbs-3.11-bioc/R/bin/R CMD check --install=check:CEMiTool.install-out.txt --library=/home/biocbuild/bbs-3.11-bioc/R/library --no-vignettes --timings CEMiTool_1.12.2.tar.gz |
| StartedAt: 2020-10-16 23:40:53 -0400 (Fri, 16 Oct 2020) |
| EndedAt: 2020-10-16 23:45:28 -0400 (Fri, 16 Oct 2020) |
| EllapsedTime: 275.3 seconds |
| RetCode: 0 |
| Status: WARNINGS |
| CheckDir: CEMiTool.Rcheck |
| Warnings: 1 |
##############################################################################
##############################################################################
###
### Running command:
###
### /home/biocbuild/bbs-3.11-bioc/R/bin/R CMD check --install=check:CEMiTool.install-out.txt --library=/home/biocbuild/bbs-3.11-bioc/R/library --no-vignettes --timings CEMiTool_1.12.2.tar.gz
###
##############################################################################
##############################################################################
* using log directory ‘/home/biocbuild/bbs-3.11-bioc/meat/CEMiTool.Rcheck’
* using R version 4.0.3 (2020-10-10)
* using platform: x86_64-pc-linux-gnu (64-bit)
* using session charset: UTF-8
* using option ‘--no-vignettes’
* checking for file ‘CEMiTool/DESCRIPTION’ ... OK
* this is package ‘CEMiTool’ version ‘1.12.2’
* package encoding: UTF-8
* checking package namespace information ... OK
* checking package dependencies ... OK
* checking if this is a source package ... OK
* checking if there is a namespace ... OK
* checking for hidden files and directories ... OK
* checking for portable file names ... OK
* checking for sufficient/correct file permissions ... OK
* checking whether package ‘CEMiTool’ can be installed ... WARNING
Found the following significant warnings:
Warning: replacing previous import ‘ggplot2::annotate’ by ‘ggpmisc::annotate’ when loading ‘CEMiTool’
See ‘/home/biocbuild/bbs-3.11-bioc/meat/CEMiTool.Rcheck/00install.out’ for details.
* checking installed package size ... NOTE
installed size is 6.5Mb
sub-directories of 1Mb or more:
data 3.1Mb
extdata 2.8Mb
* checking package directory ... OK
* checking ‘build’ directory ... OK
* checking DESCRIPTION meta-information ... OK
* checking top-level files ... OK
* checking for left-over files ... OK
* checking index information ... OK
* checking package subdirectories ... OK
* checking R files for non-ASCII characters ... OK
* checking R files for syntax errors ... OK
* checking whether the package can be loaded ... OK
* checking whether the package can be loaded with stated dependencies ... OK
* checking whether the package can be unloaded cleanly ... OK
* checking whether the namespace can be loaded with stated dependencies ... OK
* checking whether the namespace can be unloaded cleanly ... OK
* checking dependencies in R code ... OK
* checking S3 generic/method consistency ... OK
* checking replacement functions ... OK
* checking foreign function calls ... OK
* checking R code for possible problems ... NOTE
flip_vector: no visible global function definition for ‘setNames’
select_genes: no visible global function definition for ‘var’
get_hubs,CEMiTool : <anonymous>: no visible global function definition
for ‘head’
get_merged_mods,CEMiTool: no visible global function definition for
‘as.dist’
get_mods,CEMiTool: no visible global function definition for ‘as.dist’
get_phi,CEMiTool: no visible global function definition for ‘tail’
get_phi,CEMiTool: no visible global function definition for ‘head’
mod_gene_num,CEMiTool: no visible binding for global variable ‘modules’
mod_gene_num,CEMiTool: no visible binding for global variable
‘num_genes’
mod_summary,CEMiTool: no visible global function definition for ‘:=’
plot_gsea,CEMiTool: no visible global function definition for ‘dist’
plot_mean_var,CEMiTool: no visible binding for global variable ‘var’
plot_mean_var,CEMiTool: no visible binding for global variable ‘Mean’
plot_mean_var,CEMiTool: no visible binding for global variable
‘Variance’
plot_mean_var,CEMiTool: no visible binding for global variable
‘..eq.label..’
plot_mean_var,CEMiTool: no visible binding for global variable
‘..rr.label..’
plot_ora,CEMiTool : <anonymous>: no visible global function definition
for ‘head’
plot_qq,CEMiTool: no visible binding for global variable ‘data’
plot_sample_tree,CEMiTool: no visible global function definition for
‘dist’
plot_sample_tree,CEMiTool: no visible global function definition for
‘dev.off’
save_plots,CEMiTool : <anonymous>: no visible global function
definition for ‘dev.off’
save_plots,CEMiTool: no visible global function definition for
‘dev.off’
Undefined global functions or variables:
..eq.label.. ..rr.label.. := Mean Variance as.dist data dev.off dist
head modules num_genes setNames tail var
Consider adding
importFrom("grDevices", "dev.off")
importFrom("stats", "as.dist", "dist", "setNames", "var")
importFrom("utils", "data", "head", "tail")
to your NAMESPACE file.
* checking Rd files ... OK
* checking Rd metadata ... OK
* checking Rd cross-references ... OK
* checking for missing documentation entries ... OK
* checking for code/documentation mismatches ... OK
* checking Rd \usage sections ... OK
* checking Rd contents ... OK
* checking for unstated dependencies in examples ... OK
* checking contents of ‘data’ directory ... OK
* checking data for non-ASCII characters ... OK
* checking data for ASCII and uncompressed saves ... OK
* checking files in ‘vignettes’ ... OK
* checking examples ... OK
Examples with CPU (user + system) or elapsed time > 5s
user system elapsed
cemitool 12.003 0.060 12.155
plot_interactions 7.325 0.087 7.446
gsea_data 5.305 0.285 5.609
* checking for unstated dependencies in ‘tests’ ... OK
* checking tests ...
Running ‘testthat.R’
OK
* checking for unstated dependencies in vignettes ... OK
* checking package vignettes in ‘inst/doc’ ... OK
* checking running R code from vignettes ... SKIPPED
* checking re-building of vignette outputs ... SKIPPED
* checking PDF version of manual ... OK
* DONE
Status: 1 WARNING, 2 NOTEs
See
‘/home/biocbuild/bbs-3.11-bioc/meat/CEMiTool.Rcheck/00check.log’
for details.
CEMiTool.Rcheck/00install.out
############################################################################## ############################################################################## ### ### Running command: ### ### /home/biocbuild/bbs-3.11-bioc/R/bin/R CMD INSTALL CEMiTool ### ############################################################################## ############################################################################## * installing to library ‘/home/biocbuild/bbs-3.11-bioc/R/library’ * installing *source* package ‘CEMiTool’ ... ** using staged installation ** R ** data *** moving datasets to lazyload DB ** exec ** inst ** byte-compile and prepare package for lazy loading Warning: replacing previous import ‘ggplot2::annotate’ by ‘ggpmisc::annotate’ when loading ‘CEMiTool’ ** help *** installing help indices ** building package indices ** installing vignettes ** testing if installed package can be loaded from temporary location Warning: replacing previous import ‘ggplot2::annotate’ by ‘ggpmisc::annotate’ when loading ‘CEMiTool’ ** testing if installed package can be loaded from final location Warning: replacing previous import ‘ggplot2::annotate’ by ‘ggpmisc::annotate’ when loading ‘CEMiTool’ ** testing if installed package keeps a record of temporary installation path * DONE (CEMiTool)
CEMiTool.Rcheck/tests/testthat.Rout
R version 4.0.3 (2020-10-10) -- "Bunny-Wunnies Freak Out"
Copyright (C) 2020 The R Foundation for Statistical Computing
Platform: x86_64-pc-linux-gnu (64-bit)
R is free software and comes with ABSOLUTELY NO WARRANTY.
You are welcome to redistribute it under certain conditions.
Type 'license()' or 'licence()' for distribution details.
R is a collaborative project with many contributors.
Type 'contributors()' for more information and
'citation()' on how to cite R or R packages in publications.
Type 'demo()' for some demos, 'help()' for on-line help, or
'help.start()' for an HTML browser interface to help.
Type 'q()' to quit R.
> library(testthat)
> library(CEMiTool)
Warning message:
replacing previous import 'ggplot2::annotate' by 'ggpmisc::annotate' when loading 'CEMiTool'
> test_check('CEMiTool')
══ testthat results ═══════════════════════════════════════════════════════════
[ OK: 105 | SKIPPED: 0 | WARNINGS: 14 | FAILED: 0 ]
>
> proc.time()
user system elapsed
37.235 0.740 37.101
CEMiTool.Rcheck/CEMiTool-Ex.timings
| name | user | system | elapsed | |
| CEMiTool-class | 0.039 | 0.000 | 0.039 | |
| adj_data | 0.335 | 0.004 | 0.338 | |
| cem | 0.406 | 0.000 | 0.406 | |
| cemitool | 12.003 | 0.060 | 12.155 | |
| expr0 | 0.001 | 0.000 | 0.001 | |
| expr_data | 0.167 | 0.000 | 0.166 | |
| filter_expr | 0.178 | 0.000 | 0.177 | |
| find_modules | 1.595 | 0.000 | 1.605 | |
| fit_data | 1.987 | 0.000 | 1.987 | |
| generate_report | 0.000 | 0.000 | 0.001 | |
| get_adj | 0.581 | 0.000 | 0.581 | |
| get_beta_data | 0.693 | 0.000 | 0.693 | |
| get_cemitool_r2_beta | 2.137 | 0.004 | 2.141 | |
| get_connectivity | 2.086 | 0.000 | 2.085 | |
| get_hubs | 0.017 | 0.004 | 0.021 | |
| get_merged_mods | 1.275 | 0.000 | 1.275 | |
| get_mods | 1.001 | 0.000 | 1.001 | |
| get_phi | 2.385 | 0.000 | 2.386 | |
| gsea_data | 5.305 | 0.285 | 5.609 | |
| interactions_data | 0.398 | 0.016 | 0.426 | |
| mod_colors | 0.027 | 0.004 | 0.031 | |
| mod_gene_num | 0.222 | 0.004 | 0.227 | |
| mod_gsea | 3.360 | 0.000 | 3.364 | |
| mod_names | 0.022 | 0.000 | 0.022 | |
| mod_ora | 2.43 | 0.02 | 2.45 | |
| mod_summary | 1.247 | 0.005 | 0.826 | |
| module_genes | 0.027 | 0.000 | 0.028 | |
| new_cem | 0.018 | 0.000 | 0.018 | |
| nmodules | 0.019 | 0.000 | 0.020 | |
| ora_data | 3.099 | 0.012 | 3.119 | |
| plot_beta_r2 | 0.754 | 0.004 | 0.758 | |
| plot_gsea | 3.763 | 0.000 | 3.763 | |
| plot_hist | 0.515 | 0.000 | 0.515 | |
| plot_interactions | 7.325 | 0.087 | 7.446 | |
| plot_mean_k | 0.219 | 0.000 | 0.220 | |
| plot_mean_var | 0.404 | 0.004 | 0.408 | |
| plot_ora | 4.766 | 0.004 | 4.770 | |
| plot_profile | 1.518 | 0.004 | 1.526 | |
| plot_qq | 0.433 | 0.004 | 0.437 | |
| plot_sample_tree | 0.696 | 0.000 | 0.696 | |
| read_gmt | 0.62 | 0.00 | 0.62 | |
| sample_annot | 0.002 | 0.000 | 0.002 | |
| sample_annotation | 0.017 | 0.000 | 0.017 | |
| save_plots | 0.027 | 0.004 | 0.031 | |
| select_genes | 0.212 | 0.000 | 0.212 | |
| show_plot | 0.160 | 0.004 | 0.164 | |
| write_files | 1.270 | 0.000 | 0.744 | |