| Back to Multiple platform build/check report for BioC 3.11 |
|
This page was generated on 2020-01-16 13:40:43 -0500 (Thu, 16 Jan 2020).
| Package 199/1818 | Hostname | OS / Arch | INSTALL | BUILD | CHECK | BUILD BIN | ||||||
| BridgeDbR 1.21.0 Egon Willighagen
| malbec2 | Linux (Ubuntu 18.04.3 LTS) / x86_64 | OK | ERROR | skipped | |||||||
| tokay2 | Windows Server 2012 R2 Standard / x64 | OK | ERROR | skipped | skipped | |||||||
| celaya2 | OS X 10.11.6 El Capitan / x86_64 | OK | [ ERROR ] | skipped | skipped |
| Package: BridgeDbR |
| Version: 1.21.0 |
| Command: /Library/Frameworks/R.framework/Versions/Current/Resources/bin/R CMD build --keep-empty-dirs --no-resave-data BridgeDbR |
| StartedAt: 2020-01-15 21:49:19 -0500 (Wed, 15 Jan 2020) |
| EndedAt: 2020-01-15 21:50:49 -0500 (Wed, 15 Jan 2020) |
| EllapsedTime: 90.5 seconds |
| RetCode: 1 |
| Status: ERROR |
| PackageFile: None |
| PackageFileSize: NA |
############################################################################## ############################################################################## ### ### Running command: ### ### /Library/Frameworks/R.framework/Versions/Current/Resources/bin/R CMD build --keep-empty-dirs --no-resave-data BridgeDbR ### ############################################################################## ############################################################################## * checking for file ‘BridgeDbR/DESCRIPTION’ ... OK * preparing ‘BridgeDbR’: * checking DESCRIPTION meta-information ... OK * installing the package to build vignettes * creating vignettes ... ERROR --- re-building ‘tutorial.Rmd’ using rmarkdown Quitting from lines 95-96 (tutorial.Rmd) Error: processing vignette 'tutorial.Rmd' failed with diagnostics: Failed to connect to www.bridgedb.org port 443: Operation timed out --- failed re-building ‘tutorial.Rmd’ SUMMARY: processing the following file failed: ‘tutorial.Rmd’ Error: Vignette re-building failed. Execution halted