| Back to Multiple platform build/check report for BioC 3.11 | 
 | 
This page was generated on 2020-10-17 11:58:06 -0400 (Sat, 17 Oct 2020).
| TO THE DEVELOPERS/MAINTAINERS OF THE BEclear PACKAGE: Please make sure to use the following settings in order to reproduce any error or warning you see on this page. | 
| Package 135/1905 | Hostname | OS / Arch | INSTALL | BUILD | CHECK | BUILD BIN | ||||||
| BEclear 2.4.0 David Rasp 
 | malbec2 | Linux (Ubuntu 18.04.4 LTS) / x86_64 | OK | OK | WARNINGS |  | ||||||
| tokay2 | Windows Server 2012 R2 Standard / x64 | OK | OK | WARNINGS | OK |  | ||||||
| machv2 | macOS 10.14.6 Mojave / x86_64 | OK | OK | [ WARNINGS ] | OK |  | 
| Package: BEclear | 
| Version: 2.4.0 | 
| Command: /Library/Frameworks/R.framework/Versions/Current/Resources/bin/R CMD check --install=check:BEclear.install-out.txt --library=/Library/Frameworks/R.framework/Versions/Current/Resources/library --no-vignettes --timings BEclear_2.4.0.tar.gz | 
| StartedAt: 2020-10-16 22:58:21 -0400 (Fri, 16 Oct 2020) | 
| EndedAt: 2020-10-16 23:00:04 -0400 (Fri, 16 Oct 2020) | 
| EllapsedTime: 102.7 seconds | 
| RetCode: 0 | 
| Status: WARNINGS | 
| CheckDir: BEclear.Rcheck | 
| Warnings: 1 | 
##############################################################################
##############################################################################
###
### Running command:
###
###   /Library/Frameworks/R.framework/Versions/Current/Resources/bin/R CMD check --install=check:BEclear.install-out.txt --library=/Library/Frameworks/R.framework/Versions/Current/Resources/library --no-vignettes --timings BEclear_2.4.0.tar.gz
###
##############################################################################
##############################################################################
* using log directory ‘/Users/biocbuild/bbs-3.11-bioc/meat/BEclear.Rcheck’
* using R version 4.0.3 (2020-10-10)
* using platform: x86_64-apple-darwin17.0 (64-bit)
* using session charset: UTF-8
* using option ‘--no-vignettes’
* checking for file ‘BEclear/DESCRIPTION’ ... OK
* checking extension type ... Package
* this is package ‘BEclear’ version ‘2.4.0’
* package encoding: UTF-8
* checking package namespace information ... OK
* checking package dependencies ... OK
* checking if this is a source package ... OK
* checking if there is a namespace ... OK
* checking for hidden files and directories ... NOTE
Found the following hidden files and directories:
  .travis.yml
  .github
These were most likely included in error. See section ‘Package
structure’ in the ‘Writing R Extensions’ manual.
* checking for portable file names ... OK
* checking for sufficient/correct file permissions ... OK
* checking whether package ‘BEclear’ can be installed ... OK
* checking installed package size ... OK
* checking package directory ... OK
* checking ‘build’ directory ... OK
* checking DESCRIPTION meta-information ... OK
* checking top-level files ... NOTE
File
  LICENSE
is not mentioned in the DESCRIPTION file.
* checking for left-over files ... OK
* checking index information ... OK
* checking package subdirectories ... OK
* checking R files for non-ASCII characters ... OK
* checking R files for syntax errors ... OK
* checking whether the package can be loaded ... OK
* checking whether the package can be loaded with stated dependencies ... OK
* checking whether the package can be unloaded cleanly ... OK
* checking whether the namespace can be loaded with stated dependencies ... OK
* checking whether the namespace can be unloaded cleanly ... OK
* checking dependencies in R code ... OK
* checking S3 generic/method consistency ... OK
* checking replacement functions ... OK
* checking foreign function calls ... OK
* checking R code for possible problems ... OK
* checking Rd files ... WARNING
prepare_Rd: x:1: unexpected END_OF_INPUT '%} confidence level}'
* checking Rd metadata ... OK
* checking Rd cross-references ... OK
* checking for missing documentation entries ... OK
* checking for code/documentation mismatches ... OK
* checking Rd \usage sections ... OK
* checking Rd contents ... OK
* checking for unstated dependencies in examples ... OK
* checking contents of ‘data’ directory ... OK
* checking data for non-ASCII characters ... OK
* checking data for ASCII and uncompressed saves ... OK
* checking line endings in C/C++/Fortran sources/headers ... OK
* checking compiled code ... NOTE
Note: information on .o files is not available
* checking files in ‘vignettes’ ... OK
* checking examples ... OK
Examples with CPU (user + system) or elapsed time > 5s
                  user system elapsed
calcBatchEffects 7.372  0.102    7.48
* checking for unstated dependencies in ‘tests’ ... OK
* checking tests ...
  Running ‘testthat.R’
 OK
* checking for unstated dependencies in vignettes ... OK
* checking package vignettes in ‘inst/doc’ ... OK
* checking running R code from vignettes ... SKIPPED
* checking re-building of vignette outputs ... SKIPPED
* checking PDF version of manual ... OK
* DONE
Status: 1 WARNING, 3 NOTEs
See
  ‘/Users/biocbuild/bbs-3.11-bioc/meat/BEclear.Rcheck/00check.log’
for details.
BEclear.Rcheck/00install.out
############################################################################## ############################################################################## ### ### Running command: ### ### /Library/Frameworks/R.framework/Versions/Current/Resources/bin/R CMD INSTALL BEclear ### ############################################################################## ############################################################################## * installing to library ‘/Library/Frameworks/R.framework/Versions/4.0/Resources/library’ * installing *source* package ‘BEclear’ ... ** using staged installation ** libs clang++ -mmacosx-version-min=10.13 -std=gnu++11 -I"/Library/Frameworks/R.framework/Resources/include" -DNDEBUG -I'/Library/Frameworks/R.framework/Versions/4.0/Resources/library/Rcpp/include' -I/usr/local/include -fPIC -Wall -g -O2 -c RcppExports.cpp -o RcppExports.o clang++ -mmacosx-version-min=10.13 -std=gnu++11 -I"/Library/Frameworks/R.framework/Resources/include" -DNDEBUG -I'/Library/Frameworks/R.framework/Versions/4.0/Resources/library/Rcpp/include' -I/usr/local/include -fPIC -Wall -g -O2 -c localLoss.cpp -o localLoss.o clang++ -mmacosx-version-min=10.13 -std=gnu++11 -dynamiclib -Wl,-headerpad_max_install_names -undefined dynamic_lookup -single_module -multiply_defined suppress -L/Library/Frameworks/R.framework/Resources/lib -L/usr/local/lib -o BEclear.so RcppExports.o localLoss.o -F/Library/Frameworks/R.framework/.. -framework R -Wl,-framework -Wl,CoreFoundation installing to /Library/Frameworks/R.framework/Versions/4.0/Resources/library/00LOCK-BEclear/00new/BEclear/libs ** R ** data ** inst ** byte-compile and prepare package for lazy loading ** help Loading required namespace: BEclear Warning in tools::parseLatex(x) : x:1: unexpected END_OF_INPUT '%} confidence level}' *** installing help indices ** building package indices ** installing vignettes ** testing if installed package can be loaded from temporary location ** checking absolute paths in shared objects and dynamic libraries ** testing if installed package can be loaded from final location ** testing if installed package keeps a record of temporary installation path * DONE (BEclear)
BEclear.Rcheck/tests/testthat.Rout
R version 4.0.3 (2020-10-10) -- "Bunny-Wunnies Freak Out"
Copyright (C) 2020 The R Foundation for Statistical Computing
Platform: x86_64-apple-darwin17.0 (64-bit)
R is free software and comes with ABSOLUTELY NO WARRANTY.
You are welcome to redistribute it under certain conditions.
Type 'license()' or 'licence()' for distribution details.
R is a collaborative project with many contributors.
Type 'contributors()' for more information and
'citation()' on how to cite R or R packages in publications.
Type 'demo()' for some demos, 'help()' for on-line help, or
'help.start()' for an HTML browser interface to help.
Type 'q()' to quit R.
> library(testthat)
> library(BEclear)
Loading required package: BiocParallel
> 
> test_check("BEclear")
INFO [2020-10-16 22:59:52] Calculate the batch effects for 2 batches
INFO [2020-10-16 22:59:53] Calculate the batch effects for 3 batches
INFO [2020-10-16 22:59:53] Calculate the batch effects for 3 batches
INFO [2020-10-16 22:59:53] Adjusting p-values
INFO [2020-10-16 22:59:53] Transforming matrix to data.table
INFO [2020-10-16 22:59:53] Calculate the batch effects for 4 batches
INFO [2020-10-16 22:59:53] Adjusting p-values
INFO [2020-10-16 22:59:53] Generating a summary table
INFO [2020-10-16 22:59:54] Calculating the scores for 4 batches
INFO [2020-10-16 22:59:54] Generating a summary table
INFO [2020-10-16 22:59:54] Generating a summary table
INFO [2020-10-16 22:59:54] Transforming matrix to data.table
INFO [2020-10-16 22:59:54] Calculate the batch effects for 3 batches
INFO [2020-10-16 22:59:54] Adjusting p-values
INFO [2020-10-16 22:59:54] Generating a summary table
INFO [2020-10-16 22:59:54] Calculating the scores for 3 batches
INFO [2020-10-16 22:59:54] Removing values with batch effect:
INFO [2020-10-16 22:59:54] 4 values ( 26.6666666666667 % of the data) set to NA
INFO [2020-10-16 22:59:54] Starting the imputation of missing values.
INFO [2020-10-16 22:59:54] This might take a while.
INFO [2020-10-16 22:59:54] BEclear imputation is started:
INFO [2020-10-16 22:59:54] block size: 60  x  60
INFO [2020-10-16 22:59:54] Impute missing data for block 1 of 1
INFO [2020-10-16 22:59:54] Replacing values below 0 or above 1:
INFO [2020-10-16 22:59:54] 0 values replaced
WARN [2020-10-16 22:59:54] 3 values are above 1 or below 0. Check your data
WARN [2020-10-16 22:59:54] Replacing them with missing values
INFO [2020-10-16 22:59:54] Transforming matrix to data.table
INFO [2020-10-16 22:59:54] Calculate the batch effects for 3 batches
INFO [2020-10-16 22:59:54] Adjusting p-values
INFO [2020-10-16 22:59:54] Generating a summary table
INFO [2020-10-16 22:59:54] Calculating the scores for 3 batches
INFO [2020-10-16 22:59:54] Removing values with batch effect:
INFO [2020-10-16 22:59:54] 3 values ( 20 % of the data) set to NA
INFO [2020-10-16 22:59:54] Starting the imputation of missing values.
INFO [2020-10-16 22:59:54] This might take a while.
INFO [2020-10-16 22:59:54] BEclear imputation is started:
INFO [2020-10-16 22:59:54] block size: 60  x  60
INFO [2020-10-16 22:59:54] Impute missing data for block 1 of 1
INFO [2020-10-16 22:59:54] Replacing values below 0 or above 1:
INFO [2020-10-16 22:59:54] 0 values replaced
WARN [2020-10-16 22:59:54] 2 values are above 1 or below 0. Check your data
WARN [2020-10-16 22:59:54] Replacing them with missing values
WARN [2020-10-16 22:59:54] The following samples are annotated in the sample matrix,
WARN [2020-10-16 22:59:54] Dropping those samples now
WARN [2020-10-16 22:59:54] Sample names aren't unique
WARN [2020-10-16 22:59:54] Transforming them to unique IDs. List with annotations will be added to the results
INFO [2020-10-16 22:59:54] Transforming matrix to data.table
INFO [2020-10-16 22:59:54] Calculate the batch effects for 2 batches
INFO [2020-10-16 22:59:54] Adjusting p-values
INFO [2020-10-16 22:59:54] Generating a summary table
INFO [2020-10-16 22:59:54] There were no batch effects detected
INFO [2020-10-16 22:59:54] Starting the imputation of missing values.
INFO [2020-10-16 22:59:54] This might take a while.
INFO [2020-10-16 22:59:54] BEclear imputation is started:
INFO [2020-10-16 22:59:54] block size: 60  x  60
INFO [2020-10-16 22:59:54] Impute missing data for block 1 of 1
INFO [2020-10-16 22:59:54] Replacing values below 0 or above 1:
INFO [2020-10-16 22:59:54] 0 values replaced
INFO [2020-10-16 22:59:54] 3 values outside of the boundaries found
INFO [2020-10-16 22:59:54] Starting the imputation of missing values.
INFO [2020-10-16 22:59:54] This might take a while.
INFO [2020-10-16 22:59:54] BEclear imputation is started:
INFO [2020-10-16 22:59:54] block size: 10  x  10
INFO [2020-10-16 22:59:54] loading futile.logger package
INFO [2020-10-16 22:59:54] Impute missing data for block 1 of 25
INFO [2020-10-16 22:59:54] Impute missing data for block 2 of 25
INFO [2020-10-16 22:59:54] Impute missing data for block 3 of 25
INFO [2020-10-16 22:59:54] Impute missing data for block 4 of 25
INFO [2020-10-16 22:59:54] Impute missing data for block 5 of 25
INFO [2020-10-16 22:59:54] Impute missing data for block 6 of 25
INFO [2020-10-16 22:59:54] Impute missing data for block 7 of 25
INFO [2020-10-16 22:59:54] Impute missing data for block 8 of 25
INFO [2020-10-16 22:59:54] Impute missing data for block 9 of 25
INFO [2020-10-16 22:59:54] Impute missing data for block 10 of 25
INFO [2020-10-16 22:59:54] Impute missing data for block 11 of 25
INFO [2020-10-16 22:59:54] Impute missing data for block 12 of 25
INFO [2020-10-16 22:59:54] Impute missing data for block 13 of 25
INFO [2020-10-16 22:59:55] Impute missing data for block 14 of 25
INFO [2020-10-16 22:59:55] Impute missing data for block 15 of 25
INFO [2020-10-16 22:59:55] Impute missing data for block 16 of 25
INFO [2020-10-16 22:59:55] Impute missing data for block 17 of 25
INFO [2020-10-16 22:59:55] Impute missing data for block 18 of 25
INFO [2020-10-16 22:59:55] Impute missing data for block 19 of 25
INFO [2020-10-16 22:59:55] Impute missing data for block 20 of 25
INFO [2020-10-16 22:59:55] Impute missing data for block 21 of 25
INFO [2020-10-16 22:59:55] Impute missing data for block 22 of 25
INFO [2020-10-16 22:59:55] Impute missing data for block 23 of 25
INFO [2020-10-16 22:59:55] Impute missing data for block 24 of 25
INFO [2020-10-16 22:59:55] Impute missing data for block 25 of 25
INFO [2020-10-16 22:59:55] Starting the imputation of missing values.
INFO [2020-10-16 22:59:55] This might take a while.
INFO [2020-10-16 22:59:55] BEclear imputation is started:
INFO [2020-10-16 22:59:55] block size: 0  x  0
INFO [2020-10-16 22:59:55] loading futile.logger package
INFO [2020-10-16 22:59:55] Impute missing data for block 1 of 1
INFO [2020-10-16 22:59:55] Replacing values below 0 or above 1:
INFO [2020-10-16 22:59:55] 3 values replaced
══ testthat results  ═══════════════════════════════════════════════════════════
[ OK: 83 | SKIPPED: 0 | WARNINGS: 0 | FAILED: 0 ]
> 
> proc.time()
   user  system elapsed 
  6.437   0.342   6.765 
BEclear.Rcheck/BEclear-Ex.timings
| name | user | system | elapsed | |
| BEclear-package | 2.292 | 0.050 | 2.345 | |
| calcBatchEffects | 7.372 | 0.102 | 7.480 | |
| calcScore | 0.335 | 0.004 | 0.339 | |
| calcSummary | 0.299 | 0.005 | 0.304 | |
| clearBEgenes | 0.291 | 0.004 | 0.297 | |
| correctBatchEffect | 0.578 | 0.017 | 0.595 | |
| countValuesToPredict | 0.308 | 0.005 | 0.312 | |
| findOutsideValues | 0.736 | 0.003 | 0.739 | |
| imputeMissingData | 0.483 | 0.015 | 0.499 | |
| makeBoxplot | 0.374 | 0.007 | 0.382 | |
| preprocessBEclear | 0.008 | 0.002 | 0.010 | |
| replaceOutsideValues | 0.021 | 0.001 | 0.023 | |