| Back to Multiple platform build/check report for BioC 3.11 |
|
This page was generated on 2020-10-17 11:55:44 -0400 (Sat, 17 Oct 2020).
| TO THE DEVELOPERS/MAINTAINERS OF THE seqTools PACKAGE: Please make sure to use the following settings in order to reproduce any error or warning you see on this page. |
| Package 1636/1905 | Hostname | OS / Arch | INSTALL | BUILD | CHECK | BUILD BIN | ||||||
| seqTools 1.22.0 Wolfgang Kaisers
| malbec2 | Linux (Ubuntu 18.04.4 LTS) / x86_64 | OK | OK | [ WARNINGS ] | |||||||
| tokay2 | Windows Server 2012 R2 Standard / x64 | OK | OK | WARNINGS | OK | |||||||
| machv2 | macOS 10.14.6 Mojave / x86_64 | OK | OK | WARNINGS | OK |
| Package: seqTools |
| Version: 1.22.0 |
| Command: /home/biocbuild/bbs-3.11-bioc/R/bin/R CMD check --install=check:seqTools.install-out.txt --library=/home/biocbuild/bbs-3.11-bioc/R/library --no-vignettes --timings seqTools_1.22.0.tar.gz |
| StartedAt: 2020-10-17 05:24:48 -0400 (Sat, 17 Oct 2020) |
| EndedAt: 2020-10-17 05:25:18 -0400 (Sat, 17 Oct 2020) |
| EllapsedTime: 29.5 seconds |
| RetCode: 0 |
| Status: WARNINGS |
| CheckDir: seqTools.Rcheck |
| Warnings: 2 |
############################################################################## ############################################################################## ### ### Running command: ### ### /home/biocbuild/bbs-3.11-bioc/R/bin/R CMD check --install=check:seqTools.install-out.txt --library=/home/biocbuild/bbs-3.11-bioc/R/library --no-vignettes --timings seqTools_1.22.0.tar.gz ### ############################################################################## ############################################################################## * using log directory ‘/home/biocbuild/bbs-3.11-bioc/meat/seqTools.Rcheck’ * using R version 4.0.3 (2020-10-10) * using platform: x86_64-pc-linux-gnu (64-bit) * using session charset: UTF-8 * using option ‘--no-vignettes’ * checking for file ‘seqTools/DESCRIPTION’ ... OK * checking extension type ... Package * this is package ‘seqTools’ version ‘1.22.0’ * checking package namespace information ... OK * checking package dependencies ... OK * checking if this is a source package ... OK * checking if there is a namespace ... OK * checking for hidden files and directories ... OK * checking for portable file names ... OK * checking for sufficient/correct file permissions ... OK * checking whether package ‘seqTools’ can be installed ... OK * checking installed package size ... OK * checking package directory ... OK * checking ‘build’ directory ... OK * checking DESCRIPTION meta-information ... OK * checking top-level files ... OK * checking for left-over files ... OK * checking index information ... OK * checking package subdirectories ... OK * checking R files for non-ASCII characters ... OK * checking R files for syntax errors ... OK * checking whether the package can be loaded ... OK * checking whether the package can be loaded with stated dependencies ... OK * checking whether the package can be unloaded cleanly ... OK * checking whether the namespace can be loaded with stated dependencies ... OK * checking whether the namespace can be unloaded cleanly ... OK * checking dependencies in R code ... OK * checking S3 generic/method consistency ... OK * checking replacement functions ... OK * checking foreign function calls ... OK * checking R code for possible problems ... OK * checking Rd files ... OK * checking Rd metadata ... OK * checking Rd cross-references ... OK * checking for missing documentation entries ... WARNING Undocumented code objects: ‘kmerSvd’ Undocumented S4 methods: generic 'kmerSvd' and siglist 'Fastqq' All user-level objects in a package (including S4 classes and methods) should have documentation entries. See chapter ‘Writing R documentation files’ in the ‘Writing R Extensions’ manual. * checking for code/documentation mismatches ... OK * checking Rd \usage sections ... OK * checking Rd contents ... OK * checking for unstated dependencies in examples ... OK * checking line endings in C/C++/Fortran sources/headers ... OK * checking line endings in Makefiles ... OK * checking compilation flags in Makevars ... OK * checking for GNU extensions in Makefiles ... OK * checking for portable use of $(BLAS_LIBS) and $(LAPACK_LIBS) ... OK * checking use of PKG_*FLAGS in Makefiles ... OK * checking compiled code ... NOTE Note: information on .o files is not available * checking files in ‘vignettes’ ... OK * checking examples ... WARNING Found the following significant warnings: Warning: working directory was changed to ‘/home/biocbuild/bbs-3.11-bioc/R/library/seqTools/extdata’, resetting Warning: working directory was changed to ‘/home/biocbuild/bbs-3.11-bioc/R/library/seqTools/extdata’, resetting Warning: working directory was changed to ‘/home/biocbuild/bbs-3.11-bioc/R/library/seqTools/extdata’, resetting Warning: working directory was changed to ‘/home/biocbuild/bbs-3.11-bioc/R/library/seqTools/extdata’, resetting Warning: working directory was changed to ‘/home/biocbuild/bbs-3.11-bioc/R/library/seqTools/extdata’, resetting Warning: working directory was changed to ‘/home/biocbuild/bbs-3.11-bioc/R/library/seqTools/extdata’, resetting Warning: working directory was changed to ‘/home/biocbuild/bbs-3.11-bioc/R/library/seqTools/extdata’, resetting Warning: working directory was changed to ‘/home/biocbuild/bbs-3.11-bioc/R/library/seqTools/extdata’, resetting Warning: working directory was changed to ‘/home/biocbuild/bbs-3.11-bioc/R/library/seqTools/extdata’, resetting Warning: working directory was changed to ‘/home/biocbuild/bbs-3.11-bioc/R/library/seqTools/extdata’, resetting Warning: working directory was changed to ‘/home/biocbuild/bbs-3.11-bioc/R/library/seqTools/extdata’, resetting Warning: working directory was changed to ‘/home/biocbuild/bbs-3.11-bioc/R/library/seqTools/extdata’, resetting Warning: working directory was changed to ‘/home/biocbuild/bbs-3.11-bioc/R/library/seqTools/extdata’, resetting Warning: working directory was changed to ‘/home/biocbuild/bbs-3.11-bioc/R/library/seqTools/extdata’, resetting Warning: working directory was changed to ‘/home/biocbuild/bbs-3.11-bioc/R/library/seqTools/extdata’, resetting Warning: working directory was changed to ‘/home/biocbuild/bbs-3.11-bioc/R/library/seqTools/extdata’, resetting Warning: working directory was changed to ‘/home/biocbuild/bbs-3.11-bioc/R/library/seqTools/extdata’, resetting Warning: working directory was changed to ‘/home/biocbuild/bbs-3.11-bioc/R/library/seqTools/extdata’, resetting * checking for unstated dependencies in ‘tests’ ... OK * checking tests ... Running ‘test-all.R’ Running ‘test_seqTools.r’ OK * checking for unstated dependencies in vignettes ... OK * checking package vignettes in ‘inst/doc’ ... OK * checking running R code from vignettes ... SKIPPED * checking re-building of vignette outputs ... SKIPPED * checking PDF version of manual ... OK * DONE Status: 2 WARNINGs, 1 NOTE See ‘/home/biocbuild/bbs-3.11-bioc/meat/seqTools.Rcheck/00check.log’ for details.
seqTools.Rcheck/00install.out
############################################################################## ############################################################################## ### ### Running command: ### ### /home/biocbuild/bbs-3.11-bioc/R/bin/R CMD INSTALL seqTools ### ############################################################################## ############################################################################## * installing to library ‘/home/biocbuild/bbs-3.11-bioc/R/library’ * installing *source* package ‘seqTools’ ... ** using staged installation ** libs gcc -I"/home/biocbuild/bbs-3.11-bioc/R/include" -DNDEBUG -I'/home/biocbuild/bbs-3.11-bioc/R/library/zlibbioc/include' -I/usr/local/include -fpic -g -O2 -Wall -c seqTools.c -o seqTools.o gcc -shared -L/home/biocbuild/bbs-3.11-bioc/R/lib -L/usr/local/lib -o seqTools.so seqTools.o -lm -lz -L/home/biocbuild/bbs-3.11-bioc/R/lib -lR installing to /home/biocbuild/bbs-3.11-bioc/R/library/00LOCK-seqTools/00new/seqTools/libs ** R ** inst ** byte-compile and prepare package for lazy loading ** help *** installing help indices ** building package indices ** installing vignettes ** testing if installed package can be loaded from temporary location ** checking absolute paths in shared objects and dynamic libraries ** testing if installed package can be loaded from final location ** testing if installed package keeps a record of temporary installation path * DONE (seqTools)
seqTools.Rcheck/tests/test-all.Rout
R version 4.0.3 (2020-10-10) -- "Bunny-Wunnies Freak Out"
Copyright (C) 2020 The R Foundation for Statistical Computing
Platform: x86_64-pc-linux-gnu (64-bit)
R is free software and comes with ABSOLUTELY NO WARRANTY.
You are welcome to redistribute it under certain conditions.
Type 'license()' or 'licence()' for distribution details.
R is a collaborative project with many contributors.
Type 'contributors()' for more information and
'citation()' on how to cite R or R packages in publications.
Type 'demo()' for some demos, 'help()' for on-line help, or
'help.start()' for an HTML browser interface to help.
Type 'q()' to quit R.
>
>
> ## + + + + + + + + + + + + + + + + + + + + + + + + + + + + + + + + + + + + + ##
> ## Load prerequisites
> ## + + + + + + + + + + + + + + + + + + + + + + + + + + + + + + + + + + + + + ##
>
> library(seqTools)
Loading required package: zlibbioc
>
> ## + + + + + + + + + + + + + + + + + + + + + + + + + + + + + + + + + + + + + ##
> ## Initialize example data
> ## + + + + + + + + + + + + + + + + + + + + + + + + + + + + + + + + + + + + + ##
>
> basedir<-system.file("extdata",package="seqTools")
>
> ## + + + + + + + + + + + + + + + + + + + + + + + + + + + + + + + + + + + + + ##
> ## Run tests
> ## + + + + + + + + + + + + + + + + + + + + + + + + + + + + + + + + + + + + + ##
>
> filename <- "test_seqTools.R"
> basedir <- system.file("extdata", package = "seqTools")
> load(file.path(basedir,"test_res.RData"))
>
>
>
> ## + + + + + + + + + + + + + + + + + + + + + + + + + + + + + + + + + + + + + ##
> ## kmerCount.fastqq
> ## + + + + + + + + + + + + + + + + + + + + + + + + + + + + + + + + + + + + + ##
>
> fq <- fastqq(file.path(basedir, "test_l5_N.fq"), k = 2)
[fastqq] File ( 1/1) '/home/biocbuild/bbs-3.11-bioc/R/library/seqTools/extdata/test_l5_N.fq' done.
> if(!identical(kmerCount(fq), kmer_l5_N))
+ stop("[kmerCount.fastqq] Test 1 '", filename, "' FAILED!")
>
> fq<-fastqq(file.path(basedir, "test_l6.fq"), k = 2)
[fastqq] File ( 1/1) '/home/biocbuild/bbs-3.11-bioc/R/library/seqTools/extdata/test_l6.fq' done.
> if(!identical(kmerCount(fq), kmer_l6))
+ stop("[kmerCount.fastqq] Test 2 '", filename, "' FAILED!")
>
> fq<-fastqq(file.path(basedir, "test_l6_multi_line.fq"), k = 2)
[fastqq] File ( 1/1) '/home/biocbuild/bbs-3.11-bioc/R/library/seqTools/extdata/test_l6_multi_line.fq' done.
> if(!identical(kmerCount(fq), kmer_l6_ml))
+ stop("[kmerCount.fastqq] Test 3 '", filename, "' FAILED!")
>
> fq<-fastqq(file.path(basedir, "test_l10_20_40.fq"),k = 2)
[fastqq] File ( 1/1) '/home/biocbuild/bbs-3.11-bioc/R/library/seqTools/extdata/test_l10_20_40.fq' done.
> if(!identical(kmerCount(fq), kmer_l10_20))
+ stop("[kmerCount.fastqq] Test 4 '", filename, "' FAILED!")
>
> fq<-fastqq(file.path(basedir, "test_l10_atcg.fq"), k = 2)
[fastqq] File ( 1/1) '/home/biocbuild/bbs-3.11-bioc/R/library/seqTools/extdata/test_l10_atcg.fq' done.
> if(!identical(kmerCount(fq), kmer_l10_atcg))
+ stop("[kmerCount.fastqq] Test 5 '", filename, "' FAILED!")
>
> fq<-fastqq(file.path(basedir, "test_l10_ATCGN.fq"), k = 2)
[fastqq] File ( 1/1) '/home/biocbuild/bbs-3.11-bioc/R/library/seqTools/extdata/test_l10_ATCGN.fq' done.
> if(!identical(kmerCount(fq), kmer_l10_ATCGN))
+ stop("[kmerCount.fastqq] Test 6 '", filename, "' FAILED!")
>
> # Counting k-mers on linux ('\n') and equal windows ('\r\n')
> # formatted FASTQ file should give equal results
> # fq<-fastqq(file.path(basedir, c("test_l4.fq", "test_win.fq")), k = 2)
> # kc <- kmerCount(fq)
> # if(!all(kc[,1]==kc[,2]))
> # stop("[kmerCount.fastqq] test_l4: kmerCount unequal to test_win.fq")
>
> ## + + + + + + + + + + + + + + + + + + + + + + + + + + + + + + + + + + + + + ##
> ## ascii2char, char2ascii
> ## + + + + + + + + + + + + + + + + + + + + + + + + + + + + + + + + + + + + + ##
>
> if(!identical(ascii2char(97:101, multiple = FALSE), "abcde"))
+ stop("[ascii2char] Test 1 '", filename, "' FAILED!")
>
> if(!identical(ascii2char(97:101, multiple = TRUE), letters[1:5]))
+ stop("[ascii2char] Test 2 '", filename, "' FAILED!")
>
> if(!identical(ascii2char(char2ascii("abcde")), "abcde"))
+ stop("[ascii2char] Test 3 '", filename, "' FAILED!")
>
> if(!identical(char2ascii("abcde"), 97:101))
+ stop("[char2ascii] Test 1 '", filename, "' FAILED!")
>
> ## + + + + + + + + + + + + + + + + + + + + + + + + + + + + + + + + + + + + + ##
> ## END OF FILE
> ## + + + + + + + + + + + + + + + + + + + + + + + + + + + + + + + + + + + + + ##
>
>
> proc.time()
user system elapsed
0.249 0.033 0.268
seqTools.Rcheck/tests/test_seqTools.Rout
R version 4.0.3 (2020-10-10) -- "Bunny-Wunnies Freak Out"
Copyright (C) 2020 The R Foundation for Statistical Computing
Platform: x86_64-pc-linux-gnu (64-bit)
R is free software and comes with ABSOLUTELY NO WARRANTY.
You are welcome to redistribute it under certain conditions.
Type 'license()' or 'licence()' for distribution details.
R is a collaborative project with many contributors.
Type 'contributors()' for more information and
'citation()' on how to cite R or R packages in publications.
Type 'demo()' for some demos, 'help()' for on-line help, or
'help.start()' for an HTML browser interface to help.
Type 'q()' to quit R.
>
> ## + + + + + + + + + + + + + + + + + + + + + + + + + + + + + + + + + + + + + ##
> ## Load prerequisites
> ## + + + + + + + + + + + + + + + + + + + + + + + + + + + + + + + + + + + + + ##
>
> library(seqTools)
Loading required package: zlibbioc
>
> ## + + + + + + + + + + + + + + + + + + + + + + + + + + + + + + + + + + + + + ##
> ## Initialize example data
> ## + + + + + + + + + + + + + + + + + + + + + + + + + + + + + + + + + + + + + ##
>
> basedir<-system.file("extdata",package="seqTools")
>
> ## + + + + + + + + + + + + + + + + + + + + + + + + + + + + + + + + + + + + + ##
> ## Run tests
> ## + + + + + + + + + + + + + + + + + + + + + + + + + + + + + + + + + + + + + ##
>
> filename <- "test_seqTools.R"
> basedir <- system.file("extdata", package = "seqTools")
> load(file.path(basedir,"test_res.RData"))
>
>
> ## + + + + + + + + + + + + + + + + + + + + + + + + + + + + + + + + + + + + + ##
> ## countDnaKmers
> ## + + + + + + + + + + + + + + + + + + + + + + + + + + + + + + + + + + + + + ##
>
> if(!identical(countDnaKmers("ACGT", k = 1, start = 3:1, width = 1), cdk_ACGT))
+ stop("[countDnaKmers] Test 1 '", filename, "' FAILED!")
>
> if(!identical(countDnaKmers("ACGT", k = 1, start = 3, width = 1), cdk_ACGT_one))
+ stop("[countDnaKmers] Test 2 '", filename, "' FAILED!")
>
> if(!identical(
+ countDnaKmers("ATTNAC", k = 2, start = 1:3, width = 1), cdk_ATTNAC))
+ stop("[countDnaKmers] Test 3 '", filename, "' FAILED!")
>
> ## + + + + + + + + + + + + + + + + + + + + + + + + + + + + + + + + + + + + + ##
> ## revCountDnaKmers
> ## + + + + + + + + + + + + + + + + + + + + + + + + + + + + + + + + + + + + + ##
>
> if(!identical(
+ revCountDnaKmers("ACGTACGT", k = 2, start = 6:4, width = 2), rck_ACGT))
+ stop("[revCountDnaKmers] Test 1 '", filename, "' FAILED!")
>
>
>
> ## + + + + + + + + + + + + + + + + + + + + + + + + + + + + + + + + + + + + + ##
> ## END OF FILE
> ## + + + + + + + + + + + + + + + + + + + + + + + + + + + + + + + + + + + + + ##
>
> proc.time()
user system elapsed
0.336 0.050 0.370
seqTools.Rcheck/seqTools-Ex.timings
| name | user | system | elapsed | |
| ascii2char | 0.001 | 0.000 | 0.001 | |
| cbDistMatrix | 0.006 | 0.000 | 0.006 | |
| countDnaKmers | 0.001 | 0.000 | 0.001 | |
| countFastaKmers | 0.002 | 0.000 | 0.002 | |
| countGenomeKmers | 0.001 | 0.000 | 0.001 | |
| countSpliceKmers | 0.002 | 0.000 | 0.002 | |
| kMerIndex | 0.000 | 0.001 | 0.001 | |
| phredTable | 0.006 | 0.000 | 0.006 | |
| revCountDnaKmers | 0.001 | 0.000 | 0.000 | |
| simFastqqRunTimes | 0.001 | 0.000 | 0.000 | |
| sim_fq | 0 | 0 | 0 | |
| writeFai | 0 | 0 | 0 | |
| writeSimContFastq | 0.000 | 0.001 | 0.000 | |
| writeSimFastq | 0.000 | 0.001 | 0.001 | |