| Back to Multiple platform build/check report for BioC 3.11 |
|
This page was generated on 2020-10-17 11:57:29 -0400 (Sat, 17 Oct 2020).
| TO THE DEVELOPERS/MAINTAINERS OF THE pRoloc PACKAGE: Please make sure to use the following settings in order to reproduce any error or warning you see on this page. |
| Package 1361/1905 | Hostname | OS / Arch | INSTALL | BUILD | CHECK | BUILD BIN | ||||||
| pRoloc 1.28.0 Laurent Gatto
| malbec2 | Linux (Ubuntu 18.04.4 LTS) / x86_64 | OK | OK | OK | |||||||
| tokay2 | Windows Server 2012 R2 Standard / x64 | OK | OK | [ WARNINGS ] | OK | |||||||
| machv2 | macOS 10.14.6 Mojave / x86_64 | OK | OK | OK | OK |
| Package: pRoloc |
| Version: 1.28.0 |
| Command: C:\Users\biocbuild\bbs-3.11-bioc\R\bin\R.exe CMD check --force-multiarch --install=check:pRoloc.install-out.txt --library=C:\Users\biocbuild\bbs-3.11-bioc\R\library --no-vignettes --timings pRoloc_1.28.0.tar.gz |
| StartedAt: 2020-10-17 07:05:59 -0400 (Sat, 17 Oct 2020) |
| EndedAt: 2020-10-17 07:26:27 -0400 (Sat, 17 Oct 2020) |
| EllapsedTime: 1227.9 seconds |
| RetCode: 0 |
| Status: WARNINGS |
| CheckDir: pRoloc.Rcheck |
| Warnings: 1 |
##############################################################################
##############################################################################
###
### Running command:
###
### C:\Users\biocbuild\bbs-3.11-bioc\R\bin\R.exe CMD check --force-multiarch --install=check:pRoloc.install-out.txt --library=C:\Users\biocbuild\bbs-3.11-bioc\R\library --no-vignettes --timings pRoloc_1.28.0.tar.gz
###
##############################################################################
##############################################################################
* using log directory 'C:/Users/biocbuild/bbs-3.11-bioc/meat/pRoloc.Rcheck'
* using R version 4.0.3 (2020-10-10)
* using platform: x86_64-w64-mingw32 (64-bit)
* using session charset: ISO8859-1
* using option '--no-vignettes'
* checking for file 'pRoloc/DESCRIPTION' ... OK
* checking extension type ... Package
* this is package 'pRoloc' version '1.28.0'
* checking package namespace information ... OK
* checking package dependencies ... OK
* checking if this is a source package ... OK
* checking if there is a namespace ... OK
* checking for hidden files and directories ... OK
* checking for portable file names ... OK
* checking whether package 'pRoloc' can be installed ... WARNING
Found the following significant warnings:
Rd warning: C:/Users/biocbuild/bbs-3.11-bioc/tmpdir/RtmpO25YWc/R.INSTALL23506f25495a/pRoloc/man/tagm-map.Rd:28: file link 'MSnSet' in package 'MSnbase' does not exist and so has been treated as a topic
Rd warning: C:/Users/biocbuild/bbs-3.11-bioc/tmpdir/RtmpO25YWc/R.INSTALL23506f25495a/pRoloc/man/tagm-map.Rd:91: file link 'MSnSet' in package 'MSnbase' does not exist and so has been treated as a topic
Rd warning: C:/Users/biocbuild/bbs-3.11-bioc/tmpdir/RtmpO25YWc/R.INSTALL23506f25495a/pRoloc/man/tagm-map.Rd:80: file link 'MSnSet' in package 'MSnbase' does not exist and so has been treated as a topic
Rd warning: C:/Users/biocbuild/bbs-3.11-bioc/tmpdir/RtmpO25YWc/R.INSTALL23506f25495a/pRoloc/man/tagm-mcmc.Rd:24: file link 'MSnSet' in package 'MSnbase' does not exist and so has been treated as a topic
Rd warning: C:/Users/biocbuild/bbs-3.11-bioc/tmpdir/RtmpO25YWc/R.INSTALL23506f25495a/pRoloc/man/tagm-mcmc.Rd:115: file link 'MSnSet' in package 'MSnbase' does not exist and so has been treated as a topic
Rd warning: C:/Users/biocbuild/bbs-3.11-bioc/tmpdir/RtmpO25YWc/R.INSTALL23506f25495a/pRoloc/man/tagm-mcmc.Rd:90: file link 'MSnSet' in package 'MSnbase' does not exist and so has been treated as a topic
See 'C:/Users/biocbuild/bbs-3.11-bioc/meat/pRoloc.Rcheck/00install.out' for details.
* checking installed package size ... OK
* checking package directory ... OK
* checking 'build' directory ... OK
* checking DESCRIPTION meta-information ... OK
* checking top-level files ... OK
* checking for left-over files ... OK
* checking index information ... OK
* checking package subdirectories ... OK
* checking R files for non-ASCII characters ... OK
* checking R files for syntax errors ... OK
* loading checks for arch 'i386'
** checking whether the package can be loaded ... OK
** checking whether the package can be loaded with stated dependencies ... OK
** checking whether the package can be unloaded cleanly ... OK
** checking whether the namespace can be loaded with stated dependencies ... OK
** checking whether the namespace can be unloaded cleanly ... OK
* loading checks for arch 'x64'
** checking whether the package can be loaded ... OK
** checking whether the package can be loaded with stated dependencies ... OK
** checking whether the package can be unloaded cleanly ... OK
** checking whether the namespace can be loaded with stated dependencies ... OK
** checking whether the namespace can be unloaded cleanly ... OK
* checking dependencies in R code ... NOTE
':::' calls which should be '::':
'MLInterfaces:::.macroF1' 'MLInterfaces:::.precision'
'MLInterfaces:::.recall' 'MLInterfaces:::es2df'
See the note in ?`:::` about the use of this operator.
Unexported object imported by a ':::' call: 'caret:::predict.plsda'
See the note in ?`:::` about the use of this operator.
* checking S3 generic/method consistency ... OK
* checking replacement functions ... OK
* checking foreign function calls ... OK
* checking R code for possible problems ... NOTE
Found the following possibly unsafe calls:
File 'pRoloc/R/annotation.R':
unlockBinding("params", .pRolocEnv)
* checking Rd files ... OK
* checking Rd metadata ... OK
* checking Rd cross-references ... OK
* checking for missing documentation entries ... OK
* checking for code/documentation mismatches ... OK
* checking Rd \usage sections ... OK
* checking Rd contents ... OK
* checking for unstated dependencies in examples ... OK
* checking contents of 'data' directory ... OK
* checking data for non-ASCII characters ... OK
* checking data for ASCII and uncompressed saves ... OK
* checking line endings in C/C++/Fortran sources/headers ... OK
* checking line endings in Makefiles ... OK
* checking compilation flags in Makevars ... OK
* checking for GNU extensions in Makefiles ... OK
* checking for portable use of $(BLAS_LIBS) and $(LAPACK_LIBS) ... OK
* checking use of PKG_*FLAGS in Makefiles ... OK
* checking compiled code ... NOTE
Note: information on .o files for i386 is not available
Note: information on .o files for x64 is not available
File 'C:/Users/biocbuild/bbs-3.11-bioc/R/library/pRoloc/libs/i386/pRoloc.dll':
Found 'abort', possibly from 'abort' (C), 'runtime' (Fortran)
Found 'exit', possibly from 'exit' (C), 'stop' (Fortran)
Found 'printf', possibly from 'printf' (C)
File 'C:/Users/biocbuild/bbs-3.11-bioc/R/library/pRoloc/libs/x64/pRoloc.dll':
Found 'abort', possibly from 'abort' (C), 'runtime' (Fortran)
Found 'exit', possibly from 'exit' (C), 'stop' (Fortran)
Found 'printf', possibly from 'printf' (C)
Compiled code should not call entry points which might terminate R nor
write to stdout/stderr instead of to the console, nor use Fortran I/O
nor system RNGs. The detected symbols are linked into the code but
might come from libraries and not actually be called.
See 'Writing portable packages' in the 'Writing R Extensions' manual.
* checking files in 'vignettes' ... OK
* checking examples ...
** running examples for arch 'i386' ... OK
Examples with CPU (user + system) or elapsed time > 5s
user system elapsed
AnnotationParams-class 21.08 0.08 28.45
perTurboClassification 14.41 0.02 14.44
ClustDist-class 9.44 0.49 13.72
addGoAnnotations 8.22 0.54 12.41
ClustDistList-class 8.16 0.32 13.05
clustDist 8.12 0.28 12.50
nnetClassification 7.37 0.08 7.47
svmClassification 7.14 0.01 7.16
SpatProtVis-class 6.98 0.12 7.11
rfClassification 6.53 0.17 6.73
** running examples for arch 'x64' ... OK
Examples with CPU (user + system) or elapsed time > 5s
user system elapsed
AnnotationParams-class 16.26 0.11 22.80
perTurboClassification 12.44 0.00 12.43
ClustDistList-class 8.38 0.24 12.25
ClustDist-class 7.84 0.17 11.54
clustDist 7.73 0.17 11.39
rfClassification 7.14 0.31 7.45
addGoAnnotations 7.03 0.21 11.22
nnetClassification 7.19 0.00 7.20
SpatProtVis-class 6.87 0.21 7.12
svmClassification 7.08 0.00 7.08
ksvmClassification 6.42 0.05 6.47
* checking for unstated dependencies in 'tests' ... OK
* checking tests ...
** running tests for arch 'i386' ...
Running 'testthat.R'
OK
** running tests for arch 'x64' ...
Running 'testthat.R'
OK
* checking for unstated dependencies in vignettes ... OK
* checking package vignettes in 'inst/doc' ... OK
* checking running R code from vignettes ... SKIPPED
* checking re-building of vignette outputs ... SKIPPED
* checking PDF version of manual ... OK
* DONE
Status: 1 WARNING, 3 NOTEs
See
'C:/Users/biocbuild/bbs-3.11-bioc/meat/pRoloc.Rcheck/00check.log'
for details.
pRoloc.Rcheck/00install.out
##############################################################################
##############################################################################
###
### Running command:
###
### C:\cygwin\bin\curl.exe -O https://malbec2.bioconductor.org/BBS/3.11/bioc/src/contrib/pRoloc_1.28.0.tar.gz && rm -rf pRoloc.buildbin-libdir && mkdir pRoloc.buildbin-libdir && C:\Users\biocbuild\bbs-3.11-bioc\R\bin\R.exe CMD INSTALL --merge-multiarch --build --library=pRoloc.buildbin-libdir pRoloc_1.28.0.tar.gz && C:\Users\biocbuild\bbs-3.11-bioc\R\bin\R.exe CMD INSTALL pRoloc_1.28.0.zip && rm pRoloc_1.28.0.tar.gz pRoloc_1.28.0.zip
###
##############################################################################
##############################################################################
% Total % Received % Xferd Average Speed Time Time Time Current
Dload Upload Total Spent Left Speed
0 0 0 0 0 0 0 0 --:--:-- --:--:-- --:--:-- 0
100 2527k 100 2527k 0 0 13.6M 0 --:--:-- --:--:-- --:--:-- 14.1M
install for i386
* installing *source* package 'pRoloc' ...
** using staged installation
** libs
"C:/rtools40/mingw32/bin/"g++ -std=gnu++11 -I"C:/Users/BIOCBU~1/BBS-3~1.11-/R/include" -DNDEBUG -I'C:/Users/biocbuild/bbs-3.11-bioc/R/library/Rcpp/include' -I'C:/Users/biocbuild/bbs-3.11-bioc/R/library/RcppArmadillo/include' -I"C:/extsoft/include" -O2 -Wall -mfpmath=sse -msse2 -mstackrealign -c RcppExports.cpp -o RcppExports.o
"C:/rtools40/mingw32/bin/"g++ -std=gnu++11 -I"C:/Users/BIOCBU~1/BBS-3~1.11-/R/include" -DNDEBUG -I'C:/Users/biocbuild/bbs-3.11-bioc/R/library/Rcpp/include' -I'C:/Users/biocbuild/bbs-3.11-bioc/R/library/RcppArmadillo/include' -I"C:/extsoft/include" -O2 -Wall -mfpmath=sse -msse2 -mstackrealign -c dmvtCpp.cpp -o dmvtCpp.o
"C:/rtools40/mingw32/bin/"g++ -std=gnu++11 -I"C:/Users/BIOCBU~1/BBS-3~1.11-/R/include" -DNDEBUG -I'C:/Users/biocbuild/bbs-3.11-bioc/R/library/Rcpp/include' -I'C:/Users/biocbuild/bbs-3.11-bioc/R/library/RcppArmadillo/include' -I"C:/extsoft/include" -O2 -Wall -mfpmath=sse -msse2 -mstackrealign -c pRoloc.cpp -o pRoloc.o
C:/rtools40/mingw32/bin/g++ -std=gnu++11 -shared -s -static-libgcc -o pRoloc.dll tmp.def RcppExports.o dmvtCpp.o pRoloc.o -LC:/Users/BIOCBU~1/BBS-3~1.11-/R/bin/i386 -lRlapack -LC:/Users/BIOCBU~1/BBS-3~1.11-/R/bin/i386 -lRblas -lgfortran -lm -lquadmath -LC:/extsoft/lib/i386 -LC:/extsoft/lib -LC:/Users/BIOCBU~1/BBS-3~1.11-/R/bin/i386 -lR
installing to C:/Users/biocbuild/bbs-3.11-bioc/meat/pRoloc.buildbin-libdir/00LOCK-pRoloc/00new/pRoloc/libs/i386
** R
** data
** inst
** byte-compile and prepare package for lazy loading
** help
*** installing help indices
converting help for package 'pRoloc'
finding HTML links ... done
AnnotationParams-class html
ClustDist-class html
ClustDistList-class html
GenRegRes-class html
finding level-2 HTML links ... done
MCMCParams html
MLearn-methods html
MartInstance-class html
QSep-class html
SpatProtVis-class html
addGoAnnotations html
addLegend html
addMarkers html
checkFeatureNamesOverlap html
checkFvarOverlap html
chi2-methods html
classWeights html
clustDist html
defunct html
empPvalues html
fDataToUnknown html
filterBinMSnSet html
filterMaxMarkers html
filterMinMarkers html
filterZeroCols html
getGOFromFeatures html
getMarkerClasses html
getMarkers html
getNormDist html
getPredictions html
getStockcol html
goIdToTerm html
highlightOnPlot html
knnClassification html
knnOptimisation html
knntlClassification html
knntlOptimisation html
ksvmClassification html
ksvmOptimisation html
lopims html
makeGoSet html
markerMSnSet html
markers html
mcmc-helpers html
minMarkers html
mixing_posterior_check html
move2Ds html
mrkConsProfiles html
mrkHClust html
nbClassification html
nbOptimisation html
nicheMeans2D html
nndist-methods html
nnetClassification html
nnetOptimisation html
orderGoAnnotations html
orgQuants html
pRolocmarkers html
perTurboClassification html
perTurboOptimisation html
phenoDisco html
plot2D html
plot2Ds html
plotConsProfiles html
plotDist html
plotEllipse html
plsdaClassification html
plsdaOptimisation html
rfClassification html
rfOptimisation html
sampleMSnSet html
showGOEvidenceCodes html
spatial2D html
subsetMarkers html
svmClassification html
svmOptimisation html
tagm-map html
Rd warning: C:/Users/biocbuild/bbs-3.11-bioc/tmpdir/RtmpO25YWc/R.INSTALL23506f25495a/pRoloc/man/tagm-map.Rd:28: file link 'MSnSet' in package 'MSnbase' does not exist and so has been treated as a topic
Rd warning: C:/Users/biocbuild/bbs-3.11-bioc/tmpdir/RtmpO25YWc/R.INSTALL23506f25495a/pRoloc/man/tagm-map.Rd:91: file link 'MSnSet' in package 'MSnbase' does not exist and so has been treated as a topic
Rd warning: C:/Users/biocbuild/bbs-3.11-bioc/tmpdir/RtmpO25YWc/R.INSTALL23506f25495a/pRoloc/man/tagm-map.Rd:80: file link 'MSnSet' in package 'MSnbase' does not exist and so has been treated as a topic
tagm-mcmc html
Rd warning: C:/Users/biocbuild/bbs-3.11-bioc/tmpdir/RtmpO25YWc/R.INSTALL23506f25495a/pRoloc/man/tagm-mcmc.Rd:24: file link 'MSnSet' in package 'MSnbase' does not exist and so has been treated as a topic
Rd warning: C:/Users/biocbuild/bbs-3.11-bioc/tmpdir/RtmpO25YWc/R.INSTALL23506f25495a/pRoloc/man/tagm-mcmc.Rd:115: file link 'MSnSet' in package 'MSnbase' does not exist and so has been treated as a topic
Rd warning: C:/Users/biocbuild/bbs-3.11-bioc/tmpdir/RtmpO25YWc/R.INSTALL23506f25495a/pRoloc/man/tagm-mcmc.Rd:90: file link 'MSnSet' in package 'MSnbase' does not exist and so has been treated as a topic
testMSnSet html
testMarkers html
thetas html
undocumented html
zerosInBinMSnSet html
** building package indices
** installing vignettes
** testing if installed package can be loaded from temporary location
** testing if installed package can be loaded from final location
** testing if installed package keeps a record of temporary installation path
install for x64
* installing *source* package 'pRoloc' ...
** libs
"C:/rtools40/mingw64/bin/"g++ -std=gnu++11 -I"C:/Users/BIOCBU~1/BBS-3~1.11-/R/include" -DNDEBUG -I'C:/Users/biocbuild/bbs-3.11-bioc/R/library/Rcpp/include' -I'C:/Users/biocbuild/bbs-3.11-bioc/R/library/RcppArmadillo/include' -I"C:/extsoft/include" -O2 -Wall -mfpmath=sse -msse2 -mstackrealign -c RcppExports.cpp -o RcppExports.o
"C:/rtools40/mingw64/bin/"g++ -std=gnu++11 -I"C:/Users/BIOCBU~1/BBS-3~1.11-/R/include" -DNDEBUG -I'C:/Users/biocbuild/bbs-3.11-bioc/R/library/Rcpp/include' -I'C:/Users/biocbuild/bbs-3.11-bioc/R/library/RcppArmadillo/include' -I"C:/extsoft/include" -O2 -Wall -mfpmath=sse -msse2 -mstackrealign -c dmvtCpp.cpp -o dmvtCpp.o
"C:/rtools40/mingw64/bin/"g++ -std=gnu++11 -I"C:/Users/BIOCBU~1/BBS-3~1.11-/R/include" -DNDEBUG -I'C:/Users/biocbuild/bbs-3.11-bioc/R/library/Rcpp/include' -I'C:/Users/biocbuild/bbs-3.11-bioc/R/library/RcppArmadillo/include' -I"C:/extsoft/include" -O2 -Wall -mfpmath=sse -msse2 -mstackrealign -c pRoloc.cpp -o pRoloc.o
C:/rtools40/mingw64/bin/g++ -std=gnu++11 -shared -s -static-libgcc -o pRoloc.dll tmp.def RcppExports.o dmvtCpp.o pRoloc.o -LC:/Users/BIOCBU~1/BBS-3~1.11-/R/bin/x64 -lRlapack -LC:/Users/BIOCBU~1/BBS-3~1.11-/R/bin/x64 -lRblas -lgfortran -lm -lquadmath -LC:/extsoft/lib/x64 -LC:/extsoft/lib -LC:/Users/BIOCBU~1/BBS-3~1.11-/R/bin/x64 -lR
installing to C:/Users/biocbuild/bbs-3.11-bioc/meat/pRoloc.buildbin-libdir/pRoloc/libs/x64
** testing if installed package can be loaded
* MD5 sums
packaged installation of 'pRoloc' as pRoloc_1.28.0.zip
* DONE (pRoloc)
* installing to library 'C:/Users/biocbuild/bbs-3.11-bioc/R/library'
package 'pRoloc' successfully unpacked and MD5 sums checked
|
pRoloc.Rcheck/tests_i386/testthat.Rout
R version 4.0.3 (2020-10-10) -- "Bunny-Wunnies Freak Out"
Copyright (C) 2020 The R Foundation for Statistical Computing
Platform: i386-w64-mingw32/i386 (32-bit)
R is free software and comes with ABSOLUTELY NO WARRANTY.
You are welcome to redistribute it under certain conditions.
Type 'license()' or 'licence()' for distribution details.
R is a collaborative project with many contributors.
Type 'contributors()' for more information and
'citation()' on how to cite R or R packages in publications.
Type 'demo()' for some demos, 'help()' for on-line help, or
'help.start()' for an HTML browser interface to help.
Type 'q()' to quit R.
>
> # The setting of R_TESTS exists to work around an R bug. See
> # https://github.com/hadley/testthat/issues/144
> # We should remove it when the issue is resolved.
> Sys.setenv("R_TESTS" = "")
>
> library("testthat")
> library("pRoloc")
Loading required package: MSnbase
Loading required package: BiocGenerics
Loading required package: parallel
Attaching package: 'BiocGenerics'
The following objects are masked from 'package:parallel':
clusterApply, clusterApplyLB, clusterCall, clusterEvalQ,
clusterExport, clusterMap, parApply, parCapply, parLapply,
parLapplyLB, parRapply, parSapply, parSapplyLB
The following objects are masked from 'package:stats':
IQR, mad, sd, var, xtabs
The following objects are masked from 'package:base':
Filter, Find, Map, Position, Reduce, anyDuplicated, append,
as.data.frame, basename, cbind, colnames, dirname, do.call,
duplicated, eval, evalq, get, grep, grepl, intersect, is.unsorted,
lapply, mapply, match, mget, order, paste, pmax, pmax.int, pmin,
pmin.int, rank, rbind, rownames, sapply, setdiff, sort, table,
tapply, union, unique, unsplit, which, which.max, which.min
Loading required package: Biobase
Welcome to Bioconductor
Vignettes contain introductory material; view with
'browseVignettes()'. To cite Bioconductor, see
'citation("Biobase")', and for packages 'citation("pkgname")'.
Loading required package: mzR
Loading required package: Rcpp
Loading required package: S4Vectors
Loading required package: stats4
Attaching package: 'S4Vectors'
The following object is masked from 'package:base':
expand.grid
Loading required package: ProtGenerics
Attaching package: 'ProtGenerics'
The following object is masked from 'package:stats':
smooth
This is MSnbase version 2.14.2
Visit https://lgatto.github.io/MSnbase/ to get started.
Attaching package: 'MSnbase'
The following object is masked from 'package:base':
trimws
Loading required package: MLInterfaces
Loading required package: annotate
Loading required package: AnnotationDbi
Loading required package: IRanges
Attaching package: 'IRanges'
The following object is masked from 'package:grDevices':
windows
Loading required package: XML
Attaching package: 'annotate'
The following object is masked from 'package:mzR':
nChrom
Loading required package: cluster
Loading required package: BiocParallel
This is pRoloc version 1.28.0
Visit https://lgatto.github.io/pRoloc/ to get started.
> library("pRolocdata")
This is pRolocdata version 1.26.0.
Use 'pRolocdata()' to list available data sets.
>
> test_check("pRoloc")
Object of class "SpatProtVis"
Data: dunkley2006
Visualisation methods: PCA, MDS, kpca
Done.
Connecting to Biomart...
Object of class "AnnotationParams"
Using the 'ENSEMBL_MART_ENSEMBL' BioMart database
Using the 'hsapiens_gene_ensembl' dataset
Using 'uniprotswissprot' as filter
Created on Sat Oct 17 07:20:28 2020
GO Term Evidence Code
Experimental Evidence Codes
EXP: Inferred from Experiment
IDA: Inferred from Direct Assay
IPI: Inferred from Physical Interaction
IMP: Inferred from Mutant Phenotype
IGI: Inferred from Genetic Interaction
IEP: Inferred from Expression Pattern
Computational Analysis Evidence Codes
ISS: Inferred from Sequence or Structural Similarity
ISO: Inferred from Sequence Orthology
ISA: Inferred from Sequence Alignment
ISM: Inferred from Sequence Model
IGC: Inferred from Genomic Context
IBA: Inferred from Biological aspect of Ancestor
IBD: Inferred from Biological aspect of Descendant
IKR: Inferred from Key Residues
IRD: Inferred from Rapid Divergence
RCA: inferred from Reviewed Computational Analysis
Author Statement Evidence Codes
TAS: Traceable Author Statement
NAS: Non-traceable Author Statement
Curator Statement Evidence Codes
IC: Inferred by Curator
ND: No biological Data available
Automatically-assigned Evidence Codes
IEA: Inferred from Electronic Annotation
Obsolete Evidence Codes
NR: Not Recorded
Connecting to Biomart...
organelleMarkers
ORG1 ORG2 ORG3 ORG4 ORG5
3 2 3 1 1
organelleMarkers
ORG1 ORG2 ORG3 ORG4 ORG5
5 2 1 1 1
organelleMarkers
ORG1 unknown
3 7
organelleMarkers
ORG1 unknown
2 8
# weights: 269
initial value 666.839513
iter 10 value 207.573433
iter 20 value 34.513121
iter 30 value 1.438035
iter 40 value 0.496168
iter 50 value 0.419018
iter 60 value 0.386372
iter 70 value 0.360129
iter 80 value 0.324298
iter 90 value 0.294123
iter 100 value 0.252996
final value 0.252996
stopped after 100 iterations
# weights: 269
initial value 666.839513
iter 10 value 207.573433
iter 20 value 34.513121
iter 30 value 1.438035
iter 40 value 0.496168
iter 50 value 0.419018
iter 60 value 0.386372
iter 70 value 0.360129
iter 80 value 0.324298
iter 90 value 0.294123
iter 100 value 0.252996
final value 0.252996
stopped after 100 iterations
Common markers: 0
Unique x markers: 49
Unique y markers: 34
Common unkowns: 11
Unique x unknowns: 40
Unique y unknowns: 66
my
mx ER lumen ER membrane Golgi Mitochondrion PM Plastid Ribosome
ER lumen 14 0 0 0 0 0 0
ER membrane 0 45 0 0 0 0 0
Golgi 0 0 28 0 0 0 0
Mitochondrion 0 0 0 55 0 0 0
PM 0 0 0 0 46 0 0
Plastid 0 0 0 0 0 20 0
Ribosome 0 0 0 0 0 0 19
TGN 0 0 0 0 0 0 0
unknown 0 0 0 0 0 0 0
vacuole 0 0 0 0 0 0 0
my
mx TGN unknown vacuole
ER lumen 0 0 0
ER membrane 0 0 0
Golgi 0 0 0
Mitochondrion 0 0 0
PM 0 0 0
Plastid 0 0 0
Ribosome 0 0 0
TGN 13 0 0
unknown 0 428 0
vacuole 0 0 21
== testthat results ===========================================================
[ OK: 146 | SKIPPED: 0 | WARNINGS: 2 | FAILED: 0 ]
>
> proc.time()
user system elapsed
174.37 3.60 218.28
|
pRoloc.Rcheck/tests_x64/testthat.Rout
R version 4.0.3 (2020-10-10) -- "Bunny-Wunnies Freak Out"
Copyright (C) 2020 The R Foundation for Statistical Computing
Platform: x86_64-w64-mingw32/x64 (64-bit)
R is free software and comes with ABSOLUTELY NO WARRANTY.
You are welcome to redistribute it under certain conditions.
Type 'license()' or 'licence()' for distribution details.
R is a collaborative project with many contributors.
Type 'contributors()' for more information and
'citation()' on how to cite R or R packages in publications.
Type 'demo()' for some demos, 'help()' for on-line help, or
'help.start()' for an HTML browser interface to help.
Type 'q()' to quit R.
>
> # The setting of R_TESTS exists to work around an R bug. See
> # https://github.com/hadley/testthat/issues/144
> # We should remove it when the issue is resolved.
> Sys.setenv("R_TESTS" = "")
>
> library("testthat")
> library("pRoloc")
Loading required package: MSnbase
Loading required package: BiocGenerics
Loading required package: parallel
Attaching package: 'BiocGenerics'
The following objects are masked from 'package:parallel':
clusterApply, clusterApplyLB, clusterCall, clusterEvalQ,
clusterExport, clusterMap, parApply, parCapply, parLapply,
parLapplyLB, parRapply, parSapply, parSapplyLB
The following objects are masked from 'package:stats':
IQR, mad, sd, var, xtabs
The following objects are masked from 'package:base':
Filter, Find, Map, Position, Reduce, anyDuplicated, append,
as.data.frame, basename, cbind, colnames, dirname, do.call,
duplicated, eval, evalq, get, grep, grepl, intersect, is.unsorted,
lapply, mapply, match, mget, order, paste, pmax, pmax.int, pmin,
pmin.int, rank, rbind, rownames, sapply, setdiff, sort, table,
tapply, union, unique, unsplit, which, which.max, which.min
Loading required package: Biobase
Welcome to Bioconductor
Vignettes contain introductory material; view with
'browseVignettes()'. To cite Bioconductor, see
'citation("Biobase")', and for packages 'citation("pkgname")'.
Loading required package: mzR
Loading required package: Rcpp
Loading required package: S4Vectors
Loading required package: stats4
Attaching package: 'S4Vectors'
The following object is masked from 'package:base':
expand.grid
Loading required package: ProtGenerics
Attaching package: 'ProtGenerics'
The following object is masked from 'package:stats':
smooth
This is MSnbase version 2.14.2
Visit https://lgatto.github.io/MSnbase/ to get started.
Attaching package: 'MSnbase'
The following object is masked from 'package:base':
trimws
Loading required package: MLInterfaces
Loading required package: annotate
Loading required package: AnnotationDbi
Loading required package: IRanges
Attaching package: 'IRanges'
The following object is masked from 'package:grDevices':
windows
Loading required package: XML
Attaching package: 'annotate'
The following object is masked from 'package:mzR':
nChrom
Loading required package: cluster
Loading required package: BiocParallel
This is pRoloc version 1.28.0
Visit https://lgatto.github.io/pRoloc/ to get started.
> library("pRolocdata")
This is pRolocdata version 1.26.0.
Use 'pRolocdata()' to list available data sets.
>
> test_check("pRoloc")
Object of class "SpatProtVis"
Data: dunkley2006
Visualisation methods: PCA, MDS, kpca
Done.
Connecting to Biomart...
Object of class "AnnotationParams"
Using the 'ENSEMBL_MART_ENSEMBL' BioMart database
Using the 'hsapiens_gene_ensembl' dataset
Using 'uniprotswissprot' as filter
Created on Sat Oct 17 07:23:48 2020
GO Term Evidence Code
Experimental Evidence Codes
EXP: Inferred from Experiment
IDA: Inferred from Direct Assay
IPI: Inferred from Physical Interaction
IMP: Inferred from Mutant Phenotype
IGI: Inferred from Genetic Interaction
IEP: Inferred from Expression Pattern
Computational Analysis Evidence Codes
ISS: Inferred from Sequence or Structural Similarity
ISO: Inferred from Sequence Orthology
ISA: Inferred from Sequence Alignment
ISM: Inferred from Sequence Model
IGC: Inferred from Genomic Context
IBA: Inferred from Biological aspect of Ancestor
IBD: Inferred from Biological aspect of Descendant
IKR: Inferred from Key Residues
IRD: Inferred from Rapid Divergence
RCA: inferred from Reviewed Computational Analysis
Author Statement Evidence Codes
TAS: Traceable Author Statement
NAS: Non-traceable Author Statement
Curator Statement Evidence Codes
IC: Inferred by Curator
ND: No biological Data available
Automatically-assigned Evidence Codes
IEA: Inferred from Electronic Annotation
Obsolete Evidence Codes
NR: Not Recorded
Connecting to Biomart...
organelleMarkers
ORG1 ORG2 ORG3 ORG4 ORG5
3 2 3 1 1
organelleMarkers
ORG1 ORG2 ORG3 ORG4 ORG5
5 2 1 1 1
organelleMarkers
ORG1 unknown
3 7
organelleMarkers
ORG1 unknown
2 8
# weights: 269
initial value 666.839513
iter 10 value 207.573433
iter 20 value 34.513121
iter 30 value 1.438035
iter 40 value 0.496168
iter 50 value 0.419018
iter 60 value 0.386372
iter 70 value 0.360129
iter 80 value 0.324298
iter 90 value 0.294123
iter 100 value 0.252996
final value 0.252996
stopped after 100 iterations
# weights: 269
initial value 666.839513
iter 10 value 207.573433
iter 20 value 34.513121
iter 30 value 1.438035
iter 40 value 0.496168
iter 50 value 0.419018
iter 60 value 0.386372
iter 70 value 0.360129
iter 80 value 0.324298
iter 90 value 0.294123
iter 100 value 0.252996
final value 0.252996
stopped after 100 iterations
Common markers: 0
Unique x markers: 49
Unique y markers: 34
Common unkowns: 11
Unique x unknowns: 40
Unique y unknowns: 66
my
mx ER lumen ER membrane Golgi Mitochondrion PM Plastid Ribosome
ER lumen 14 0 0 0 0 0 0
ER membrane 0 45 0 0 0 0 0
Golgi 0 0 28 0 0 0 0
Mitochondrion 0 0 0 55 0 0 0
PM 0 0 0 0 46 0 0
Plastid 0 0 0 0 0 20 0
Ribosome 0 0 0 0 0 0 19
TGN 0 0 0 0 0 0 0
unknown 0 0 0 0 0 0 0
vacuole 0 0 0 0 0 0 0
my
mx TGN unknown vacuole
ER lumen 0 0 0
ER membrane 0 0 0
Golgi 0 0 0
Mitochondrion 0 0 0
PM 0 0 0
Plastid 0 0 0
Ribosome 0 0 0
TGN 13 0 0
unknown 0 428 0
vacuole 0 0 21
== testthat results ===========================================================
[ OK: 146 | SKIPPED: 0 | WARNINGS: 2 | FAILED: 0 ]
>
> proc.time()
user system elapsed
164.59 2.64 207.78
|
|
pRoloc.Rcheck/examples_i386/pRoloc-Ex.timings
|
pRoloc.Rcheck/examples_x64/pRoloc-Ex.timings
|