| Back to Multiple platform build/check report for BioC 3.11 |
|
This page was generated on 2020-10-17 11:59:02 -0400 (Sat, 17 Oct 2020).
| TO THE DEVELOPERS/MAINTAINERS OF THE multtest PACKAGE: Please make sure to use the following settings in order to reproduce any error or warning you see on this page. |
| Package 1159/1905 | Hostname | OS / Arch | INSTALL | BUILD | CHECK | BUILD BIN | ||||||
| multtest 2.44.0 Katherine S. Pollard
| malbec2 | Linux (Ubuntu 18.04.4 LTS) / x86_64 | OK | OK | WARNINGS | |||||||
| tokay2 | Windows Server 2012 R2 Standard / x64 | OK | OK | WARNINGS | OK | |||||||
| machv2 | macOS 10.14.6 Mojave / x86_64 | OK | OK | [ WARNINGS ] | OK |
| Package: multtest |
| Version: 2.44.0 |
| Command: /Library/Frameworks/R.framework/Versions/Current/Resources/bin/R CMD check --install=check:multtest.install-out.txt --library=/Library/Frameworks/R.framework/Versions/Current/Resources/library --no-vignettes --timings multtest_2.44.0.tar.gz |
| StartedAt: 2020-10-17 03:23:09 -0400 (Sat, 17 Oct 2020) |
| EndedAt: 2020-10-17 03:25:06 -0400 (Sat, 17 Oct 2020) |
| EllapsedTime: 116.8 seconds |
| RetCode: 0 |
| Status: WARNINGS |
| CheckDir: multtest.Rcheck |
| Warnings: 3 |
##############################################################################
##############################################################################
###
### Running command:
###
### /Library/Frameworks/R.framework/Versions/Current/Resources/bin/R CMD check --install=check:multtest.install-out.txt --library=/Library/Frameworks/R.framework/Versions/Current/Resources/library --no-vignettes --timings multtest_2.44.0.tar.gz
###
##############################################################################
##############################################################################
* using log directory ‘/Users/biocbuild/bbs-3.11-bioc/meat/multtest.Rcheck’
* using R version 4.0.3 (2020-10-10)
* using platform: x86_64-apple-darwin17.0 (64-bit)
* using session charset: UTF-8
* using option ‘--no-vignettes’
* checking for file ‘multtest/DESCRIPTION’ ... OK
* this is package ‘multtest’ version ‘2.44.0’
* checking package namespace information ... OK
* checking package dependencies ... OK
* checking if this is a source package ... OK
* checking if there is a namespace ... OK
* checking for hidden files and directories ... OK
* checking for portable file names ... OK
* checking for sufficient/correct file permissions ... OK
* checking whether package ‘multtest’ can be installed ... WARNING
Found the following significant warnings:
random.c:48:6: warning: absolute value function 'abs' given an argument of type 'long' but has parameter of type 'int' which may cause truncation of value [-Wabsolute-value]
See ‘/Users/biocbuild/bbs-3.11-bioc/meat/multtest.Rcheck/00install.out’ for details.
* checking installed package size ... OK
* checking package directory ... OK
* checking DESCRIPTION meta-information ... OK
* checking top-level files ... OK
* checking for left-over files ... OK
* checking index information ... OK
* checking package subdirectories ... OK
* checking R files for non-ASCII characters ... OK
* checking R files for syntax errors ... OK
* checking whether the package can be loaded ... OK
* checking whether the package can be loaded with stated dependencies ... OK
* checking whether the package can be unloaded cleanly ... OK
* checking whether the namespace can be loaded with stated dependencies ... OK
* checking whether the namespace can be unloaded cleanly ... OK
* checking dependencies in R code ... NOTE
'library' or 'require' call to ‘methods’ which was already attached by Depends.
Please remove these calls from your code.
* checking S3 generic/method consistency ... OK
* checking replacement functions ... OK
* checking foreign function calls ... OK
* checking R code for possible problems ... NOTE
File ‘multtest/R/zzz.R’:
.onLoad calls:
require(methods)
Package startup functions should not change the search path.
See section ‘Good practice’ in '?.onAttach'.
EBMTP: no visible global function definition for ‘makeCluster’
EBMTP: no visible global function definition for ‘stopCluster’
MTP: no visible global function definition for ‘makeCluster’
MTP: no visible global function definition for ‘stopCluster’
EBupdate,EBMTP: no visible binding for global variable ‘y’
update,MTP: no visible binding for global variable ‘y’
Undefined global functions or variables:
makeCluster stopCluster y
* checking Rd files ... OK
* checking Rd metadata ... OK
* checking Rd cross-references ... OK
* checking for missing documentation entries ... WARNING
Undocumented S4 methods:
generic '[' and siglist 'EBMTP,ANY,ANY,ANY'
generic '[' and siglist 'MTP,ANY,ANY,ANY'
All user-level objects in a package (including S4 classes and methods)
should have documentation entries.
See chapter ‘Writing R documentation files’ in the ‘Writing R
Extensions’ manual.
* checking for code/documentation mismatches ... OK
* checking Rd \usage sections ... OK
* checking Rd contents ... OK
* checking for unstated dependencies in examples ... OK
* checking contents of ‘data’ directory ... OK
* checking data for non-ASCII characters ... OK
* checking data for ASCII and uncompressed saves ... OK
* checking line endings in C/C++/Fortran sources/headers ... OK
* checking line endings in Makefiles ... OK
* checking compilation flags in Makevars ... OK
* checking for GNU extensions in Makefiles ... OK
* checking for portable use of $(BLAS_LIBS) and $(LAPACK_LIBS) ... OK
* checking use of PKG_*FLAGS in Makefiles ... OK
* checking compiled code ... NOTE
Note: information on .o files is not available
File ‘/Library/Frameworks/R.framework/Versions/4.0/Resources/library/multtest/libs/multtest.so’:
Found ‘___stderrp’, possibly from ‘stderr’ (C)
Compiled code should not call entry points which might terminate R nor
write to stdout/stderr instead of to the console, nor use Fortran I/O
nor system RNGs. The detected symbols are linked into the code but
might come from libraries and not actually be called.
See ‘Writing portable packages’ in the ‘Writing R Extensions’ manual.
* checking files in ‘vignettes’ ... WARNING
Files in the 'vignettes' directory but no files in 'inst/doc':
‘MTP.pdf’, ‘MTP.tex’, ‘MTPALL.pdf’, ‘golub.R’, ‘multtest.bib’,
‘multtest.pdf’
Package has no Sweave vignette sources and no VignetteBuilder field.
* checking examples ... OK
Examples with CPU (user + system) or elapsed time > 5s
user system elapsed
fwer2gfwer 6.049 0.032 6.109
* checking PDF version of manual ... OK
* DONE
Status: 3 WARNINGs, 3 NOTEs
See
‘/Users/biocbuild/bbs-3.11-bioc/meat/multtest.Rcheck/00check.log’
for details.
multtest.Rcheck/00install.out
##############################################################################
##############################################################################
###
### Running command:
###
### /Library/Frameworks/R.framework/Versions/Current/Resources/bin/R CMD INSTALL multtest
###
##############################################################################
##############################################################################
* installing to library ‘/Library/Frameworks/R.framework/Versions/4.0/Resources/library’
* installing *source* package ‘multtest’ ...
** using staged installation
** libs
clang -mmacosx-version-min=10.13 -I"/Library/Frameworks/R.framework/Resources/include" -DNDEBUG -I/usr/local/include -DUSEDOUBLE -fPIC -Wall -g -O2 -c Rpack.c -o Rpack.o
clang -mmacosx-version-min=10.13 -I"/Library/Frameworks/R.framework/Resources/include" -DNDEBUG -I/usr/local/include -DUSEDOUBLE -fPIC -Wall -g -O2 -c VScount.c -o VScount.o
clang -mmacosx-version-min=10.13 -I"/Library/Frameworks/R.framework/Resources/include" -DNDEBUG -I/usr/local/include -DUSEDOUBLE -fPIC -Wall -g -O2 -c block_sampling_fixed.c -o block_sampling_fixed.o
clang -mmacosx-version-min=10.13 -I"/Library/Frameworks/R.framework/Resources/include" -DNDEBUG -I/usr/local/include -DUSEDOUBLE -fPIC -Wall -g -O2 -c bootloop.c -o bootloop.o
clang -mmacosx-version-min=10.13 -I"/Library/Frameworks/R.framework/Resources/include" -DNDEBUG -I/usr/local/include -DUSEDOUBLE -fPIC -Wall -g -O2 -c mt.c -o mt.o
clang -mmacosx-version-min=10.13 -I"/Library/Frameworks/R.framework/Resources/include" -DNDEBUG -I/usr/local/include -DUSEDOUBLE -fPIC -Wall -g -O2 -c pairt_sampling.c -o pairt_sampling.o
clang -mmacosx-version-min=10.13 -I"/Library/Frameworks/R.framework/Resources/include" -DNDEBUG -I/usr/local/include -DUSEDOUBLE -fPIC -Wall -g -O2 -c pairt_sampling_fixed.c -o pairt_sampling_fixed.o
clang -mmacosx-version-min=10.13 -I"/Library/Frameworks/R.framework/Resources/include" -DNDEBUG -I/usr/local/include -DUSEDOUBLE -fPIC -Wall -g -O2 -c random.c -o random.o
random.c:48:6: warning: absolute value function 'abs' given an argument of type 'long' but has parameter of type 'int' which may cause truncation of value [-Wabsolute-value]
z1=abs(seed); /*setting the seed to z1 and initialize it*/
^
random.c:48:6: note: use function 'labs' instead
z1=abs(seed); /*setting the seed to z1 and initialize it*/
^~~
labs
1 warning generated.
clang -mmacosx-version-min=10.13 -I"/Library/Frameworks/R.framework/Resources/include" -DNDEBUG -I/usr/local/include -DUSEDOUBLE -fPIC -Wall -g -O2 -c sampling.c -o sampling.o
clang -mmacosx-version-min=10.13 -I"/Library/Frameworks/R.framework/Resources/include" -DNDEBUG -I/usr/local/include -DUSEDOUBLE -fPIC -Wall -g -O2 -c sampling_fixed.c -o sampling_fixed.o
clang -mmacosx-version-min=10.13 -I"/Library/Frameworks/R.framework/Resources/include" -DNDEBUG -I/usr/local/include -DUSEDOUBLE -fPIC -Wall -g -O2 -c stat_func.c -o stat_func.o
clang -mmacosx-version-min=10.13 -I"/Library/Frameworks/R.framework/Resources/include" -DNDEBUG -I/usr/local/include -DUSEDOUBLE -fPIC -Wall -g -O2 -c stat_order.c -o stat_order.o
clang -mmacosx-version-min=10.13 -dynamiclib -Wl,-headerpad_max_install_names -undefined dynamic_lookup -single_module -multiply_defined suppress -L/Library/Frameworks/R.framework/Resources/lib -L/usr/local/lib -o multtest.so Rpack.o VScount.o block_sampling_fixed.o bootloop.o mt.o pairt_sampling.o pairt_sampling_fixed.o random.o sampling.o sampling_fixed.o stat_func.o stat_order.o -lm -F/Library/Frameworks/R.framework/.. -framework R -Wl,-framework -Wl,CoreFoundation
installing to /Library/Frameworks/R.framework/Versions/4.0/Resources/library/00LOCK-multtest/00new/multtest/libs
** R
** data
** inst
** byte-compile and prepare package for lazy loading
** help
*** installing help indices
** building package indices
** installing vignettes
** testing if installed package can be loaded from temporary location
** checking absolute paths in shared objects and dynamic libraries
** testing if installed package can be loaded from final location
** testing if installed package keeps a record of temporary installation path
* DONE (multtest)
multtest.Rcheck/multtest-Ex.timings
| name | user | system | elapsed | |
| EBMTP-class | 0 | 0 | 0 | |
| EBMTP | 0.397 | 0.011 | 0.409 | |
| Hsets | 0.358 | 0.005 | 0.364 | |
| MTP-class | 0.000 | 0.000 | 0.001 | |
| MTP | 1.038 | 0.007 | 1.047 | |
| boot.null | 0.055 | 0.002 | 0.057 | |
| corr.null | 0.028 | 0.003 | 0.031 | |
| fwer2gfwer | 6.049 | 0.032 | 6.109 | |
| get.index | 0.506 | 0.016 | 0.522 | |
| meanX | 0.013 | 0.002 | 0.014 | |
| mt.maxT | 4.584 | 0.046 | 4.633 | |
| mt.plot | 0.355 | 0.010 | 0.366 | |
| mt.rawp2adjp | 0.339 | 0.006 | 0.345 | |
| mt.reject | 0.346 | 0.006 | 0.351 | |
| mt.sample.teststat | 0.138 | 0.011 | 0.151 | |
| mt.teststat | 0.232 | 0.020 | 0.254 | |
| ss.maxT | 0 | 0 | 0 | |
| wapply | 0.001 | 0.001 | 0.001 | |