| Back to Multiple platform build/check report for BioC 3.11 |
|
This page was generated on 2020-10-17 11:58:44 -0400 (Sat, 17 Oct 2020).
| TO THE DEVELOPERS/MAINTAINERS OF THE immunoClust PACKAGE: Please make sure to use the following settings in order to reproduce any error or warning you see on this page. |
| Package 870/1905 | Hostname | OS / Arch | INSTALL | BUILD | CHECK | BUILD BIN | ||||||
| immunoClust 1.20.1 Till Soerensen
| malbec2 | Linux (Ubuntu 18.04.4 LTS) / x86_64 | OK | OK | WARNINGS | |||||||
| tokay2 | Windows Server 2012 R2 Standard / x64 | OK | OK | WARNINGS | OK | |||||||
| machv2 | macOS 10.14.6 Mojave / x86_64 | OK | OK | [ WARNINGS ] | OK |
| Package: immunoClust |
| Version: 1.20.1 |
| Command: /Library/Frameworks/R.framework/Versions/Current/Resources/bin/R CMD check --install=check:immunoClust.install-out.txt --library=/Library/Frameworks/R.framework/Versions/Current/Resources/library --no-vignettes --timings immunoClust_1.20.1.tar.gz |
| StartedAt: 2020-10-17 02:10:24 -0400 (Sat, 17 Oct 2020) |
| EndedAt: 2020-10-17 02:15:08 -0400 (Sat, 17 Oct 2020) |
| EllapsedTime: 284.3 seconds |
| RetCode: 0 |
| Status: WARNINGS |
| CheckDir: immunoClust.Rcheck |
| Warnings: 1 |
##############################################################################
##############################################################################
###
### Running command:
###
### /Library/Frameworks/R.framework/Versions/Current/Resources/bin/R CMD check --install=check:immunoClust.install-out.txt --library=/Library/Frameworks/R.framework/Versions/Current/Resources/library --no-vignettes --timings immunoClust_1.20.1.tar.gz
###
##############################################################################
##############################################################################
* using log directory ‘/Users/biocbuild/bbs-3.11-bioc/meat/immunoClust.Rcheck’
* using R version 4.0.3 (2020-10-10)
* using platform: x86_64-apple-darwin17.0 (64-bit)
* using session charset: UTF-8
* using option ‘--no-vignettes’
* checking for file ‘immunoClust/DESCRIPTION’ ... OK
* checking extension type ... Package
* this is package ‘immunoClust’ version ‘1.20.1’
* checking package namespace information ... OK
* checking package dependencies ... OK
* checking if this is a source package ... OK
* checking if there is a namespace ... OK
* checking for hidden files and directories ... OK
* checking for portable file names ... OK
* checking for sufficient/correct file permissions ... OK
* checking whether package ‘immunoClust’ can be installed ... OK
* checking installed package size ... OK
* checking package directory ... OK
* checking ‘build’ directory ... OK
* checking DESCRIPTION meta-information ... OK
* checking top-level files ... OK
* checking for left-over files ... OK
* checking index information ... OK
* checking package subdirectories ... OK
* checking R files for non-ASCII characters ... OK
* checking R files for syntax errors ... OK
* checking whether the package can be loaded ... OK
* checking whether the package can be loaded with stated dependencies ... OK
* checking whether the package can be unloaded cleanly ... OK
* checking whether the namespace can be loaded with stated dependencies ... OK
* checking whether the namespace can be unloaded cleanly ... OK
* checking dependencies in R code ... OK
* checking S3 generic/method consistency ... OK
* checking replacement functions ... OK
* checking foreign function calls ... OK
* checking R code for possible problems ... OK
* checking Rd files ... OK
* checking Rd metadata ... OK
* checking Rd cross-references ... OK
* checking for missing documentation entries ... OK
* checking for code/documentation mismatches ... OK
* checking Rd \usage sections ... OK
* checking Rd contents ... OK
* checking for unstated dependencies in examples ... OK
* checking contents of ‘data’ directory ... OK
* checking data for non-ASCII characters ... OK
* checking data for ASCII and uncompressed saves ... OK
* checking line endings in shell scripts ... OK
* checking line endings in C/C++/Fortran sources/headers ... OK
* checking line endings in Makefiles ... OK
* checking compilation flags in Makevars ... OK
* checking for GNU extensions in Makefiles ... OK
* checking for portable use of $(BLAS_LIBS) and $(LAPACK_LIBS) ... OK
* checking use of PKG_*FLAGS in Makefiles ... OK
* checking compiled code ... NOTE
Note: information on .o files is not available
File ‘/Library/Frameworks/R.framework/Versions/4.0/Resources/library/immunoClust/libs/immunoClust.so’:
Found ‘___stderrp’, possibly from ‘stderr’ (C)
Found ‘___stdoutp’, possibly from ‘stdout’ (C)
Found ‘_abort’, possibly from ‘abort’ (C)
Compiled code should not call entry points which might terminate R nor
write to stdout/stderr instead of to the console, nor use Fortran I/O
nor system RNGs. The detected symbols are linked into the code but
might come from libraries and not actually be called.
See ‘Writing portable packages’ in the ‘Writing R Extensions’ manual.
* checking sizes of PDF files under ‘inst/doc’ ... OK
* checking files in ‘vignettes’ ... OK
* checking examples ... WARNING
Found the following significant warnings:
Warning: '.local' is deprecated.
Warning: '.local' is deprecated.
Warning: '.local' is deprecated.
Warning: '.local' is deprecated.
Warning: '.local' is deprecated.
Warning: '.local' is deprecated.
Warning: '.local' is deprecated.
Warning: '.local' is deprecated.
Warning: '.local' is deprecated.
Warning: '.local' is deprecated.
Warning: '.local' is deprecated.
Warning: '.local' is deprecated.
Warning: '.local' is deprecated.
Warning: '.local' is deprecated.
Warning: '.local' is deprecated.
Warning: '.local' is deprecated.
Warning: '.local' is deprecated.
Warning: '.local' is deprecated.
Warning: '.local' is deprecated.
Warning: '.local' is deprecated.
Warning: '.local' is deprecated.
Warning: '.local' is deprecated.
Warning: '.local' is deprecated.
Warning: '.local' is deprecated.
Warning: '.local' is deprecated.
Warning: '.local' is deprecated.
Warning: '.local' is deprecated.
Warning: '.local' is deprecated.
Warning: '.local' is deprecated.
Warning: '.local' is deprecated.
Warning: '.local' is deprecated.
Deprecated functions may be defunct as soon as of the next release of
R.
See ?Deprecated.
Examples with CPU (user + system) or elapsed time > 5s
user system elapsed
dat.fcs 85.040 0.401 85.511
cell.process 81.655 0.368 82.119
cell.SubClustering 14.801 0.124 14.935
* checking for unstated dependencies in vignettes ... OK
* checking package vignettes in ‘inst/doc’ ... OK
* checking running R code from vignettes ... SKIPPED
* checking re-building of vignette outputs ... SKIPPED
* checking PDF version of manual ... OK
* DONE
Status: 1 WARNING, 1 NOTE
See
‘/Users/biocbuild/bbs-3.11-bioc/meat/immunoClust.Rcheck/00check.log’
for details.
immunoClust.Rcheck/00install.out
##############################################################################
##############################################################################
###
### Running command:
###
### /Library/Frameworks/R.framework/Versions/Current/Resources/bin/R CMD INSTALL immunoClust
###
##############################################################################
##############################################################################
* installing to library ‘/Library/Frameworks/R.framework/Versions/4.0/Resources/library’
* installing *source* package ‘immunoClust’ ...
** using staged installation
checking for pkg-config... /usr/local/bin/pkg-config
checking pkg-config is at least version 0.9.0... yes
checking for GSL... yes
configure: creating ./config.status
config.status: creating src/Makevars
** libs
clang++ -mmacosx-version-min=10.13 -std=gnu++11 -I"/Library/Frameworks/R.framework/Resources/include" -DNDEBUG -I/usr/local/include -fPIC -Wall -g -O2 -c R_meta.cpp -o R_meta.o
clang++ -mmacosx-version-min=10.13 -std=gnu++11 -I"/Library/Frameworks/R.framework/Resources/include" -DNDEBUG -I/usr/local/include -fPIC -Wall -g -O2 -c R_model.cpp -o R_model.o
clang++ -mmacosx-version-min=10.13 -std=gnu++11 -I"/Library/Frameworks/R.framework/Resources/include" -DNDEBUG -I/usr/local/include -fPIC -Wall -g -O2 -c dist_mvn.cpp -o dist_mvn.o
clang++ -mmacosx-version-min=10.13 -std=gnu++11 -I"/Library/Frameworks/R.framework/Resources/include" -DNDEBUG -I/usr/local/include -fPIC -Wall -g -O2 -c em_meta.cpp -o em_meta.o
clang++ -mmacosx-version-min=10.13 -std=gnu++11 -I"/Library/Frameworks/R.framework/Resources/include" -DNDEBUG -I/usr/local/include -fPIC -Wall -g -O2 -c em_meta_bc.cpp -o em_meta_bc.o
clang++ -mmacosx-version-min=10.13 -std=gnu++11 -I"/Library/Frameworks/R.framework/Resources/include" -DNDEBUG -I/usr/local/include -fPIC -Wall -g -O2 -c em_meta_kl.cpp -o em_meta_kl.o
clang++ -mmacosx-version-min=10.13 -std=gnu++11 -I"/Library/Frameworks/R.framework/Resources/include" -DNDEBUG -I/usr/local/include -fPIC -Wall -g -O2 -c em_mvn.cpp -o em_mvn.o
clang++ -mmacosx-version-min=10.13 -std=gnu++11 -I"/Library/Frameworks/R.framework/Resources/include" -DNDEBUG -I/usr/local/include -fPIC -Wall -g -O2 -c em_mvt.cpp -o em_mvt.o
clang++ -mmacosx-version-min=10.13 -std=gnu++11 -I"/Library/Frameworks/R.framework/Resources/include" -DNDEBUG -I/usr/local/include -fPIC -Wall -g -O2 -c em_mvt2.cpp -o em_mvt2.o
clang++ -mmacosx-version-min=10.13 -std=gnu++11 -I"/Library/Frameworks/R.framework/Resources/include" -DNDEBUG -I/usr/local/include -fPIC -Wall -g -O2 -c hc_meta.cpp -o hc_meta.o
clang++ -mmacosx-version-min=10.13 -std=gnu++11 -I"/Library/Frameworks/R.framework/Resources/include" -DNDEBUG -I/usr/local/include -fPIC -Wall -g -O2 -c hc_mvn.cpp -o hc_mvn.o
clang -mmacosx-version-min=10.13 -I"/Library/Frameworks/R.framework/Resources/include" -DNDEBUG -I/usr/local/include -fPIC -Wall -g -O2 -c immunoClust.c -o immunoClust.o
clang++ -mmacosx-version-min=10.13 -std=gnu++11 -I"/Library/Frameworks/R.framework/Resources/include" -DNDEBUG -I/usr/local/include -fPIC -Wall -g -O2 -c meta_norm.cpp -o meta_norm.o
clang++ -mmacosx-version-min=10.13 -std=gnu++11 -I"/Library/Frameworks/R.framework/Resources/include" -DNDEBUG -I/usr/local/include -fPIC -Wall -g -O2 -c meta_scale.cpp -o meta_scale.o
clang++ -mmacosx-version-min=10.13 -std=gnu++11 -I"/Library/Frameworks/R.framework/Resources/include" -DNDEBUG -I/usr/local/include -fPIC -Wall -g -O2 -c normalize.cpp -o normalize.o
clang++ -mmacosx-version-min=10.13 -std=gnu++11 -I"/Library/Frameworks/R.framework/Resources/include" -DNDEBUG -I/usr/local/include -fPIC -Wall -g -O2 -c sub_mvn.cpp -o sub_mvn.o
In file included from sub_mvn.cpp:10:
./sub_mvn.h:21:16: warning: private field 'W' is not used [-Wunused-private-field]
const double* W;
^
1 warning generated.
clang++ -mmacosx-version-min=10.13 -std=gnu++11 -I"/Library/Frameworks/R.framework/Resources/include" -DNDEBUG -I/usr/local/include -fPIC -Wall -g -O2 -c util.cpp -o util.o
clang++ -mmacosx-version-min=10.13 -std=gnu++11 -I"/Library/Frameworks/R.framework/Resources/include" -DNDEBUG -I/usr/local/include -fPIC -Wall -g -O2 -c vs_htrans.cpp -o vs_htrans.o
clang++ -mmacosx-version-min=10.13 -std=gnu++11 -dynamiclib -Wl,-headerpad_max_install_names -undefined dynamic_lookup -single_module -multiply_defined suppress -L/Library/Frameworks/R.framework/Resources/lib -L/usr/local/lib -o immunoClust.so R_meta.o R_model.o dist_mvn.o em_meta.o em_meta_bc.o em_meta_kl.o em_mvn.o em_mvt.o em_mvt2.o hc_meta.o hc_mvn.o immunoClust.o meta_norm.o meta_scale.o normalize.o sub_mvn.o util.o vs_htrans.o -L/usr/local/lib -lgsl -lgslcblas -lm -F/Library/Frameworks/R.framework/.. -framework R -Wl,-framework -Wl,CoreFoundation
installing to /Library/Frameworks/R.framework/Versions/4.0/Resources/library/00LOCK-immunoClust/00new/immunoClust/libs
** R
** data
** byte-compile and prepare package for lazy loading
** help
*** installing help indices
** building package indices
** installing vignettes
** testing if installed package can be loaded from temporary location
** checking absolute paths in shared objects and dynamic libraries
** testing if installed package can be loaded from final location
** testing if installed package keeps a record of temporary installation path
* DONE (immunoClust)
immunoClust.Rcheck/immunoClust-Ex.timings
| name | user | system | elapsed | |
| cell.ClustData | 1.696 | 0.019 | 1.720 | |
| cell.EM | 1.280 | 0.021 | 1.302 | |
| cell.FitModel | 1.214 | 0.026 | 1.242 | |
| cell.ME | 0.754 | 0.020 | 0.774 | |
| cell.SubClustering | 14.801 | 0.124 | 14.935 | |
| cell.hclust | 0.011 | 0.002 | 0.013 | |
| cell.process | 81.655 | 0.368 | 82.119 | |
| cell.removed | 0.016 | 0.004 | 0.021 | |
| dat.exp | 1.597 | 0.018 | 1.616 | |
| dat.fcs | 85.040 | 0.401 | 85.511 | |
| dat.meta | 0.011 | 0.002 | 0.013 | |
| immunoClust.methods | 0.004 | 0.002 | 0.007 | |
| immunoClust.object | 0.009 | 0.003 | 0.011 | |
| immunoMeta.methods | 0.005 | 0.003 | 0.009 | |
| immunoMeta.object | 0.025 | 0.006 | 0.032 | |
| meta.ME | 0.020 | 0.004 | 0.024 | |
| meta.SubClustering | 0.186 | 0.005 | 0.191 | |
| meta.clustering | 1.782 | 0.015 | 1.825 | |
| meta.export | 1.634 | 0.006 | 1.642 | |
| meta.exprs | 0.016 | 0.004 | 0.020 | |
| meta.hclust | 0.007 | 0.002 | 0.009 | |
| meta.normalize | 0.004 | 0.002 | 0.006 | |
| meta.process | 1.689 | 0.017 | 1.707 | |
| meta.regnorm | 0.009 | 0.003 | 0.012 | |
| plot.immunoClust | 0.752 | 0.027 | 0.780 | |
| plot.immunoMeta | 2.412 | 0.050 | 2.465 | |
| splom.immunoClust | 1.619 | 0.033 | 1.659 | |
| trans.ApplyToData | 0.063 | 0.004 | 0.068 | |
| trans.FitToData | 0.267 | 0.005 | 0.273 | |