This page was generated on 2020-01-16 13:52:21 -0500 (Thu, 16 Jan 2020).
glmSparseNet 1.5.0 André Veríssimo
 
| Snapshot Date: 2020-01-15 16:46:30 -0500 (Wed, 15 Jan 2020) |  
| URL: https://git.bioconductor.org/packages/glmSparseNet |  
| Branch: master |  
| Last Commit: b4da147 |  
| Last Changed Date: 2019-10-29 13:43:19 -0500 (Tue, 29 Oct 2019) |  
 
 | malbec2  | Linux (Ubuntu 18.04.3 LTS) / x86_64  |  OK  |  ERROR  |  skipped  |  |  | 
| tokay2  | Windows Server 2012 R2 Standard / x64  |  OK  |  ERROR  |  skipped  |  skipped  |  | 
| celaya2  | OS X 10.11.6 El Capitan / x86_64  |  OK  | [ ERROR ] |  skipped  |  skipped  |  | 
##############################################################################
##############################################################################
###
### Running command:
###
###   /Library/Frameworks/R.framework/Versions/Current/Resources/bin/R CMD build --keep-empty-dirs --no-resave-data glmSparseNet
###
##############################################################################
##############################################################################
* checking for file ‘glmSparseNet/DESCRIPTION’ ... OK
* preparing ‘glmSparseNet’:
* checking DESCRIPTION meta-information ... OK
* installing the package to build vignettes
* creating vignettes ... ERROR
--- re-building ‘example_brca_logistic.Rmd’ using rmarkdown
Attaching package: 'dplyr'
The following objects are masked from 'package:stats':
    filter, lag
The following objects are masked from 'package:base':
    intersect, setdiff, setequal, union
Loading required package: MultiAssayExperiment
Loading required package: SummarizedExperiment
Loading required package: GenomicRanges
Loading required package: stats4
Loading required package: BiocGenerics
Loading required package: parallel
Attaching package: 'BiocGenerics'
The following objects are masked from 'package:parallel':
    clusterApply, clusterApplyLB, clusterCall, clusterEvalQ,
    clusterExport, clusterMap, parApply, parCapply, parLapply,
    parLapplyLB, parRapply, parSapply, parSapplyLB
The following objects are masked from 'package:dplyr':
    combine, intersect, setdiff, union
The following objects are masked from 'package:stats':
    IQR, mad, sd, var, xtabs
The following objects are masked from 'package:base':
    Filter, Find, Map, Position, Reduce, anyDuplicated, append,
    as.data.frame, basename, cbind, colnames, dirname, do.call,
    duplicated, eval, evalq, get, grep, grepl, intersect, is.unsorted,
    lapply, mapply, match, mget, order, paste, pmax, pmax.int, pmin,
    pmin.int, rank, rbind, rownames, sapply, setdiff, sort, table,
    tapply, union, unique, unsplit, which, which.max, which.min
Loading required package: S4Vectors
Attaching package: 'S4Vectors'
The following objects are masked from 'package:dplyr':
    first, rename
The following object is masked from 'package:base':
    expand.grid
Loading required package: IRanges
Attaching package: 'IRanges'
The following objects are masked from 'package:dplyr':
    collapse, desc, slice
Loading required package: GenomeInfoDb
Loading required package: Biobase
Welcome to Bioconductor
    Vignettes contain introductory material; view with
    'browseVignettes()'. To cite Bioconductor, see
    'citation("Biobase")', and for packages 'citation("pkgname")'.
Loading required package: DelayedArray
Loading required package: matrixStats
Attaching package: 'matrixStats'
The following objects are masked from 'package:Biobase':
    anyMissing, rowMedians
The following object is masked from 'package:dplyr':
    count
Loading required package: BiocParallel
Attaching package: 'DelayedArray'
The following objects are masked from 'package:matrixStats':
    colMaxs, colMins, colRanges, rowMaxs, rowMins, rowRanges
The following objects are masked from 'package:base':
    aperm, apply, rowsum
Loading required package: Matrix
Attaching package: 'Matrix'
The following object is masked from 'package:S4Vectors':
    expand
Loading required package: glmnet
Loaded glmnet 3.0-2
Warning in has_utility("convert", "ImageMagick") :
  ImageMagick not installed or not in PATH
Quitting from lines 155-162 (example_brca_logistic.Rmd) 
Error: processing vignette 'example_brca_logistic.Rmd' failed with diagnostics:
Unknown colour name: 2
--- failed re-building ‘example_brca_logistic.Rmd’
--- re-building ‘example_brca_protein-protein-interactions_survival.Rmd’ using rmarkdown
Loading required package: grid
Warning in has_utility("convert", "ImageMagick") :
  ImageMagick not installed or not in PATH
Warning: NAs introduced by coercion
Warning in gsub("~m", msg, message, fixed = TRUE) :
  argument 'replacement' has length > 1 and only the first element will be used
--- finished re-building ‘example_brca_protein-protein-interactions_survival.Rmd’
--- re-building ‘example_brca_survival.Rmd’ using rmarkdown
Warning: NAs introduced by coercion
Warning in has_utility("convert", "ImageMagick") :
  ImageMagick not installed or not in PATH
--- finished re-building ‘example_brca_survival.Rmd’
--- re-building ‘example_prad_survival.Rmd’ using rmarkdown
Warning in has_utility("convert", "ImageMagick") :
  ImageMagick not installed or not in PATH
--- finished re-building ‘example_prad_survival.Rmd’
--- re-building ‘example_skcm_survival.Rmd’ using rmarkdown
Warning in max(days_to_last_followup, days_to_death, na.rm = TRUE) :
  no non-missing arguments to max; returning -Inf
Warning in max(days_to_last_followup, days_to_death, na.rm = TRUE) :
  no non-missing arguments to max; returning -Inf
Warning in max(days_to_last_followup, days_to_death, na.rm = TRUE) :
  no non-missing arguments to max; returning -Inf
Warning in max(days_to_last_followup, days_to_death, na.rm = TRUE) :
  no non-missing arguments to max; returning -Inf
Warning in max(days_to_last_followup, days_to_death, na.rm = TRUE) :
  no non-missing arguments to max; returning -Inf
Warning in max(days_to_last_followup, days_to_death, na.rm = TRUE) :
  no non-missing arguments to max; returning -Inf
Warning in max(days_to_last_followup, days_to_death, na.rm = TRUE) :
  no non-missing arguments to max; returning -Inf
Warning in max(days_to_last_followup, days_to_death, na.rm = TRUE) :
  no non-missing arguments to max; returning -Inf
Warning in max(days_to_last_followup, days_to_death, na.rm = TRUE) :
  no non-missing arguments to max; returning -Inf
Warning in max(days_to_last_followup, days_to_death, na.rm = TRUE) :
  no non-missing arguments to max; returning -Inf
Warning in max(days_to_last_followup, days_to_death, na.rm = TRUE) :
  no non-missing arguments to max; returning -Inf
Warning in max(days_to_last_followup, days_to_death, na.rm = TRUE) :
  no non-missing arguments to max; returning -Inf
Warning in max(days_to_last_followup, days_to_death, na.rm = TRUE) :
  no non-missing arguments to max; returning -Inf
Warning in max(days_to_last_followup, days_to_death, na.rm = TRUE) :
  no non-missing arguments to max; returning -Inf
Warning in max(days_to_last_followup, days_to_death, na.rm = TRUE) :
  no non-missing arguments to max; returning -Inf
Warning in max(days_to_last_followup, days_to_death, na.rm = TRUE) :
  no non-missing arguments to max; returning -Inf
Warning in max(days_to_last_followup, days_to_death, na.rm = TRUE) :
  no non-missing arguments to max; returning -Inf
Warning in max(days_to_last_followup, days_to_death, na.rm = TRUE) :
  no non-missing arguments to max; returning -Inf
Warning in has_utility("convert", "ImageMagick") :
  ImageMagick not installed or not in PATH
--- finished re-building ‘example_skcm_survival.Rmd’
SUMMARY: processing the following file failed:
  ‘example_brca_logistic.Rmd’
Error: Vignette re-building failed.
Execution halted