| Back to Multiple platform build/check report for BioC 3.11 | 
  | 
This page was generated on 2020-10-17 11:56:19 -0400 (Sat, 17 Oct 2020).
| TO THE DEVELOPERS/MAINTAINERS OF THE clusterSeq PACKAGE: Please make sure to use the following settings in order to reproduce any error or warning you see on this page. | 
| Package 320/1905 | Hostname | OS / Arch | INSTALL | BUILD | CHECK | BUILD BIN | ||||||
| clusterSeq 1.12.0 Thomas J. Hardcastle 
  | malbec2 | Linux (Ubuntu 18.04.4 LTS) / x86_64 | OK | OK | OK | |||||||
| tokay2 | Windows Server 2012 R2 Standard / x64 | OK | OK | [ WARNINGS ] | OK | |||||||
| machv2 | macOS 10.14.6 Mojave / x86_64 | OK | OK | OK | OK | 
| Package: clusterSeq | 
| Version: 1.12.0 | 
| Command: C:\Users\biocbuild\bbs-3.11-bioc\R\bin\R.exe CMD check --force-multiarch --install=check:clusterSeq.install-out.txt --library=C:\Users\biocbuild\bbs-3.11-bioc\R\library --no-vignettes --timings clusterSeq_1.12.0.tar.gz | 
| StartedAt: 2020-10-17 02:42:53 -0400 (Sat, 17 Oct 2020) | 
| EndedAt: 2020-10-17 03:04:29 -0400 (Sat, 17 Oct 2020) | 
| EllapsedTime: 1295.5 seconds | 
| RetCode: 0 | 
| Status: WARNINGS | 
| CheckDir: clusterSeq.Rcheck | 
| Warnings: 1 | 
##############################################################################
##############################################################################
###
### Running command:
###
###   C:\Users\biocbuild\bbs-3.11-bioc\R\bin\R.exe CMD check --force-multiarch --install=check:clusterSeq.install-out.txt --library=C:\Users\biocbuild\bbs-3.11-bioc\R\library --no-vignettes --timings clusterSeq_1.12.0.tar.gz
###
##############################################################################
##############################################################################
* using log directory 'C:/Users/biocbuild/bbs-3.11-bioc/meat/clusterSeq.Rcheck'
* using R version 4.0.3 (2020-10-10)
* using platform: x86_64-w64-mingw32 (64-bit)
* using session charset: ISO8859-1
* using option '--no-vignettes'
* checking for file 'clusterSeq/DESCRIPTION' ... OK
* checking extension type ... Package
* this is package 'clusterSeq' version '1.12.0'
* checking package namespace information ... OK
* checking package dependencies ... OK
* checking if this is a source package ... OK
* checking if there is a namespace ... OK
* checking for hidden files and directories ... OK
* checking for portable file names ... OK
* checking whether package 'clusterSeq' can be installed ... WARNING
Found the following significant warnings:
  Rd warning: C:/Users/biocbuild/bbs-3.11-bioc/tmpdir/RtmpO4tSd9/R.INSTALL1e3419b83cf3/clusterSeq/man/associatePosteriors.Rd:19: file link 'countData' in package 'baySeq' does not exist and so has been treated as a topic
  Rd warning: C:/Users/biocbuild/bbs-3.11-bioc/tmpdir/RtmpO4tSd9/R.INSTALL1e3419b83cf3/clusterSeq/man/associatePosteriors.Rd:33: file link 'countData' in package 'baySeq' does not exist and so has been treated as a topic
  Rd warning: C:/Users/biocbuild/bbs-3.11-bioc/tmpdir/RtmpO4tSd9/R.INSTALL1e3419b83cf3/clusterSeq/man/cD.ratThymus-data.Rd:9: file link 'countData' in package 'baySeq' does not exist and so has been treated as a topic
  Rd warning: C:/Users/biocbuild/bbs-3.11-bioc/tmpdir/RtmpO4tSd9/R.INSTALL1e3419b83cf3/clusterSeq/man/cD.ratThymus-data.Rd:19: file link 'countData' in package 'baySeq' does not exist and so has been treated as a topic
  Rd warning: C:/Users/biocbuild/bbs-3.11-bioc/tmpdir/RtmpO4tSd9/R.INSTALL1e3419b83cf3/clusterSeq/man/cD.ratThymus-data.Rd:17: file link 'countData' in package 'baySeq' does not exist and so has been treated as a topic
  Rd warning: C:/Users/biocbuild/bbs-3.11-bioc/tmpdir/RtmpO4tSd9/R.INSTALL1e3419b83cf3/clusterSeq/man/kCluster.Rd:20: file link 'countData' in package 'baySeq' does not exist and so has been treated as a topic
  Rd warning: C:/Users/biocbuild/bbs-3.11-bioc/tmpdir/RtmpO4tSd9/R.INSTALL1e3419b83cf3/clusterSeq/man/kCluster.Rd:70: file link 'countData' in package 'baySeq' does not exist and so has been treated as a topic
See 'C:/Users/biocbuild/bbs-3.11-bioc/meat/clusterSeq.Rcheck/00install.out' for details.
* checking installed package size ... OK
* checking package directory ... OK
* checking 'build' directory ... OK
* checking DESCRIPTION meta-information ... OK
* checking top-level files ... OK
* checking for left-over files ... OK
* checking index information ... OK
* checking package subdirectories ... OK
* checking R files for non-ASCII characters ... OK
* checking R files for syntax errors ... OK
* loading checks for arch 'i386'
** checking whether the package can be loaded ... OK
** checking whether the package can be loaded with stated dependencies ... OK
** checking whether the package can be unloaded cleanly ... OK
** checking whether the namespace can be loaded with stated dependencies ... OK
** checking whether the namespace can be unloaded cleanly ... OK
* loading checks for arch 'x64'
** checking whether the package can be loaded ... OK
** checking whether the package can be loaded with stated dependencies ... OK
** checking whether the package can be unloaded cleanly ... OK
** checking whether the namespace can be loaded with stated dependencies ... OK
** checking whether the namespace can be unloaded cleanly ... OK
* checking dependencies in R code ... OK
* checking S3 generic/method consistency ... OK
* checking replacement functions ... OK
* checking foreign function calls ... OK
* checking R code for possible problems ... OK
* checking Rd files ... OK
* checking Rd metadata ... OK
* checking Rd cross-references ... OK
* checking for missing documentation entries ... OK
* checking for code/documentation mismatches ... OK
* checking Rd \usage sections ... OK
* checking Rd contents ... OK
* checking for unstated dependencies in examples ... OK
* checking contents of 'data' directory ... OK
* checking data for non-ASCII characters ... OK
* checking data for ASCII and uncompressed saves ... OK
* checking files in 'vignettes' ... OK
* checking examples ...
** running examples for arch 'i386' ... OK
Examples with CPU (user + system) or elapsed time > 5s
                     user system elapsed
makeClustersFF      10.48   0.11   83.93
kCluster             3.01   0.21  151.38
wallace              2.47   0.13   79.56
clusterSeq-package   2.38   0.20  117.38
makeClusters         1.55   0.14   91.16
associatePosteriors  0.95   0.06   20.68
plotCluster          0.92   0.01   20.19
** running examples for arch 'x64' ... OK
Examples with CPU (user + system) or elapsed time > 5s
                    user system elapsed
makeClustersFF      6.14   0.04   76.48
kCluster            3.92   0.25  161.92
clusterSeq-package  3.24   0.17  116.67
wallace             3.17   0.11   83.58
makeClusters        1.73   0.14  103.52
associatePosteriors 0.97   0.03   22.02
plotCluster         0.88   0.06   19.08
* checking for unstated dependencies in vignettes ... OK
* checking package vignettes in 'inst/doc' ... OK
* checking running R code from vignettes ... SKIPPED
* checking re-building of vignette outputs ... SKIPPED
* checking PDF version of manual ... OK
* DONE
Status: 1 WARNING
See
  'C:/Users/biocbuild/bbs-3.11-bioc/meat/clusterSeq.Rcheck/00check.log'
for details.
clusterSeq.Rcheck/00install.out
##############################################################################
##############################################################################
###
### Running command:
###
###   C:\cygwin\bin\curl.exe -O https://malbec2.bioconductor.org/BBS/3.11/bioc/src/contrib/clusterSeq_1.12.0.tar.gz && rm -rf clusterSeq.buildbin-libdir && mkdir clusterSeq.buildbin-libdir && C:\Users\biocbuild\bbs-3.11-bioc\R\bin\R.exe CMD INSTALL --merge-multiarch --build --library=clusterSeq.buildbin-libdir clusterSeq_1.12.0.tar.gz && C:\Users\biocbuild\bbs-3.11-bioc\R\bin\R.exe CMD INSTALL clusterSeq_1.12.0.zip && rm clusterSeq_1.12.0.tar.gz clusterSeq_1.12.0.zip
###
##############################################################################
##############################################################################
  % Total    % Received % Xferd  Average Speed   Time    Time     Time  Current
                                 Dload  Upload   Total   Spent    Left  Speed
  0     0    0     0    0     0      0      0 --:--:-- --:--:-- --:--:--     0
100  846k  100  846k    0     0  10.3M      0 --:--:-- --:--:-- --:--:-- 11.3M
install for i386
* installing *source* package 'clusterSeq' ...
** using staged installation
** R
** data
** byte-compile and prepare package for lazy loading
** help
*** installing help indices
  converting help for package 'clusterSeq'
    finding HTML links ... done
    associatePosteriors                     html  
Rd warning: C:/Users/biocbuild/bbs-3.11-bioc/tmpdir/RtmpO4tSd9/R.INSTALL1e3419b83cf3/clusterSeq/man/associatePosteriors.Rd:19: file link 'countData' in package 'baySeq' does not exist and so has been treated as a topic
Rd warning: C:/Users/biocbuild/bbs-3.11-bioc/tmpdir/RtmpO4tSd9/R.INSTALL1e3419b83cf3/clusterSeq/man/associatePosteriors.Rd:33: file link 'countData' in package 'baySeq' does not exist and so has been treated as a topic
    cD.ratThymus-data                       html  
Rd warning: C:/Users/biocbuild/bbs-3.11-bioc/tmpdir/RtmpO4tSd9/R.INSTALL1e3419b83cf3/clusterSeq/man/cD.ratThymus-data.Rd:9: file link 'countData' in package 'baySeq' does not exist and so has been treated as a topic
Rd warning: C:/Users/biocbuild/bbs-3.11-bioc/tmpdir/RtmpO4tSd9/R.INSTALL1e3419b83cf3/clusterSeq/man/cD.ratThymus-data.Rd:19: file link 'countData' in package 'baySeq' does not exist and so has been treated as a topic
Rd warning: C:/Users/biocbuild/bbs-3.11-bioc/tmpdir/RtmpO4tSd9/R.INSTALL1e3419b83cf3/clusterSeq/man/cD.ratThymus-data.Rd:17: file link 'countData' in package 'baySeq' does not exist and so has been treated as a topic
    clusterSeq-package                      html  
    kCluster                                html  
Rd warning: C:/Users/biocbuild/bbs-3.11-bioc/tmpdir/RtmpO4tSd9/R.INSTALL1e3419b83cf3/clusterSeq/man/kCluster.Rd:20: file link 'countData' in package 'baySeq' does not exist and so has been treated as a topic
Rd warning: C:/Users/biocbuild/bbs-3.11-bioc/tmpdir/RtmpO4tSd9/R.INSTALL1e3419b83cf3/clusterSeq/man/kCluster.Rd:70: file link 'countData' in package 'baySeq' does not exist and so has been treated as a topic
    makeClusters                            html  
    makeClustersFF                          html  
    plotCluster                             html  
    ratThymus-data                          html  
    wallace                                 html  
** building package indices
** installing vignettes
** testing if installed package can be loaded from temporary location
** testing if installed package can be loaded from final location
** testing if installed package keeps a record of temporary installation path
install for x64
* installing *source* package 'clusterSeq' ...
** testing if installed package can be loaded
* MD5 sums
packaged installation of 'clusterSeq' as clusterSeq_1.12.0.zip
* DONE (clusterSeq)
* installing to library 'C:/Users/biocbuild/bbs-3.11-bioc/R/library'
package 'clusterSeq' successfully unpacked and MD5 sums checked
| 
 clusterSeq.Rcheck/examples_i386/clusterSeq-Ex.timings 
  | 
 clusterSeq.Rcheck/examples_x64/clusterSeq-Ex.timings 
  |