| Back to Multiple platform build/check report for BioC 3.11 |
|
This page was generated on 2020-10-17 11:56:18 -0400 (Sat, 17 Oct 2020).
| TO THE DEVELOPERS/MAINTAINERS OF THE clusterExperiment PACKAGE: Please make sure to use the following settings in order to reproduce any error or warning you see on this page. |
| Package 317/1905 | Hostname | OS / Arch | INSTALL | BUILD | CHECK | BUILD BIN | ||||||
| clusterExperiment 2.8.0 Elizabeth Purdom
| malbec2 | Linux (Ubuntu 18.04.4 LTS) / x86_64 | OK | OK | WARNINGS | |||||||
| tokay2 | Windows Server 2012 R2 Standard / x64 | OK | OK | [ WARNINGS ] | OK | |||||||
| machv2 | macOS 10.14.6 Mojave / x86_64 | OK | OK | WARNINGS | OK |
| Package: clusterExperiment |
| Version: 2.8.0 |
| Command: C:\Users\biocbuild\bbs-3.11-bioc\R\bin\R.exe CMD check --force-multiarch --install=check:clusterExperiment.install-out.txt --library=C:\Users\biocbuild\bbs-3.11-bioc\R\library --no-vignettes --timings clusterExperiment_2.8.0.tar.gz |
| StartedAt: 2020-10-17 02:41:53 -0400 (Sat, 17 Oct 2020) |
| EndedAt: 2020-10-17 03:16:28 -0400 (Sat, 17 Oct 2020) |
| EllapsedTime: 2075.3 seconds |
| RetCode: 0 |
| Status: WARNINGS |
| CheckDir: clusterExperiment.Rcheck |
| Warnings: 2 |
##############################################################################
##############################################################################
###
### Running command:
###
### C:\Users\biocbuild\bbs-3.11-bioc\R\bin\R.exe CMD check --force-multiarch --install=check:clusterExperiment.install-out.txt --library=C:\Users\biocbuild\bbs-3.11-bioc\R\library --no-vignettes --timings clusterExperiment_2.8.0.tar.gz
###
##############################################################################
##############################################################################
* using log directory 'C:/Users/biocbuild/bbs-3.11-bioc/meat/clusterExperiment.Rcheck'
* using R version 4.0.3 (2020-10-10)
* using platform: x86_64-w64-mingw32 (64-bit)
* using session charset: ISO8859-1
* using option '--no-vignettes'
* checking for file 'clusterExperiment/DESCRIPTION' ... OK
* this is package 'clusterExperiment' version '2.8.0'
* checking package namespace information ... OK
* checking package dependencies ... OK
* checking if this is a source package ... OK
* checking if there is a namespace ... OK
* checking for hidden files and directories ... OK
* checking for portable file names ... OK
* checking whether package 'clusterExperiment' can be installed ... WARNING
Found the following significant warnings:
Rd warning: C:/Users/biocbuild/bbs-3.11-bioc/tmpdir/RtmpYrc0zs/R.INSTALL1508558d4b63/clusterExperiment/man/ClusterExperiment-class.Rd:198: file link 'phylo4d' in package 'phylobase' does not exist and so has been treated as a topic
Rd warning: C:/Users/biocbuild/bbs-3.11-bioc/tmpdir/RtmpYrc0zs/R.INSTALL1508558d4b63/clusterExperiment/man/ClusterExperiment-class.Rd:202: file link 'phylo4d' in package 'phylobase' does not exist and so has been treated as a topic
Rd warning: C:/Users/biocbuild/bbs-3.11-bioc/tmpdir/RtmpYrc0zs/R.INSTALL1508558d4b63/clusterExperiment/man/ClusterExperiment-class.Rd:235: file link 'phylo4d' in package 'phylobase' does not exist and so has been treated as a topic
Rd warning: C:/Users/biocbuild/bbs-3.11-bioc/tmpdir/RtmpYrc0zs/R.INSTALL1508558d4b63/clusterExperiment/man/RSEC.Rd:40: file link 'SummarizedExperiment' in package 'SummarizedExperiment' does not exist and so has been treated as a topic
Rd warning: C:/Users/biocbuild/bbs-3.11-bioc/tmpdir/RtmpYrc0zs/R.INSTALL1508558d4b63/clusterExperiment/man/RSEC.Rd:155: file link 'assay' in package 'SummarizedExperiment' does not exist and so has been treated as a topic
Rd warning: C:/Users/biocbuild/bbs-3.11-bioc/tmpdir/RtmpYrc0zs/R.INSTALL1508558d4b63/clusterExperiment/man/clusterContrasts.Rd:41: file link 'limma' in package 'limma' does not exist and so has been treated as a topic
Rd warning: C:/Users/biocbuild/bbs-3.11-bioc/tmpdir/RtmpYrc0zs/R.INSTALL1508558d4b63/clusterExperiment/man/clusterContrasts.Rd:41: file link 'MAST' in package 'MAST' does not exist and so has been treated as a topic
Rd warning: C:/Users/biocbuild/bbs-3.11-bioc/tmpdir/RtmpYrc0zs/R.INSTALL1508558d4b63/clusterExperiment/man/clusterDendrogram.Rd:114: file link 'phylo' in package 'ape' does not exist and so has been treated as a topic
Rd warning: C:/Users/biocbuild/bbs-3.11-bioc/tmpdir/RtmpYrc0zs/R.INSTALL1508558d4b63/clusterExperiment/man/clusterDendrogram.Rd:117: file link 'tdata' in package 'phylobase' does not exist and so has been treated as a topic
Rd warning: C:/Users/biocbuild/bbs-3.11-bioc/tmpdir/RtmpYrc0zs/R.INSTALL1508558d4b63/clusterExperiment/man/clusterDendrogram.Rd:200: file link 'phylo' in package 'ape' does not exist and so has been treated as a topic
Rd warning: C:/Users/biocbuild/bbs-3.11-bioc/tmpdir/RtmpYrc0zs/R.INSTALL1508558d4b63/clusterExperiment/man/clusterMany.Rd:38: file link 'SummarizedExperiment' in package 'SummarizedExperiment' does not exist and so has been treated as a topic
Rd warning: C:/Users/biocbuild/bbs-3.11-bioc/tmpdir/RtmpYrc0zs/R.INSTALL1508558d4b63/clusterExperiment/man/clusterMany.Rd:134: file link 'assay' in package 'SummarizedExperiment' does not exist and so has been treated as a topic
Rd warning: C:/Users/biocbuild/bbs-3.11-bioc/tmpdir/RtmpYrc0zs/R.INSTALL1508558d4b63/clusterExperiment/man/clusterSingle.Rd:36: file link 'SummarizedExperiment' in package 'SummarizedExperiment' does not exist and so has been treated as a topic
Rd warning: C:/Users/biocbuild/bbs-3.11-bioc/tmpdir/RtmpYrc0zs/R.INSTALL1508558d4b63/clusterExperiment/man/clusterSingle.Rd:56: file link 'assay' in package 'SummarizedExperiment' does not exist and so has been treated as a topic
Rd warning: C:/Users/biocbuild/bbs-3.11-bioc/tmpdir/RtmpYrc0zs/R.INSTALL1508558d4b63/clusterExperiment/man/getBestFeatures.Rd:67: file link 'topTableF' in package 'limma' does not exist and so has been treated as a topic
Rd warning: C:/Users/biocbuild/bbs-3.11-bioc/tmpdir/RtmpYrc0zs/R.INSTALL1508558d4b63/clusterExperiment/man/getBestFeatures.Rd:68: file link 'limma' in package 'limma' does not exist and so has been treated as a topic
Rd warning: C:/Users/biocbuild/bbs-3.11-bioc/tmpdir/RtmpYrc0zs/R.INSTALL1508558d4b63/clusterExperiment/man/getBestFeatures.Rd:76: file link 'assay' in package 'SummarizedExperiment' does not exist and so has been treated as a topic
Rd warning: C:/Users/biocbuild/bbs-3.11-bioc/tmpdir/RtmpYrc0zs/R.INSTALL1508558d4b63/clusterExperiment/man/getBestFeatures.Rd:124: file link 'topTableF' in package 'limma' does not exist and so has been treated as a topic
Rd warning: C:/Users/biocbuild/bbs-3.11-bioc/tmpdir/RtmpYrc0zs/R.INSTALL1508558d4b63/clusterExperiment/man/getBestFeatures.Rd:237: file link 'glmLRT' in package 'edgeR' does not exist and so has been treated as a topic
Rd warning: C:/Users/biocbuild/bbs-3.11-bioc/tmpdir/RtmpYrc0zs/R.INSTALL1508558d4b63/clusterExperiment/man/makeDendrogram.Rd:54: file link 'assay' in package 'SummarizedExperiment' does not exist and so has been treated as a topic
Rd warning: C:/Users/biocbuild/bbs-3.11-bioc/tmpdir/RtmpYrc0zs/R.INSTALL1508558d4b63/clusterExperiment/man/mergeClusters.Rd:156: file link 'assay' in package 'SummarizedExperiment' does not exist and so has been treated as a topic
Rd warning: C:/Users/biocbuild/bbs-3.11-bioc/tmpdir/RtmpYrc0zs/R.INSTALL1508558d4b63/clusterExperiment/man/plotClustersTable.Rd:40: file link 'prop.table' in package 'base' does not exist and so has been treated as a topic
Rd warning: C:/Users/biocbuild/bbs-3.11-bioc/tmpdir/RtmpYrc0zs/R.INSTALL1508558d4b63/clusterExperiment/man/plotClustersTable.Rd:126: file link 'prop.table' in package 'base' does not exist and so has been treated as a topic
Rd warning: C:/Users/biocbuild/bbs-3.11-bioc/tmpdir/RtmpYrc0zs/R.INSTALL1508558d4b63/clusterExperiment/man/plotClustersTable.Rd:203: file link 'prop.table' in package 'base' does not exist and so has been treated as a topic
Rd warning: C:/Users/biocbuild/bbs-3.11-bioc/tmpdir/RtmpYrc0zs/R.INSTALL1508558d4b63/clusterExperiment/man/plotDendrogram.Rd:113: file link 'tiplabels' in package 'ape' does not exist and so has been treated as a topic
Rd warning: C:/Users/biocbuild/bbs-3.11-bioc/tmpdir/RtmpYrc0zs/R.INSTALL1508558d4b63/clusterExperiment/man/plotFeatureBoxplot.Rd:40: file link 'assay' in package 'SummarizedExperiment' does not exist and so has been treated as a topic
Rd warning: C:/Users/biocbuild/bbs-3.11-bioc/tmpdir/RtmpYrc0zs/R.INSTALL1508558d4b63/clusterExperiment/man/plotFeatureScatter.Rd:39: file link 'assay' in package 'SummarizedExperiment' does not exist and so has been treated as a topic
Rd warning: C:/Users/biocbuild/bbs-3.11-bioc/tmpdir/RtmpYrc0zs/R.INSTALL1508558d4b63/clusterExperiment/man/plotFeatureScatter.Rd:50: file link 'plot' in package 'graphics' does not exist and so has been treated as a topic
Rd warning: C:/Users/biocbuild/bbs-3.11-bioc/tmpdir/RtmpYrc0zs/R.INSTALL1508558d4b63/clusterExperiment/man/plotHeatmap.Rd:56: file link 'SummarizedExperiment' in package 'SummarizedExperiment' does not exist and so has been treated as a topic
Rd warning: C:/Users/biocbuild/bbs-3.11-bioc/tmpdir/RtmpYrc0zs/R.INSTALL1508558d4b63/clusterExperiment/man/plotHeatmap.Rd:127: file link 'assay' in package 'SummarizedExperiment' does not exist and so has been treated as a topic
Rd warning: C:/Users/biocbuild/bbs-3.11-bioc/tmpdir/RtmpYrc0zs/R.INSTALL1508558d4b63/clusterExperiment/man/reduceFunctions.Rd:97: file link 'assay' in package 'SummarizedExperiment' does not exist and so has been treated as a topic
Rd warning: C:/Users/biocbuild/bbs-3.11-bioc/tmpdir/RtmpYrc0zs/R.INSTALL1508558d4b63/clusterExperiment/man/reduceFunctions.Rd:181: file link 'SummarizedExperiment' in package 'SummarizedExperiment' does not exist and so has been treated as a topic
Rd warning: C:/Users/biocbuild/bbs-3.11-bioc/tmpdir/RtmpYrc0zs/R.INSTALL1508558d4b63/clusterExperiment/man/reduceFunctions.Rd:292: file link 'reducedDim' in package 'SingleCellExperiment' does not exist and so has been treated as a topic
Rd warning: C:/Users/biocbuild/bbs-3.11-bioc/tmpdir/RtmpYrc0zs/R.INSTALL1508558d4b63/clusterExperiment/man/rsecFluidigm.Rd:66: file link 'fluidigm' in package 'scRNAseq' does not exist and so has been treated as a topic
Rd warning: C:/Users/biocbuild/bbs-3.11-bioc/tmpdir/RtmpYrc0zs/R.INSTALL1508558d4b63/clusterExperiment/man/transformData.Rd:40: file link 'assay' in package 'SummarizedExperiment' does not exist and so has been treated as a topic
Rd warning: C:/Users/biocbuild/bbs-3.11-bioc/tmpdir/RtmpYrc0zs/R.INSTALL1508558d4b63/clusterExperiment/man/updateObject.Rd:57: file link 'phylo4d' in package 'phylobase' does not exist and so has been treated as a topic
Rd warning: C:/Users/biocbuild/bbs-3.11-bioc/tmpdir/RtmpYrc0zs/R.INSTALL1508558d4b63/clusterExperiment/man/updateObject.Rd:63: file link 'nodeLabels' in package 'phylobase' does not exist and so has been treated as a topic
See 'C:/Users/biocbuild/bbs-3.11-bioc/meat/clusterExperiment.Rcheck/00install.out' for details.
* checking installed package size ... NOTE
installed size is 5.2Mb
sub-directories of 1Mb or more:
R 1.3Mb
libs 2.1Mb
* checking package directory ... OK
* checking 'build' directory ... OK
* checking DESCRIPTION meta-information ... OK
* checking top-level files ... OK
* checking for left-over files ... OK
* checking index information ... OK
* checking package subdirectories ... OK
* checking R files for non-ASCII characters ... OK
* checking R files for syntax errors ... OK
* loading checks for arch 'i386'
** checking whether the package can be loaded ... OK
** checking whether the package can be loaded with stated dependencies ... OK
** checking whether the package can be unloaded cleanly ... OK
** checking whether the namespace can be loaded with stated dependencies ... OK
** checking whether the namespace can be unloaded cleanly ... OK
* loading checks for arch 'x64'
** checking whether the package can be loaded ... OK
** checking whether the package can be loaded with stated dependencies ... OK
** checking whether the package can be unloaded cleanly ... OK
** checking whether the namespace can be loaded with stated dependencies ... OK
** checking whether the namespace can be unloaded cleanly ... OK
* checking dependencies in R code ... OK
* checking S3 generic/method consistency ... OK
* checking replacement functions ... OK
* checking foreign function calls ... NOTE
Foreign function calls to a different package:
.C(ape::node_depth, ...)
.C(ape::node_depth_edgelength, ...)
.C(ape::node_height, ...)
.C(ape::node_height_clado, ...)
See chapter 'System and foreign language interfaces' in the 'Writing R
Extensions' manual.
* checking R code for possible problems ... OK
* checking Rd files ... OK
* checking Rd metadata ... OK
* checking Rd cross-references ... OK
* checking for missing documentation entries ... OK
* checking for code/documentation mismatches ... OK
* checking Rd \usage sections ... OK
* checking Rd contents ... OK
* checking for unstated dependencies in examples ... OK
* checking contents of 'data' directory ... WARNING
Output for data("rsecFluidigm", package = "clusterExperiment"):
Search path was changed
* checking data for non-ASCII characters ... OK
* checking data for ASCII and uncompressed saves ... OK
* checking line endings in C/C++/Fortran sources/headers ... OK
* checking line endings in Makefiles ... OK
* checking compilation flags in Makevars ... OK
* checking for GNU extensions in Makefiles ... OK
* checking for portable use of $(BLAS_LIBS) and $(LAPACK_LIBS) ... OK
* checking use of PKG_*FLAGS in Makefiles ... OK
* checking compiled code ... NOTE
Note: information on .o files for i386 is not available
Note: information on .o files for x64 is not available
File 'C:/Users/biocbuild/bbs-3.11-bioc/R/library/clusterExperiment/libs/i386/clusterExperiment.dll':
Found 'abort', possibly from 'abort' (C), 'runtime' (Fortran)
Found 'exit', possibly from 'exit' (C), 'stop' (Fortran)
Found 'printf', possibly from 'printf' (C)
File 'C:/Users/biocbuild/bbs-3.11-bioc/R/library/clusterExperiment/libs/x64/clusterExperiment.dll':
Found 'abort', possibly from 'abort' (C), 'runtime' (Fortran)
Found 'exit', possibly from 'exit' (C), 'stop' (Fortran)
Found 'printf', possibly from 'printf' (C)
Compiled code should not call entry points which might terminate R nor
write to stdout/stderr instead of to the console, nor use Fortran I/O
nor system RNGs. The detected symbols are linked into the code but
might come from libraries and not actually be called.
See 'Writing portable packages' in the 'Writing R Extensions' manual.
* checking files in 'vignettes' ... OK
* checking examples ...
** running examples for arch 'i386' ... OK
Examples with CPU (user + system) or elapsed time > 5s
user system elapsed
plotHeatmap 19.00 0.08 19.08
plotClusters 11.40 0.14 11.57
clusterMany 9.59 0.32 9.90
plotBarplot 8.27 0.07 8.47
assignUnassigned 7.07 0.36 7.43
plotClustersWorkflow 7.13 0.08 7.20
getClusterManyParams 6.78 0.05 6.83
workflowClusters 6.33 0.00 6.33
mergeClusters 5.67 0.00 5.67
clusterContrasts 5.49 0.17 6.82
plotDendrogram 5.11 0.02 5.13
getBestFeatures 4.76 0.23 5.14
** running examples for arch 'x64' ... OK
Examples with CPU (user + system) or elapsed time > 5s
user system elapsed
plotHeatmap 20.90 0.07 20.97
plotClusters 12.96 0.02 12.99
assignUnassigned 9.77 0.09 9.86
plotBarplot 8.62 0.01 8.64
clusterMany 8.51 0.05 8.56
getClusterManyParams 7.64 0.07 7.71
plotClustersWorkflow 7.17 0.06 7.24
workflowClusters 7.03 0.00 7.03
mergeClusters 6.41 0.04 6.47
makeConsensus 5.21 0.02 5.22
plotClustersTable 5.04 0.03 5.07
* checking for unstated dependencies in 'tests' ... OK
* checking tests ...
** running tests for arch 'i386' ...
Running 'testthat_a-c.R'
Running 'testthat_d-i.R'
Running 'testthat_j-z.R'
OK
** running tests for arch 'x64' ...
Running 'testthat_a-c.R'
Running 'testthat_d-i.R'
Running 'testthat_j-z.R'
OK
* checking for unstated dependencies in vignettes ... OK
* checking package vignettes in 'inst/doc' ... OK
* checking running R code from vignettes ... SKIPPED
* checking re-building of vignette outputs ... SKIPPED
* checking PDF version of manual ... OK
* DONE
Status: 2 WARNINGs, 3 NOTEs
See
'C:/Users/biocbuild/bbs-3.11-bioc/meat/clusterExperiment.Rcheck/00check.log'
for details.
clusterExperiment.Rcheck/00install.out
##############################################################################
##############################################################################
###
### Running command:
###
### C:\cygwin\bin\curl.exe -O https://malbec2.bioconductor.org/BBS/3.11/bioc/src/contrib/clusterExperiment_2.8.0.tar.gz && rm -rf clusterExperiment.buildbin-libdir && mkdir clusterExperiment.buildbin-libdir && C:\Users\biocbuild\bbs-3.11-bioc\R\bin\R.exe CMD INSTALL --merge-multiarch --build --library=clusterExperiment.buildbin-libdir clusterExperiment_2.8.0.tar.gz && C:\Users\biocbuild\bbs-3.11-bioc\R\bin\R.exe CMD INSTALL clusterExperiment_2.8.0.zip && rm clusterExperiment_2.8.0.tar.gz clusterExperiment_2.8.0.zip
###
##############################################################################
##############################################################################
% Total % Received % Xferd Average Speed Time Time Time Current
Dload Upload Total Spent Left Speed
0 0 0 0 0 0 0 0 --:--:-- --:--:-- --:--:-- 0
100 1324k 100 1324k 0 0 18.0M 0 --:--:-- --:--:-- --:--:-- 19.5M
install for i386
* installing *source* package 'clusterExperiment' ...
** using staged installation
** libs
"C:/rtools40/mingw32/bin/"g++ -std=gnu++11 -I"C:/Users/BIOCBU~1/BBS-3~1.11-/R/include" -DNDEBUG -I'C:/Users/biocbuild/bbs-3.11-bioc/R/library/Rcpp/include' -I"C:/extsoft/include" -O2 -Wall -mfpmath=sse -msse2 -mstackrealign -c RcppExports.cpp -o RcppExports.o
"C:/rtools40/mingw32/bin/"g++ -std=gnu++11 -I"C:/Users/BIOCBU~1/BBS-3~1.11-/R/include" -DNDEBUG -I'C:/Users/biocbuild/bbs-3.11-bioc/R/library/Rcpp/include' -I"C:/extsoft/include" -O2 -Wall -mfpmath=sse -msse2 -mstackrealign -c search_pairs.cpp -o search_pairs.o
"C:/rtools40/mingw32/bin/"g++ -std=gnu++11 -I"C:/Users/BIOCBU~1/BBS-3~1.11-/R/include" -DNDEBUG -I'C:/Users/biocbuild/bbs-3.11-bioc/R/library/Rcpp/include' -I"C:/extsoft/include" -O2 -Wall -mfpmath=sse -msse2 -mstackrealign -c subsampleLoop.cpp -o subsampleLoop.o
C:/rtools40/mingw32/bin/g++ -shared -s -static-libgcc -o clusterExperiment.dll tmp.def RcppExports.o search_pairs.o subsampleLoop.o -LC:/Users/BIOCBU~1/BBS-3~1.11-/R/bin/i386 -lRlapack -LC:/Users/BIOCBU~1/BBS-3~1.11-/R/bin/i386 -lRblas -lgfortran -lm -lquadmath -LC:/extsoft/lib/i386 -LC:/extsoft/lib -LC:/Users/BIOCBU~1/BBS-3~1.11-/R/bin/i386 -lR
installing to C:/Users/biocbuild/bbs-3.11-bioc/meat/clusterExperiment.buildbin-libdir/00LOCK-clusterExperiment/00new/clusterExperiment/libs/i386
** R
** data
** byte-compile and prepare package for lazy loading
Found more than one class "Annotated" in cache; using the first, from namespace 'S4Vectors'
Also defined by 'RNeXML'
Found more than one class "Annotated" in cache; using the first, from namespace 'S4Vectors'
Also defined by 'RNeXML'
Found more than one class "Annotated" in cache; using the first, from namespace 'S4Vectors'
Also defined by 'RNeXML'
Found more than one class "Annotated" in cache; using the first, from namespace 'S4Vectors'
Also defined by 'RNeXML'
Found more than one class "Annotated" in cache; using the first, from namespace 'S4Vectors'
Also defined by 'RNeXML'
** help
*** installing help indices
converting help for package 'clusterExperiment'
finding HTML links ... done
ClusterExperiment-class html
Rd warning: C:/Users/biocbuild/bbs-3.11-bioc/tmpdir/RtmpYrc0zs/R.INSTALL1508558d4b63/clusterExperiment/man/ClusterExperiment-class.Rd:198: file link 'phylo4d' in package 'phylobase' does not exist and so has been treated as a topic
Rd warning: C:/Users/biocbuild/bbs-3.11-bioc/tmpdir/RtmpYrc0zs/R.INSTALL1508558d4b63/clusterExperiment/man/ClusterExperiment-class.Rd:202: file link 'phylo4d' in package 'phylobase' does not exist and so has been treated as a topic
Rd warning: C:/Users/biocbuild/bbs-3.11-bioc/tmpdir/RtmpYrc0zs/R.INSTALL1508558d4b63/clusterExperiment/man/ClusterExperiment-class.Rd:235: file link 'phylo4d' in package 'phylobase' does not exist and so has been treated as a topic
ClusterExperiment-methods html
ClusterFunction-class html
ClusterFunction-methods html
RSEC html
Rd warning: C:/Users/biocbuild/bbs-3.11-bioc/tmpdir/RtmpYrc0zs/R.INSTALL1508558d4b63/clusterExperiment/man/RSEC.Rd:40: file link 'SummarizedExperiment' in package 'SummarizedExperiment' does not exist and so has been treated as a topic
Rd warning: C:/Users/biocbuild/bbs-3.11-bioc/tmpdir/RtmpYrc0zs/R.INSTALL1508558d4b63/clusterExperiment/man/RSEC.Rd:155: file link 'assay' in package 'SummarizedExperiment' does not exist and so has been treated as a topic
addClusterings html
assignUnassigned html
builtInClusteringFunctions html
clusterContrasts html
finding level-2 HTML links ... done
Rd warning: C:/Users/biocbuild/bbs-3.11-bioc/tmpdir/RtmpYrc0zs/R.INSTALL1508558d4b63/clusterExperiment/man/clusterContrasts.Rd:41: file link 'limma' in package 'limma' does not exist and so has been treated as a topic
Rd warning: C:/Users/biocbuild/bbs-3.11-bioc/tmpdir/RtmpYrc0zs/R.INSTALL1508558d4b63/clusterExperiment/man/clusterContrasts.Rd:41: file link 'MAST' in package 'MAST' does not exist and so has been treated as a topic
clusterDendrogram html
Rd warning: C:/Users/biocbuild/bbs-3.11-bioc/tmpdir/RtmpYrc0zs/R.INSTALL1508558d4b63/clusterExperiment/man/clusterDendrogram.Rd:114: file link 'phylo' in package 'ape' does not exist and so has been treated as a topic
Rd warning: C:/Users/biocbuild/bbs-3.11-bioc/tmpdir/RtmpYrc0zs/R.INSTALL1508558d4b63/clusterExperiment/man/clusterDendrogram.Rd:117: file link 'tdata' in package 'phylobase' does not exist and so has been treated as a topic
Rd warning: C:/Users/biocbuild/bbs-3.11-bioc/tmpdir/RtmpYrc0zs/R.INSTALL1508558d4b63/clusterExperiment/man/clusterDendrogram.Rd:200: file link 'phylo' in package 'ape' does not exist and so has been treated as a topic
clusterExperiment-deprecated html
clusterMany html
Rd warning: C:/Users/biocbuild/bbs-3.11-bioc/tmpdir/RtmpYrc0zs/R.INSTALL1508558d4b63/clusterExperiment/man/clusterMany.Rd:38: file link 'SummarizedExperiment' in package 'SummarizedExperiment' does not exist and so has been treated as a topic
Rd warning: C:/Users/biocbuild/bbs-3.11-bioc/tmpdir/RtmpYrc0zs/R.INSTALL1508558d4b63/clusterExperiment/man/clusterMany.Rd:134: file link 'assay' in package 'SummarizedExperiment' does not exist and so has been treated as a topic
clusterSingle html
Rd warning: C:/Users/biocbuild/bbs-3.11-bioc/tmpdir/RtmpYrc0zs/R.INSTALL1508558d4b63/clusterExperiment/man/clusterSingle.Rd:36: file link 'SummarizedExperiment' in package 'SummarizedExperiment' does not exist and so has been treated as a topic
Rd warning: C:/Users/biocbuild/bbs-3.11-bioc/tmpdir/RtmpYrc0zs/R.INSTALL1508558d4b63/clusterExperiment/man/clusterSingle.Rd:56: file link 'assay' in package 'SummarizedExperiment' does not exist and so has been treated as a topic
getBestFeatures html
Rd warning: C:/Users/biocbuild/bbs-3.11-bioc/tmpdir/RtmpYrc0zs/R.INSTALL1508558d4b63/clusterExperiment/man/getBestFeatures.Rd:67: file link 'topTableF' in package 'limma' does not exist and so has been treated as a topic
Rd warning: C:/Users/biocbuild/bbs-3.11-bioc/tmpdir/RtmpYrc0zs/R.INSTALL1508558d4b63/clusterExperiment/man/getBestFeatures.Rd:68: file link 'limma' in package 'limma' does not exist and so has been treated as a topic
Rd warning: C:/Users/biocbuild/bbs-3.11-bioc/tmpdir/RtmpYrc0zs/R.INSTALL1508558d4b63/clusterExperiment/man/getBestFeatures.Rd:76: file link 'assay' in package 'SummarizedExperiment' does not exist and so has been treated as a topic
Rd warning: C:/Users/biocbuild/bbs-3.11-bioc/tmpdir/RtmpYrc0zs/R.INSTALL1508558d4b63/clusterExperiment/man/getBestFeatures.Rd:124: file link 'topTableF' in package 'limma' does not exist and so has been treated as a topic
Rd warning: C:/Users/biocbuild/bbs-3.11-bioc/tmpdir/RtmpYrc0zs/R.INSTALL1508558d4b63/clusterExperiment/man/getBestFeatures.Rd:237: file link 'glmLRT' in package 'edgeR' does not exist and so has been treated as a topic
getClusterIndex html
getClusterManyParams html
mainClustering html
makeConsensus html
makeDendrogram html
Rd warning: C:/Users/biocbuild/bbs-3.11-bioc/tmpdir/RtmpYrc0zs/R.INSTALL1508558d4b63/clusterExperiment/man/makeDendrogram.Rd:54: file link 'assay' in package 'SummarizedExperiment' does not exist and so has been treated as a topic
mergeClusters html
Rd warning: C:/Users/biocbuild/bbs-3.11-bioc/tmpdir/RtmpYrc0zs/R.INSTALL1508558d4b63/clusterExperiment/man/mergeClusters.Rd:156: file link 'assay' in package 'SummarizedExperiment' does not exist and so has been treated as a topic
numericalAsCharacter html
plotBarplot html
plotClusters html
plotClustersTable html
Rd warning: C:/Users/biocbuild/bbs-3.11-bioc/tmpdir/RtmpYrc0zs/R.INSTALL1508558d4b63/clusterExperiment/man/plotClustersTable.Rd:40: file link 'prop.table' in package 'base' does not exist and so has been treated as a topic
Rd warning: C:/Users/biocbuild/bbs-3.11-bioc/tmpdir/RtmpYrc0zs/R.INSTALL1508558d4b63/clusterExperiment/man/plotClustersTable.Rd:126: file link 'prop.table' in package 'base' does not exist and so has been treated as a topic
Rd warning: C:/Users/biocbuild/bbs-3.11-bioc/tmpdir/RtmpYrc0zs/R.INSTALL1508558d4b63/clusterExperiment/man/plotClustersTable.Rd:203: file link 'prop.table' in package 'base' does not exist and so has been treated as a topic
plotClustersWorkflow html
plotContrastHeatmap html
plotDendrogram html
Rd warning: C:/Users/biocbuild/bbs-3.11-bioc/tmpdir/RtmpYrc0zs/R.INSTALL1508558d4b63/clusterExperiment/man/plotDendrogram.Rd:113: file link 'tiplabels' in package 'ape' does not exist and so has been treated as a topic
plotFeatureBoxplot html
Rd warning: C:/Users/biocbuild/bbs-3.11-bioc/tmpdir/RtmpYrc0zs/R.INSTALL1508558d4b63/clusterExperiment/man/plotFeatureBoxplot.Rd:40: file link 'assay' in package 'SummarizedExperiment' does not exist and so has been treated as a topic
plotFeatureScatter html
Rd warning: C:/Users/biocbuild/bbs-3.11-bioc/tmpdir/RtmpYrc0zs/R.INSTALL1508558d4b63/clusterExperiment/man/plotFeatureScatter.Rd:39: file link 'assay' in package 'SummarizedExperiment' does not exist and so has been treated as a topic
Rd warning: C:/Users/biocbuild/bbs-3.11-bioc/tmpdir/RtmpYrc0zs/R.INSTALL1508558d4b63/clusterExperiment/man/plotFeatureScatter.Rd:50: file link 'plot' in package 'graphics' does not exist and so has been treated as a topic
plotHeatmap html
Rd warning: C:/Users/biocbuild/bbs-3.11-bioc/tmpdir/RtmpYrc0zs/R.INSTALL1508558d4b63/clusterExperiment/man/plotHeatmap.Rd:56: file link 'SummarizedExperiment' in package 'SummarizedExperiment' does not exist and so has been treated as a topic
Rd warning: C:/Users/biocbuild/bbs-3.11-bioc/tmpdir/RtmpYrc0zs/R.INSTALL1508558d4b63/clusterExperiment/man/plotHeatmap.Rd:127: file link 'assay' in package 'SummarizedExperiment' does not exist and so has been treated as a topic
plotReducedDims html
plottingFunctions html
reduceFunctions html
Rd warning: C:/Users/biocbuild/bbs-3.11-bioc/tmpdir/RtmpYrc0zs/R.INSTALL1508558d4b63/clusterExperiment/man/reduceFunctions.Rd:97: file link 'assay' in package 'SummarizedExperiment' does not exist and so has been treated as a topic
Rd warning: C:/Users/biocbuild/bbs-3.11-bioc/tmpdir/RtmpYrc0zs/R.INSTALL1508558d4b63/clusterExperiment/man/reduceFunctions.Rd:181: file link 'SummarizedExperiment' in package 'SummarizedExperiment' does not exist and so has been treated as a topic
Rd warning: C:/Users/biocbuild/bbs-3.11-bioc/tmpdir/RtmpYrc0zs/R.INSTALL1508558d4b63/clusterExperiment/man/reduceFunctions.Rd:292: file link 'reducedDim' in package 'SingleCellExperiment' does not exist and so has been treated as a topic
renameClusters html
rsecFluidigm html
Rd warning: C:/Users/biocbuild/bbs-3.11-bioc/tmpdir/RtmpYrc0zs/R.INSTALL1508558d4b63/clusterExperiment/man/rsecFluidigm.Rd:66: file link 'fluidigm' in package 'scRNAseq' does not exist and so has been treated as a topic
search_pairs html
seqCluster html
simData html
subsampleClustering html
subset html
transformData html
Rd warning: C:/Users/biocbuild/bbs-3.11-bioc/tmpdir/RtmpYrc0zs/R.INSTALL1508558d4b63/clusterExperiment/man/transformData.Rd:40: file link 'assay' in package 'SummarizedExperiment' does not exist and so has been treated as a topic
updateObject html
Rd warning: C:/Users/biocbuild/bbs-3.11-bioc/tmpdir/RtmpYrc0zs/R.INSTALL1508558d4b63/clusterExperiment/man/updateObject.Rd:57: file link 'phylo4d' in package 'phylobase' does not exist and so has been treated as a topic
Rd warning: C:/Users/biocbuild/bbs-3.11-bioc/tmpdir/RtmpYrc0zs/R.INSTALL1508558d4b63/clusterExperiment/man/updateObject.Rd:63: file link 'nodeLabels' in package 'phylobase' does not exist and so has been treated as a topic
workflowClusters html
** building package indices
** installing vignettes
** testing if installed package can be loaded from temporary location
** testing if installed package can be loaded from final location
** testing if installed package keeps a record of temporary installation path
install for x64
* installing *source* package 'clusterExperiment' ...
** libs
"C:/rtools40/mingw64/bin/"g++ -std=gnu++11 -I"C:/Users/BIOCBU~1/BBS-3~1.11-/R/include" -DNDEBUG -I'C:/Users/biocbuild/bbs-3.11-bioc/R/library/Rcpp/include' -I"C:/extsoft/include" -O2 -Wall -mfpmath=sse -msse2 -mstackrealign -c RcppExports.cpp -o RcppExports.o
"C:/rtools40/mingw64/bin/"g++ -std=gnu++11 -I"C:/Users/BIOCBU~1/BBS-3~1.11-/R/include" -DNDEBUG -I'C:/Users/biocbuild/bbs-3.11-bioc/R/library/Rcpp/include' -I"C:/extsoft/include" -O2 -Wall -mfpmath=sse -msse2 -mstackrealign -c search_pairs.cpp -o search_pairs.o
"C:/rtools40/mingw64/bin/"g++ -std=gnu++11 -I"C:/Users/BIOCBU~1/BBS-3~1.11-/R/include" -DNDEBUG -I'C:/Users/biocbuild/bbs-3.11-bioc/R/library/Rcpp/include' -I"C:/extsoft/include" -O2 -Wall -mfpmath=sse -msse2 -mstackrealign -c subsampleLoop.cpp -o subsampleLoop.o
C:/rtools40/mingw64/bin/g++ -shared -s -static-libgcc -o clusterExperiment.dll tmp.def RcppExports.o search_pairs.o subsampleLoop.o -LC:/Users/BIOCBU~1/BBS-3~1.11-/R/bin/x64 -lRlapack -LC:/Users/BIOCBU~1/BBS-3~1.11-/R/bin/x64 -lRblas -lgfortran -lm -lquadmath -LC:/extsoft/lib/x64 -LC:/extsoft/lib -LC:/Users/BIOCBU~1/BBS-3~1.11-/R/bin/x64 -lR
installing to C:/Users/biocbuild/bbs-3.11-bioc/meat/clusterExperiment.buildbin-libdir/clusterExperiment/libs/x64
** testing if installed package can be loaded
* MD5 sums
packaged installation of 'clusterExperiment' as clusterExperiment_2.8.0.zip
* DONE (clusterExperiment)
* installing to library 'C:/Users/biocbuild/bbs-3.11-bioc/R/library'
package 'clusterExperiment' successfully unpacked and MD5 sums checked
|
clusterExperiment.Rcheck/tests_i386/testthat_a-c.Rout
R version 4.0.3 (2020-10-10) -- "Bunny-Wunnies Freak Out"
Copyright (C) 2020 The R Foundation for Statistical Computing
Platform: i386-w64-mingw32/i386 (32-bit)
R is free software and comes with ABSOLUTELY NO WARRANTY.
You are welcome to redistribute it under certain conditions.
Type 'license()' or 'licence()' for distribution details.
R is a collaborative project with many contributors.
Type 'contributors()' for more information and
'citation()' on how to cite R or R packages in publications.
Type 'demo()' for some demos, 'help()' for on-line help, or
'help.start()' for an HTML browser interface to help.
Type 'q()' to quit R.
> library(testthat)
> test_check("clusterExperiment",filter = "^[A-Ca-c]")
Loading required package: clusterExperiment
Loading required package: SingleCellExperiment
Loading required package: SummarizedExperiment
Loading required package: GenomicRanges
Loading required package: stats4
Loading required package: BiocGenerics
Loading required package: parallel
Attaching package: 'BiocGenerics'
The following objects are masked from 'package:parallel':
clusterApply, clusterApplyLB, clusterCall, clusterEvalQ,
clusterExport, clusterMap, parApply, parCapply, parLapply,
parLapplyLB, parRapply, parSapply, parSapplyLB
The following objects are masked from 'package:stats':
IQR, mad, sd, var, xtabs
The following objects are masked from 'package:base':
Filter, Find, Map, Position, Reduce, anyDuplicated, append,
as.data.frame, basename, cbind, colnames, dirname, do.call,
duplicated, eval, evalq, get, grep, grepl, intersect, is.unsorted,
lapply, mapply, match, mget, order, paste, pmax, pmax.int, pmin,
pmin.int, rank, rbind, rownames, sapply, setdiff, sort, table,
tapply, union, unique, unsplit, which, which.max, which.min
Loading required package: S4Vectors
Attaching package: 'S4Vectors'
The following object is masked from 'package:base':
expand.grid
Loading required package: IRanges
Attaching package: 'IRanges'
The following object is masked from 'package:grDevices':
windows
Loading required package: GenomeInfoDb
Loading required package: Biobase
Welcome to Bioconductor
Vignettes contain introductory material; view with
'browseVignettes()'. To cite Bioconductor, see
'citation("Biobase")', and for packages 'citation("pkgname")'.
Loading required package: DelayedArray
Loading required package: matrixStats
Attaching package: 'matrixStats'
The following objects are masked from 'package:Biobase':
anyMissing, rowMedians
Attaching package: 'DelayedArray'
The following objects are masked from 'package:matrixStats':
colMaxs, colMins, colRanges, rowMaxs, rowMins, rowRanges
The following objects are masked from 'package:base':
aperm, apply, rowsum
== testthat results ===========================================================
[ OK: 761 | SKIPPED: 4 | WARNINGS: 0 | FAILED: 0 ]
>
> proc.time()
user system elapsed
281.15 3.92 287.17
|
clusterExperiment.Rcheck/tests_x64/testthat_a-c.Rout
R version 4.0.3 (2020-10-10) -- "Bunny-Wunnies Freak Out"
Copyright (C) 2020 The R Foundation for Statistical Computing
Platform: x86_64-w64-mingw32/x64 (64-bit)
R is free software and comes with ABSOLUTELY NO WARRANTY.
You are welcome to redistribute it under certain conditions.
Type 'license()' or 'licence()' for distribution details.
R is a collaborative project with many contributors.
Type 'contributors()' for more information and
'citation()' on how to cite R or R packages in publications.
Type 'demo()' for some demos, 'help()' for on-line help, or
'help.start()' for an HTML browser interface to help.
Type 'q()' to quit R.
> library(testthat)
> test_check("clusterExperiment",filter = "^[A-Ca-c]")
Loading required package: clusterExperiment
Loading required package: SingleCellExperiment
Loading required package: SummarizedExperiment
Loading required package: GenomicRanges
Loading required package: stats4
Loading required package: BiocGenerics
Loading required package: parallel
Attaching package: 'BiocGenerics'
The following objects are masked from 'package:parallel':
clusterApply, clusterApplyLB, clusterCall, clusterEvalQ,
clusterExport, clusterMap, parApply, parCapply, parLapply,
parLapplyLB, parRapply, parSapply, parSapplyLB
The following objects are masked from 'package:stats':
IQR, mad, sd, var, xtabs
The following objects are masked from 'package:base':
Filter, Find, Map, Position, Reduce, anyDuplicated, append,
as.data.frame, basename, cbind, colnames, dirname, do.call,
duplicated, eval, evalq, get, grep, grepl, intersect, is.unsorted,
lapply, mapply, match, mget, order, paste, pmax, pmax.int, pmin,
pmin.int, rank, rbind, rownames, sapply, setdiff, sort, table,
tapply, union, unique, unsplit, which, which.max, which.min
Loading required package: S4Vectors
Attaching package: 'S4Vectors'
The following object is masked from 'package:base':
expand.grid
Loading required package: IRanges
Attaching package: 'IRanges'
The following object is masked from 'package:grDevices':
windows
Loading required package: GenomeInfoDb
Loading required package: Biobase
Welcome to Bioconductor
Vignettes contain introductory material; view with
'browseVignettes()'. To cite Bioconductor, see
'citation("Biobase")', and for packages 'citation("pkgname")'.
Loading required package: DelayedArray
Loading required package: matrixStats
Attaching package: 'matrixStats'
The following objects are masked from 'package:Biobase':
anyMissing, rowMedians
Attaching package: 'DelayedArray'
The following objects are masked from 'package:matrixStats':
colMaxs, colMins, colRanges, rowMaxs, rowMins, rowRanges
The following objects are masked from 'package:base':
aperm, apply, rowsum
== testthat results ===========================================================
[ OK: 761 | SKIPPED: 4 | WARNINGS: 0 | FAILED: 0 ]
>
> proc.time()
user system elapsed
330.78 2.81 333.95
|
|
clusterExperiment.Rcheck/tests_i386/testthat_d-i.Rout
R version 4.0.3 (2020-10-10) -- "Bunny-Wunnies Freak Out"
Copyright (C) 2020 The R Foundation for Statistical Computing
Platform: i386-w64-mingw32/i386 (32-bit)
R is free software and comes with ABSOLUTELY NO WARRANTY.
You are welcome to redistribute it under certain conditions.
Type 'license()' or 'licence()' for distribution details.
R is a collaborative project with many contributors.
Type 'contributors()' for more information and
'citation()' on how to cite R or R packages in publications.
Type 'demo()' for some demos, 'help()' for on-line help, or
'help.start()' for an HTML browser interface to help.
Type 'q()' to quit R.
> library(testthat)
> test_check("clusterExperiment",filter = "^[D-Id-i]")
Loading required package: clusterExperiment
Loading required package: SingleCellExperiment
Loading required package: SummarizedExperiment
Loading required package: GenomicRanges
Loading required package: stats4
Loading required package: BiocGenerics
Loading required package: parallel
Attaching package: 'BiocGenerics'
The following objects are masked from 'package:parallel':
clusterApply, clusterApplyLB, clusterCall, clusterEvalQ,
clusterExport, clusterMap, parApply, parCapply, parLapply,
parLapplyLB, parRapply, parSapply, parSapplyLB
The following objects are masked from 'package:stats':
IQR, mad, sd, var, xtabs
The following objects are masked from 'package:base':
Filter, Find, Map, Position, Reduce, anyDuplicated, append,
as.data.frame, basename, cbind, colnames, dirname, do.call,
duplicated, eval, evalq, get, grep, grepl, intersect, is.unsorted,
lapply, mapply, match, mget, order, paste, pmax, pmax.int, pmin,
pmin.int, rank, rbind, rownames, sapply, setdiff, sort, table,
tapply, union, unique, unsplit, which, which.max, which.min
Loading required package: S4Vectors
Attaching package: 'S4Vectors'
The following object is masked from 'package:base':
expand.grid
Loading required package: IRanges
Attaching package: 'IRanges'
The following object is masked from 'package:grDevices':
windows
Loading required package: GenomeInfoDb
Loading required package: Biobase
Welcome to Bioconductor
Vignettes contain introductory material; view with
'browseVignettes()'. To cite Bioconductor, see
'citation("Biobase")', and for packages 'citation("pkgname")'.
Loading required package: DelayedArray
Loading required package: matrixStats
Attaching package: 'matrixStats'
The following objects are masked from 'package:Biobase':
anyMissing, rowMedians
Attaching package: 'DelayedArray'
The following objects are masked from 'package:matrixStats':
colMaxs, colMins, colRanges, rowMaxs, rowMins, rowRanges
The following objects are masked from 'package:base':
aperm, apply, rowsum
== testthat results ===========================================================
[ OK: 416 | SKIPPED: 0 | WARNINGS: 2 | FAILED: 0 ]
>
> proc.time()
user system elapsed
197.37 2.73 214.53
|
clusterExperiment.Rcheck/tests_x64/testthat_d-i.Rout
R version 4.0.3 (2020-10-10) -- "Bunny-Wunnies Freak Out"
Copyright (C) 2020 The R Foundation for Statistical Computing
Platform: x86_64-w64-mingw32/x64 (64-bit)
R is free software and comes with ABSOLUTELY NO WARRANTY.
You are welcome to redistribute it under certain conditions.
Type 'license()' or 'licence()' for distribution details.
R is a collaborative project with many contributors.
Type 'contributors()' for more information and
'citation()' on how to cite R or R packages in publications.
Type 'demo()' for some demos, 'help()' for on-line help, or
'help.start()' for an HTML browser interface to help.
Type 'q()' to quit R.
> library(testthat)
> test_check("clusterExperiment",filter = "^[D-Id-i]")
Loading required package: clusterExperiment
Loading required package: SingleCellExperiment
Loading required package: SummarizedExperiment
Loading required package: GenomicRanges
Loading required package: stats4
Loading required package: BiocGenerics
Loading required package: parallel
Attaching package: 'BiocGenerics'
The following objects are masked from 'package:parallel':
clusterApply, clusterApplyLB, clusterCall, clusterEvalQ,
clusterExport, clusterMap, parApply, parCapply, parLapply,
parLapplyLB, parRapply, parSapply, parSapplyLB
The following objects are masked from 'package:stats':
IQR, mad, sd, var, xtabs
The following objects are masked from 'package:base':
Filter, Find, Map, Position, Reduce, anyDuplicated, append,
as.data.frame, basename, cbind, colnames, dirname, do.call,
duplicated, eval, evalq, get, grep, grepl, intersect, is.unsorted,
lapply, mapply, match, mget, order, paste, pmax, pmax.int, pmin,
pmin.int, rank, rbind, rownames, sapply, setdiff, sort, table,
tapply, union, unique, unsplit, which, which.max, which.min
Loading required package: S4Vectors
Attaching package: 'S4Vectors'
The following object is masked from 'package:base':
expand.grid
Loading required package: IRanges
Attaching package: 'IRanges'
The following object is masked from 'package:grDevices':
windows
Loading required package: GenomeInfoDb
Loading required package: Biobase
Welcome to Bioconductor
Vignettes contain introductory material; view with
'browseVignettes()'. To cite Bioconductor, see
'citation("Biobase")', and for packages 'citation("pkgname")'.
Loading required package: DelayedArray
Loading required package: matrixStats
Attaching package: 'matrixStats'
The following objects are masked from 'package:Biobase':
anyMissing, rowMedians
Attaching package: 'DelayedArray'
The following objects are masked from 'package:matrixStats':
colMaxs, colMins, colRanges, rowMaxs, rowMins, rowRanges
The following objects are masked from 'package:base':
aperm, apply, rowsum
== testthat results ===========================================================
[ OK: 416 | SKIPPED: 0 | WARNINGS: 2 | FAILED: 0 ]
>
> proc.time()
user system elapsed
239.96 1.46 247.04
|
|
clusterExperiment.Rcheck/tests_i386/testthat_j-z.Rout
R version 4.0.3 (2020-10-10) -- "Bunny-Wunnies Freak Out"
Copyright (C) 2020 The R Foundation for Statistical Computing
Platform: i386-w64-mingw32/i386 (32-bit)
R is free software and comes with ABSOLUTELY NO WARRANTY.
You are welcome to redistribute it under certain conditions.
Type 'license()' or 'licence()' for distribution details.
R is a collaborative project with many contributors.
Type 'contributors()' for more information and
'citation()' on how to cite R or R packages in publications.
Type 'demo()' for some demos, 'help()' for on-line help, or
'help.start()' for an HTML browser interface to help.
Type 'q()' to quit R.
> library(testthat)
> test_check("clusterExperiment",filter = "^[J-Zj-z]")
Loading required package: clusterExperiment
Loading required package: SingleCellExperiment
Loading required package: SummarizedExperiment
Loading required package: GenomicRanges
Loading required package: stats4
Loading required package: BiocGenerics
Loading required package: parallel
Attaching package: 'BiocGenerics'
The following objects are masked from 'package:parallel':
clusterApply, clusterApplyLB, clusterCall, clusterEvalQ,
clusterExport, clusterMap, parApply, parCapply, parLapply,
parLapplyLB, parRapply, parSapply, parSapplyLB
The following objects are masked from 'package:stats':
IQR, mad, sd, var, xtabs
The following objects are masked from 'package:base':
Filter, Find, Map, Position, Reduce, anyDuplicated, append,
as.data.frame, basename, cbind, colnames, dirname, do.call,
duplicated, eval, evalq, get, grep, grepl, intersect, is.unsorted,
lapply, mapply, match, mget, order, paste, pmax, pmax.int, pmin,
pmin.int, rank, rbind, rownames, sapply, setdiff, sort, table,
tapply, union, unique, unsplit, which, which.max, which.min
Loading required package: S4Vectors
Attaching package: 'S4Vectors'
The following object is masked from 'package:base':
expand.grid
Loading required package: IRanges
Attaching package: 'IRanges'
The following object is masked from 'package:grDevices':
windows
Loading required package: GenomeInfoDb
Loading required package: Biobase
Welcome to Bioconductor
Vignettes contain introductory material; view with
'browseVignettes()'. To cite Bioconductor, see
'citation("Biobase")', and for packages 'citation("pkgname")'.
Loading required package: DelayedArray
Loading required package: matrixStats
Attaching package: 'matrixStats'
The following objects are masked from 'package:Biobase':
anyMissing, rowMedians
Attaching package: 'DelayedArray'
The following objects are masked from 'package:matrixStats':
colMaxs, colMins, colRanges, rowMaxs, rowMins, rowRanges
The following objects are masked from 'package:base':
aperm, apply, rowsum
== testthat results ===========================================================
[ OK: 291 | SKIPPED: 4 | WARNINGS: 0 | FAILED: 0 ]
>
> proc.time()
user system elapsed
131.45 2.64 134.37
|
clusterExperiment.Rcheck/tests_x64/testthat_j-z.Rout
R version 4.0.3 (2020-10-10) -- "Bunny-Wunnies Freak Out"
Copyright (C) 2020 The R Foundation for Statistical Computing
Platform: x86_64-w64-mingw32/x64 (64-bit)
R is free software and comes with ABSOLUTELY NO WARRANTY.
You are welcome to redistribute it under certain conditions.
Type 'license()' or 'licence()' for distribution details.
R is a collaborative project with many contributors.
Type 'contributors()' for more information and
'citation()' on how to cite R or R packages in publications.
Type 'demo()' for some demos, 'help()' for on-line help, or
'help.start()' for an HTML browser interface to help.
Type 'q()' to quit R.
> library(testthat)
> test_check("clusterExperiment",filter = "^[J-Zj-z]")
Loading required package: clusterExperiment
Loading required package: SingleCellExperiment
Loading required package: SummarizedExperiment
Loading required package: GenomicRanges
Loading required package: stats4
Loading required package: BiocGenerics
Loading required package: parallel
Attaching package: 'BiocGenerics'
The following objects are masked from 'package:parallel':
clusterApply, clusterApplyLB, clusterCall, clusterEvalQ,
clusterExport, clusterMap, parApply, parCapply, parLapply,
parLapplyLB, parRapply, parSapply, parSapplyLB
The following objects are masked from 'package:stats':
IQR, mad, sd, var, xtabs
The following objects are masked from 'package:base':
Filter, Find, Map, Position, Reduce, anyDuplicated, append,
as.data.frame, basename, cbind, colnames, dirname, do.call,
duplicated, eval, evalq, get, grep, grepl, intersect, is.unsorted,
lapply, mapply, match, mget, order, paste, pmax, pmax.int, pmin,
pmin.int, rank, rbind, rownames, sapply, setdiff, sort, table,
tapply, union, unique, unsplit, which, which.max, which.min
Loading required package: S4Vectors
Attaching package: 'S4Vectors'
The following object is masked from 'package:base':
expand.grid
Loading required package: IRanges
Attaching package: 'IRanges'
The following object is masked from 'package:grDevices':
windows
Loading required package: GenomeInfoDb
Loading required package: Biobase
Welcome to Bioconductor
Vignettes contain introductory material; view with
'browseVignettes()'. To cite Bioconductor, see
'citation("Biobase")', and for packages 'citation("pkgname")'.
Loading required package: DelayedArray
Loading required package: matrixStats
Attaching package: 'matrixStats'
The following objects are masked from 'package:Biobase':
anyMissing, rowMedians
Attaching package: 'DelayedArray'
The following objects are masked from 'package:matrixStats':
colMaxs, colMins, colRanges, rowMaxs, rowMins, rowRanges
The following objects are masked from 'package:base':
aperm, apply, rowsum
== testthat results ===========================================================
[ OK: 291 | SKIPPED: 4 | WARNINGS: 0 | FAILED: 0 ]
>
> proc.time()
user system elapsed
114.17 1.00 121.20
|
|
clusterExperiment.Rcheck/examples_i386/clusterExperiment-Ex.timings
|
clusterExperiment.Rcheck/examples_x64/clusterExperiment-Ex.timings
|