| Back to Multiple platform build/check report for BioC 3.11 |
|
This page was generated on 2020-10-17 11:59:47 -0400 (Sat, 17 Oct 2020).
| TO THE DEVELOPERS/MAINTAINERS OF THE TimeSeriesExperiment PACKAGE: Please make sure to use the following settings in order to reproduce any error or warning you see on this page. |
| Package 1803/1905 | Hostname | OS / Arch | INSTALL | BUILD | CHECK | BUILD BIN | ||||||
| TimeSeriesExperiment 1.6.0 Lan Huong Nguyen
| malbec2 | Linux (Ubuntu 18.04.4 LTS) / x86_64 | OK | OK | WARNINGS | |||||||
| tokay2 | Windows Server 2012 R2 Standard / x64 | OK | OK | WARNINGS | NA | |||||||
| machv2 | macOS 10.14.6 Mojave / x86_64 | OK | OK | [ WARNINGS ] | OK |
| Package: TimeSeriesExperiment |
| Version: 1.6.0 |
| Command: /Library/Frameworks/R.framework/Versions/Current/Resources/bin/R CMD check --install=check:TimeSeriesExperiment.install-out.txt --library=/Library/Frameworks/R.framework/Versions/Current/Resources/library --no-vignettes --timings TimeSeriesExperiment_1.6.0.tar.gz |
| StartedAt: 2020-10-17 05:55:24 -0400 (Sat, 17 Oct 2020) |
| EndedAt: 2020-10-17 06:00:52 -0400 (Sat, 17 Oct 2020) |
| EllapsedTime: 327.6 seconds |
| RetCode: 0 |
| Status: WARNINGS |
| CheckDir: TimeSeriesExperiment.Rcheck |
| Warnings: 1 |
##############################################################################
##############################################################################
###
### Running command:
###
### /Library/Frameworks/R.framework/Versions/Current/Resources/bin/R CMD check --install=check:TimeSeriesExperiment.install-out.txt --library=/Library/Frameworks/R.framework/Versions/Current/Resources/library --no-vignettes --timings TimeSeriesExperiment_1.6.0.tar.gz
###
##############################################################################
##############################################################################
* using log directory ‘/Users/biocbuild/bbs-3.11-bioc/meat/TimeSeriesExperiment.Rcheck’
* using R version 4.0.3 (2020-10-10)
* using platform: x86_64-apple-darwin17.0 (64-bit)
* using session charset: UTF-8
* using option ‘--no-vignettes’
* checking for file ‘TimeSeriesExperiment/DESCRIPTION’ ... OK
* checking extension type ... Package
* this is package ‘TimeSeriesExperiment’ version ‘1.6.0’
* package encoding: UTF-8
* checking package namespace information ... OK
* checking package dependencies ... OK
* checking if this is a source package ... OK
* checking if there is a namespace ... OK
* checking for hidden files and directories ... OK
* checking for portable file names ... OK
* checking for sufficient/correct file permissions ... OK
* checking whether package ‘TimeSeriesExperiment’ can be installed ... OK
* checking installed package size ... OK
* checking package directory ... OK
* checking ‘build’ directory ... OK
* checking DESCRIPTION meta-information ... OK
* checking top-level files ... OK
* checking for left-over files ... OK
* checking index information ... OK
* checking package subdirectories ... OK
* checking R files for non-ASCII characters ... OK
* checking R files for syntax errors ... OK
* checking whether the package can be loaded ... OK
* checking whether the package can be loaded with stated dependencies ... OK
* checking whether the package can be unloaded cleanly ... OK
* checking whether the namespace can be loaded with stated dependencies ... OK
* checking whether the namespace can be unloaded cleanly ... OK
* checking dependencies in R code ... NOTE
Unexported object imported by a ':::' call: ‘S4Vectors:::selectSome’
See the note in ?`:::` about the use of this operator.
* checking S3 generic/method consistency ... OK
* checking replacement functions ... OK
* checking foreign function calls ... OK
* checking R code for possible problems ... NOTE
clusterTimeSeries: no visible binding for global variable ‘freq’
clusterTimeSeries: no visible binding for global variable ‘.’
Undefined global functions or variables:
. freq
* checking Rd files ... OK
* checking Rd metadata ... OK
* checking Rd cross-references ... OK
* checking for missing documentation entries ... OK
* checking for code/documentation mismatches ... OK
* checking Rd \usage sections ... WARNING
Documented arguments not in \usage in documentation object 'plotHeatmap':
‘...’
Functions with \usage entries need to have the appropriate \alias
entries, and all their arguments documented.
The \usage entries must correspond to syntactically valid R code.
See chapter ‘Writing R documentation files’ in the ‘Writing R
Extensions’ manual.
* checking Rd contents ... OK
* checking for unstated dependencies in examples ... OK
* checking contents of ‘data’ directory ... OK
* checking data for non-ASCII characters ... OK
* checking data for ASCII and uncompressed saves ... OK
* checking files in ‘vignettes’ ... OK
* checking examples ... OK
Examples with CPU (user + system) or elapsed time > 5s
user system elapsed
differentialExpression 18.903 0.388 19.307
plotTimeSeriesPCA 4.541 0.508 5.055
* checking for unstated dependencies in vignettes ... OK
* checking package vignettes in ‘inst/doc’ ... OK
* checking running R code from vignettes ... SKIPPED
* checking re-building of vignette outputs ... SKIPPED
* checking PDF version of manual ... OK
* DONE
Status: 1 WARNING, 2 NOTEs
See
‘/Users/biocbuild/bbs-3.11-bioc/meat/TimeSeriesExperiment.Rcheck/00check.log’
for details.
TimeSeriesExperiment.Rcheck/00install.out
############################################################################## ############################################################################## ### ### Running command: ### ### /Library/Frameworks/R.framework/Versions/Current/Resources/bin/R CMD INSTALL TimeSeriesExperiment ### ############################################################################## ############################################################################## * installing to library ‘/Library/Frameworks/R.framework/Versions/4.0/Resources/library’ * installing *source* package ‘TimeSeriesExperiment’ ... ** using staged installation ** R ** data ** inst ** byte-compile and prepare package for lazy loading ** help *** installing help indices ** building package indices ** installing vignettes ** testing if installed package can be loaded from temporary location ** testing if installed package can be loaded from final location ** testing if installed package keeps a record of temporary installation path * DONE (TimeSeriesExperiment)
TimeSeriesExperiment.Rcheck/TimeSeriesExperiment-Ex.timings
| name | user | system | elapsed | |
| TimeSeriesExperiment | 0.322 | 0.004 | 0.327 | |
| addLags | 0.720 | 0.048 | 0.769 | |
| clusterAssignment | 0.796 | 0.025 | 0.822 | |
| clusterData | 0.166 | 0.006 | 0.174 | |
| clusterTimeSeries | 0.651 | 0.022 | 0.676 | |
| colData | 0.070 | 0.004 | 0.073 | |
| collapseReplicates | 0.173 | 0.004 | 0.177 | |
| collapsed-data | 0.368 | 0.010 | 0.378 | |
| dataToTimeSeries | 0.050 | 0.002 | 0.050 | |
| differentialExpression | 18.903 | 0.388 | 19.307 | |
| dimensionReduction | 0.079 | 0.003 | 0.083 | |
| filterFeatures | 0.081 | 0.004 | 0.084 | |
| groups | 0.030 | 0.004 | 0.034 | |
| makeTimeSeries | 0.259 | 0.019 | 0.279 | |
| makeTimeSeriesExperimentFromExpressionSet | 0.002 | 0.000 | 0.002 | |
| makeTimeSeriesExperimentFromSummarizedExperiment | 0.239 | 0.001 | 0.240 | |
| meltMatrix | 0.013 | 0.000 | 0.013 | |
| normalizeData | 0.052 | 0.003 | 0.054 | |
| pathwayEnrichment | 0.975 | 0.045 | 1.021 | |
| pipe | 0.001 | 0.000 | 0.001 | |
| plotEnrichment | 1.090 | 0.012 | 1.102 | |
| plotHeatmap | 0.046 | 0.002 | 0.048 | |
| plotSamplePCA | 0.403 | 0.005 | 0.447 | |
| plotTimeSeries | 1.921 | 0.022 | 1.943 | |
| plotTimeSeriesClusters | 2.582 | 0.031 | 2.616 | |
| plotTimeSeriesPCA | 4.541 | 0.508 | 5.055 | |
| replicates | 0.029 | 0.003 | 0.031 | |
| rowData | 0.039 | 0.004 | 0.043 | |
| row_and_colnames | 0.016 | 0.003 | 0.018 | |
| runPCA | 0.082 | 0.004 | 0.085 | |
| timeSeries | 0.778 | 0.514 | 1.293 | |
| timepointDE | 0.147 | 0.005 | 0.151 | |
| timepoints | 0.050 | 0.003 | 0.053 | |
| trajectoryDE | 0.262 | 0.016 | 0.278 | |
| varianceStabilization | 0.006 | 0.002 | 0.007 | |