| Back to Multiple platform build/check report for BioC 3.11 |
|
This page was generated on 2020-10-17 11:59:30 -0400 (Sat, 17 Oct 2020).
| TO THE DEVELOPERS/MAINTAINERS OF THE S4Vectors PACKAGE: Please make sure to use the following settings in order to reproduce any error or warning you see on this page. |
| Package 1564/1905 | Hostname | OS / Arch | INSTALL | BUILD | CHECK | BUILD BIN | ||||||
| S4Vectors 0.26.1 Bioconductor Package Maintainer
| malbec2 | Linux (Ubuntu 18.04.4 LTS) / x86_64 | OK | OK | WARNINGS | |||||||
| tokay2 | Windows Server 2012 R2 Standard / x64 | OK | OK | WARNINGS | OK | |||||||
| machv2 | macOS 10.14.6 Mojave / x86_64 | OK | OK | [ WARNINGS ] | OK |
| Package: S4Vectors |
| Version: 0.26.1 |
| Command: /Library/Frameworks/R.framework/Versions/Current/Resources/bin/R CMD check --install=check:S4Vectors.install-out.txt --library=/Library/Frameworks/R.framework/Versions/Current/Resources/library --no-vignettes --timings S4Vectors_0.26.1.tar.gz |
| StartedAt: 2020-10-17 04:57:49 -0400 (Sat, 17 Oct 2020) |
| EndedAt: 2020-10-17 05:00:08 -0400 (Sat, 17 Oct 2020) |
| EllapsedTime: 139.2 seconds |
| RetCode: 0 |
| Status: WARNINGS |
| CheckDir: S4Vectors.Rcheck |
| Warnings: 2 |
##############################################################################
##############################################################################
###
### Running command:
###
### /Library/Frameworks/R.framework/Versions/Current/Resources/bin/R CMD check --install=check:S4Vectors.install-out.txt --library=/Library/Frameworks/R.framework/Versions/Current/Resources/library --no-vignettes --timings S4Vectors_0.26.1.tar.gz
###
##############################################################################
##############################################################################
* using log directory ‘/Users/biocbuild/bbs-3.11-bioc/meat/S4Vectors.Rcheck’
* using R version 4.0.3 (2020-10-10)
* using platform: x86_64-apple-darwin17.0 (64-bit)
* using session charset: UTF-8
* using option ‘--no-vignettes’
* checking for file ‘S4Vectors/DESCRIPTION’ ... OK
* this is package ‘S4Vectors’ version ‘0.26.1’
* package encoding: UTF-8
* checking package namespace information ... OK
* checking package dependencies ... OK
* checking if this is a source package ... OK
* checking if there is a namespace ... OK
* checking for hidden files and directories ... OK
* checking for portable file names ... OK
* checking for sufficient/correct file permissions ... OK
* checking whether package ‘S4Vectors’ can be installed ... OK
* checking installed package size ... OK
* checking package directory ... OK
* checking ‘build’ directory ... OK
* checking DESCRIPTION meta-information ... OK
* checking top-level files ... OK
* checking for left-over files ... OK
* checking index information ... OK
* checking package subdirectories ... OK
* checking R files for non-ASCII characters ... OK
* checking R files for syntax errors ... OK
* checking whether the package can be loaded ... OK
* checking whether the package can be loaded with stated dependencies ... OK
* checking whether the package can be unloaded cleanly ... OK
* checking whether the namespace can be loaded with stated dependencies ... OK
* checking whether the namespace can be unloaded cleanly ... OK
* checking dependencies in R code ... NOTE
Unexported objects imported by ':::' calls:
‘data.table:::as.data.frame.data.table’
‘stats:::na.exclude.data.frame’ ‘stats:::na.omit.data.frame’
See the note in ?`:::` about the use of this operator.
* checking S3 generic/method consistency ... OK
* checking replacement functions ... OK
* checking foreign function calls ... OK
* checking R code for possible problems ... NOTE
evalSeparately,FilterRules : <anonymous>: no visible global function
definition for ‘.’
Undefined global functions or variables:
.
* checking Rd files ... OK
* checking Rd metadata ... OK
* checking Rd cross-references ... WARNING
Missing link or links in documentation object 'Vector-comparison.Rd':
‘[IRanges]{IntegerRanges-comparison}’
See section 'Cross-references' in the 'Writing R Extensions' manual.
* checking for missing documentation entries ... WARNING
Undocumented code objects:
‘head.LLint’ ‘pcompareRecursively’ ‘t.HitsList’ ‘tail.LLint’
‘transform.Vector’ ‘window.LLint’
Undocumented S4 methods:
generic '!' and siglist 'List'
generic '<=' and siglist 'List,List'
generic '<=' and siglist 'List,list'
generic '<=' and siglist 'list,List'
generic '==' and siglist 'List,List'
generic '==' and siglist 'List,list'
generic '==' and siglist 'list,List'
generic '[' and siglist 'LLint'
generic '[<-' and siglist 'Rle'
generic 'anyNA' and siglist 'List'
generic 'by' and siglist 'Vector'
generic 'coerce' and siglist 'ANY,DataTable_OR_NULL'
generic 'countMatches' and siglist 'ANY'
generic 'do.call' and siglist 'ANY,List'
generic 'droplevels' and siglist 'DataFrame'
generic 'duplicated' and siglist 'List'
generic 'eval' and siglist 'expression,Vector'
generic 'eval' and siglist 'language,Vector'
generic 'extractCOLS' and siglist 'DataFrame'
generic 'extractROWS' and siglist 'DataFrame,ANY'
generic 'extractROWS' and siglist 'LLint,ANY'
generic 'extractROWS' and siglist 'LLint,NSBS'
generic 'extractROWS' and siglist 'LLint,RangeNSBS'
generic 'extractROWS' and siglist 'Vector,ANY'
generic 'filterRules' and siglist 'FilterResults'
generic 'from' and siglist 'HitsList'
generic 'getListElement' and siglist 'SimpleList'
generic 'grep' and siglist 'ANY,Rle'
generic 'grepl' and siglist 'ANY,Rle'
generic 'head' and siglist 'LLint'
generic 'is.na' and siglist 'List'
generic 'is.unsorted' and siglist 'List'
generic 'match' and siglist 'List,List'
generic 'match' and siglist 'List,Vector'
generic 'match' and siglist 'List,list'
generic 'match' and siglist 'List,vector'
generic 'match' and siglist 'list,List'
generic 'max' and siglist 'NSBS'
generic 'mergeROWS' and siglist 'ANY'
generic 'mergeROWS' and siglist 'DataFrame'
generic 'mergeROWS' and siglist 'Vector'
generic 'normalizeSingleBracketReplacementValue' and siglist
'DataFrame'
generic 'normalizeSingleBracketReplacementValue' and siglist 'List'
generic 'order' and siglist 'List'
generic 'pcompare' and siglist 'List,List'
generic 'pcompare' and siglist 'List,list'
generic 'pcompare' and siglist 'list,List'
generic 'pcompareRecursively' and siglist 'List'
generic 'pcompareRecursively' and siglist 'list'
generic 'rank' and siglist 'List'
generic 'rep.int' and siglist 'LLint'
generic 'rep' and siglist 'DataFrame'
generic 'replaceCOLS' and siglist 'DataFrame'
generic 'replaceROWS' and siglist 'ANY'
generic 'replaceROWS' and siglist 'DataFrame'
generic 'replaceROWS' and siglist 'Rle'
generic 'replaceROWS' and siglist 'Vector'
generic 'sameAsPreviousROW' and siglist 'Rle'
generic 'sameAsPreviousROW' and siglist 'atomic'
generic 'sameAsPreviousROW' and siglist 'complex'
generic 'sameAsPreviousROW' and siglist 'integer'
generic 'sameAsPreviousROW' and siglist 'numeric'
generic 'sort' and siglist 'DataTable'
generic 'sort' and siglist 'List'
generic 'splitAsList' and siglist 'ANY'
generic 'splitAsList' and siglist 'SortedByQueryHits'
generic 'summary' and siglist 'FilterResults'
generic 't' and siglist 'Pairs'
generic 'tail' and siglist 'LLint'
generic 'to' and siglist 'HitsList'
generic 'transform' and siglist 'Vector'
generic 'unique' and siglist 'List'
generic 'unique' and siglist 'SimpleList'
generic 'window' and siglist 'LLint'
generic 'with' and siglist 'Vector'
generic 'xtabs' and siglist 'Vector'
All user-level objects in a package (including S4 classes and methods)
should have documentation entries.
See chapter ‘Writing R documentation files’ in the ‘Writing R
Extensions’ manual.
* checking for code/documentation mismatches ... OK
* checking Rd \usage sections ... OK
* checking Rd contents ... OK
* checking for unstated dependencies in examples ... OK
* checking line endings in C/C++/Fortran sources/headers ... OK
* checking compiled code ... NOTE
Note: information on .o files is not available
* checking sizes of PDF files under ‘inst/doc’ ... OK
* checking installed files from ‘inst/doc’ ... OK
* checking files in ‘vignettes’ ... OK
* checking examples ... OK
Examples with CPU (user + system) or elapsed time > 5s
user system elapsed
shiftApply-methods 12.737 1.207 13.951
TransposedDataFrame-class 5.622 0.199 5.829
* checking for unstated dependencies in ‘tests’ ... OK
* checking tests ...
Running ‘run_unitTests.R’
OK
* checking for unstated dependencies in vignettes ... OK
* checking package vignettes in ‘inst/doc’ ... OK
* checking running R code from vignettes ... SKIPPED
* checking re-building of vignette outputs ... SKIPPED
* checking PDF version of manual ... OK
* DONE
Status: 2 WARNINGs, 3 NOTEs
See
‘/Users/biocbuild/bbs-3.11-bioc/meat/S4Vectors.Rcheck/00check.log’
for details.
S4Vectors.Rcheck/00install.out
##############################################################################
##############################################################################
###
### Running command:
###
### /Library/Frameworks/R.framework/Versions/Current/Resources/bin/R CMD INSTALL S4Vectors
###
##############################################################################
##############################################################################
* installing to library ‘/Library/Frameworks/R.framework/Versions/4.0/Resources/library’
* installing *source* package ‘S4Vectors’ ...
** using staged installation
** libs
clang -mmacosx-version-min=10.13 -I"/Library/Frameworks/R.framework/Resources/include" -DNDEBUG -I/usr/local/include -fPIC -Wall -g -O2 -c AEbufs.c -o AEbufs.o
clang -mmacosx-version-min=10.13 -I"/Library/Frameworks/R.framework/Resources/include" -DNDEBUG -I/usr/local/include -fPIC -Wall -g -O2 -c DataFrame_class.c -o DataFrame_class.o
clang -mmacosx-version-min=10.13 -I"/Library/Frameworks/R.framework/Resources/include" -DNDEBUG -I/usr/local/include -fPIC -Wall -g -O2 -c Hits_class.c -o Hits_class.o
clang -mmacosx-version-min=10.13 -I"/Library/Frameworks/R.framework/Resources/include" -DNDEBUG -I/usr/local/include -fPIC -Wall -g -O2 -c LLint_class.c -o LLint_class.o
clang -mmacosx-version-min=10.13 -I"/Library/Frameworks/R.framework/Resources/include" -DNDEBUG -I/usr/local/include -fPIC -Wall -g -O2 -c List_class.c -o List_class.o
clang -mmacosx-version-min=10.13 -I"/Library/Frameworks/R.framework/Resources/include" -DNDEBUG -I/usr/local/include -fPIC -Wall -g -O2 -c R_init_S4Vectors.c -o R_init_S4Vectors.o
clang -mmacosx-version-min=10.13 -I"/Library/Frameworks/R.framework/Resources/include" -DNDEBUG -I/usr/local/include -fPIC -Wall -g -O2 -c Rle_class.c -o Rle_class.o
clang -mmacosx-version-min=10.13 -I"/Library/Frameworks/R.framework/Resources/include" -DNDEBUG -I/usr/local/include -fPIC -Wall -g -O2 -c Rle_utils.c -o Rle_utils.o
clang -mmacosx-version-min=10.13 -I"/Library/Frameworks/R.framework/Resources/include" -DNDEBUG -I/usr/local/include -fPIC -Wall -g -O2 -c SEXP_utils.c -o SEXP_utils.o
clang -mmacosx-version-min=10.13 -I"/Library/Frameworks/R.framework/Resources/include" -DNDEBUG -I/usr/local/include -fPIC -Wall -g -O2 -c SimpleList_class.c -o SimpleList_class.o
clang -mmacosx-version-min=10.13 -I"/Library/Frameworks/R.framework/Resources/include" -DNDEBUG -I/usr/local/include -fPIC -Wall -g -O2 -c anyMissing.c -o anyMissing.o
clang -mmacosx-version-min=10.13 -I"/Library/Frameworks/R.framework/Resources/include" -DNDEBUG -I/usr/local/include -fPIC -Wall -g -O2 -c character_utils.c -o character_utils.o
clang -mmacosx-version-min=10.13 -I"/Library/Frameworks/R.framework/Resources/include" -DNDEBUG -I/usr/local/include -fPIC -Wall -g -O2 -c eval_utils.c -o eval_utils.o
clang -mmacosx-version-min=10.13 -I"/Library/Frameworks/R.framework/Resources/include" -DNDEBUG -I/usr/local/include -fPIC -Wall -g -O2 -c hash_utils.c -o hash_utils.o
clang -mmacosx-version-min=10.13 -I"/Library/Frameworks/R.framework/Resources/include" -DNDEBUG -I/usr/local/include -fPIC -Wall -g -O2 -c integer_utils.c -o integer_utils.o
clang -mmacosx-version-min=10.13 -I"/Library/Frameworks/R.framework/Resources/include" -DNDEBUG -I/usr/local/include -fPIC -Wall -g -O2 -c logical_utils.c -o logical_utils.o
clang -mmacosx-version-min=10.13 -I"/Library/Frameworks/R.framework/Resources/include" -DNDEBUG -I/usr/local/include -fPIC -Wall -g -O2 -c map_ranges_to_runs.c -o map_ranges_to_runs.o
clang -mmacosx-version-min=10.13 -I"/Library/Frameworks/R.framework/Resources/include" -DNDEBUG -I/usr/local/include -fPIC -Wall -g -O2 -c raw_utils.c -o raw_utils.o
clang -mmacosx-version-min=10.13 -I"/Library/Frameworks/R.framework/Resources/include" -DNDEBUG -I/usr/local/include -fPIC -Wall -g -O2 -c safe_arithm.c -o safe_arithm.o
clang -mmacosx-version-min=10.13 -I"/Library/Frameworks/R.framework/Resources/include" -DNDEBUG -I/usr/local/include -fPIC -Wall -g -O2 -c sort_utils.c -o sort_utils.o
sort_utils.c:263:13: warning: unused function 'sort_uchar_array' [-Wunused-function]
static void sort_uchar_array(unsigned char *x, int nelt, int desc)
^
1 warning generated.
clang -mmacosx-version-min=10.13 -I"/Library/Frameworks/R.framework/Resources/include" -DNDEBUG -I/usr/local/include -fPIC -Wall -g -O2 -c subsetting_utils.c -o subsetting_utils.o
clang -mmacosx-version-min=10.13 -I"/Library/Frameworks/R.framework/Resources/include" -DNDEBUG -I/usr/local/include -fPIC -Wall -g -O2 -c vector_utils.c -o vector_utils.o
clang -mmacosx-version-min=10.13 -dynamiclib -Wl,-headerpad_max_install_names -undefined dynamic_lookup -single_module -multiply_defined suppress -L/Library/Frameworks/R.framework/Resources/lib -L/usr/local/lib -o S4Vectors.so AEbufs.o DataFrame_class.o Hits_class.o LLint_class.o List_class.o R_init_S4Vectors.o Rle_class.o Rle_utils.o SEXP_utils.o SimpleList_class.o anyMissing.o character_utils.o eval_utils.o hash_utils.o integer_utils.o logical_utils.o map_ranges_to_runs.o raw_utils.o safe_arithm.o sort_utils.o subsetting_utils.o vector_utils.o -F/Library/Frameworks/R.framework/.. -framework R -Wl,-framework -Wl,CoreFoundation
installing to /Library/Frameworks/R.framework/Versions/4.0/Resources/library/00LOCK-S4Vectors/00new/S4Vectors/libs
** R
** inst
** byte-compile and prepare package for lazy loading
in method for ‘normalizeSingleBracketReplacementValue’ with signature ‘"List"’: no definition for class “List”
Creating a generic function for ‘complete.cases’ from package ‘stats’ in package ‘S4Vectors’
Creating a new generic function for ‘expand.grid’ in package ‘S4Vectors’
Creating a new generic function for ‘findMatches’ in package ‘S4Vectors’
Creating a generic function for ‘setequal’ from package ‘base’ in package ‘S4Vectors’
Creating a generic function for ‘as.factor’ from package ‘base’ in package ‘S4Vectors’
Creating a generic function for ‘tabulate’ from package ‘base’ in package ‘S4Vectors’
Creating a generic function for ‘cov’ from package ‘stats’ in package ‘S4Vectors’
Creating a generic function for ‘cor’ from package ‘stats’ in package ‘S4Vectors’
Creating a generic function for ‘smoothEnds’ from package ‘stats’ in package ‘S4Vectors’
Creating a generic function for ‘runmed’ from package ‘stats’ in package ‘S4Vectors’
Creating a generic function for ‘nchar’ from package ‘base’ in package ‘S4Vectors’
Creating a generic function for ‘substr’ from package ‘base’ in package ‘S4Vectors’
Creating a generic function for ‘substring’ from package ‘base’ in package ‘S4Vectors’
Creating a generic function for ‘chartr’ from package ‘base’ in package ‘S4Vectors’
Creating a generic function for ‘tolower’ from package ‘base’ in package ‘S4Vectors’
Creating a generic function for ‘toupper’ from package ‘base’ in package ‘S4Vectors’
Creating a generic function for ‘sub’ from package ‘base’ in package ‘S4Vectors’
Creating a generic function for ‘gsub’ from package ‘base’ in package ‘S4Vectors’
Creating a generic function for ‘nlevels’ from package ‘base’ in package ‘S4Vectors’
in method for ‘coerce’ with signature ‘"data.table","DFrame"’: no definition for class “data.table”
** help
*** installing help indices
** building package indices
** installing vignettes
‘RleTricks.Rnw’ using ‘UTF-8’
‘S4QuickOverview.Rnw’ using ‘UTF-8’
‘S4VectorsOverview.Rnw’ using ‘UTF-8’
** testing if installed package can be loaded from temporary location
** checking absolute paths in shared objects and dynamic libraries
** testing if installed package can be loaded from final location
** testing if installed package keeps a record of temporary installation path
* DONE (S4Vectors)
S4Vectors.Rcheck/tests/run_unitTests.Rout
R version 4.0.3 (2020-10-10) -- "Bunny-Wunnies Freak Out"
Copyright (C) 2020 The R Foundation for Statistical Computing
Platform: x86_64-apple-darwin17.0 (64-bit)
R is free software and comes with ABSOLUTELY NO WARRANTY.
You are welcome to redistribute it under certain conditions.
Type 'license()' or 'licence()' for distribution details.
R is a collaborative project with many contributors.
Type 'contributors()' for more information and
'citation()' on how to cite R or R packages in publications.
Type 'demo()' for some demos, 'help()' for on-line help, or
'help.start()' for an HTML browser interface to help.
Type 'q()' to quit R.
> require("S4Vectors") || stop("unable to load S4Vectors package")
Loading required package: S4Vectors
Loading required package: stats4
Loading required package: BiocGenerics
Loading required package: parallel
Attaching package: 'BiocGenerics'
The following objects are masked from 'package:parallel':
clusterApply, clusterApplyLB, clusterCall, clusterEvalQ,
clusterExport, clusterMap, parApply, parCapply, parLapply,
parLapplyLB, parRapply, parSapply, parSapplyLB
The following objects are masked from 'package:stats':
IQR, mad, sd, var, xtabs
The following objects are masked from 'package:base':
Filter, Find, Map, Position, Reduce, anyDuplicated, append,
as.data.frame, basename, cbind, colnames, dirname, do.call,
duplicated, eval, evalq, get, grep, grepl, intersect, is.unsorted,
lapply, mapply, match, mget, order, paste, pmax, pmax.int, pmin,
pmin.int, rank, rbind, rownames, sapply, setdiff, sort, table,
tapply, union, unique, unsplit, which, which.max, which.min
Attaching package: 'S4Vectors'
The following object is masked from 'package:base':
expand.grid
[1] TRUE
> S4Vectors:::.test()
Loading required package: GenomeInfoDb
RUNIT TEST PROTOCOL -- Sat Oct 17 04:59:52 2020
***********************************************
Number of test functions: 64
Number of errors: 0
Number of failures: 0
1 Test Suite :
S4Vectors RUnit Tests - 64 test functions, 0 errors, 0 failures
Number of test functions: 64
Number of errors: 0
Number of failures: 0
>
> proc.time()
user system elapsed
15.582 0.383 16.009
S4Vectors.Rcheck/S4Vectors-Ex.timings
| name | user | system | elapsed | |
| Annotated-class | 1.136 | 0.053 | 1.189 | |
| DataFrame-class | 0.352 | 0.020 | 0.372 | |
| DataFrame-comparison | 0.084 | 0.005 | 0.089 | |
| DataTable-class | 0.033 | 0.002 | 0.035 | |
| Factor-class | 0.441 | 0.010 | 0.452 | |
| FilterRules-class | 0.152 | 0.002 | 0.155 | |
| Hits-class | 0.115 | 0.004 | 0.119 | |
| Hits-comparison | 0.056 | 0.002 | 0.058 | |
| Hits-setops | 0.260 | 0.005 | 0.266 | |
| HitsList-class | 0.147 | 0.003 | 0.149 | |
| LLint-class | 0.044 | 0.007 | 0.051 | |
| List-class | 0.002 | 0.001 | 0.003 | |
| List-utils | 0.143 | 0.004 | 0.148 | |
| Pairs-class | 0.066 | 0.002 | 0.069 | |
| Rle-class | 0.118 | 0.003 | 0.121 | |
| Rle-runstat | 0.261 | 0.005 | 0.266 | |
| Rle-utils | 0.032 | 0.002 | 0.034 | |
| SimpleList-class | 0.042 | 0.002 | 0.045 | |
| TransposedDataFrame-class | 5.622 | 0.199 | 5.829 | |
| Vector-class | 0.001 | 0.001 | 0.002 | |
| Vector-comparison | 0.061 | 0.006 | 0.068 | |
| Vector-merge | 0.748 | 0.079 | 0.827 | |
| Vector-setops | 0.000 | 0.000 | 0.001 | |
| aggregate-methods | 0.119 | 0.006 | 0.126 | |
| character-utils | 0.004 | 0.002 | 0.007 | |
| expand-methods | 0.628 | 0.013 | 0.643 | |
| integer-utils | 0.003 | 0.003 | 0.005 | |
| isSorted | 0.006 | 0.002 | 0.009 | |
| shiftApply-methods | 12.737 | 1.207 | 13.951 | |
| splitAsList | 0.103 | 0.003 | 0.106 | |
| zip-methods | 0.019 | 0.000 | 0.020 | |