| Back to Multiple platform build/check report for BioC 3.11 |
|
This page was generated on 2020-10-17 11:55:13 -0400 (Sat, 17 Oct 2020).
| TO THE DEVELOPERS/MAINTAINERS OF THE MSstatsSampleSize PACKAGE: Please make sure to use the following settings in order to reproduce any error or warning you see on this page. |
| Package 1147/1905 | Hostname | OS / Arch | INSTALL | BUILD | CHECK | BUILD BIN | ||||||
| MSstatsSampleSize 1.2.0 Ting Huang
| malbec2 | Linux (Ubuntu 18.04.4 LTS) / x86_64 | OK | OK | [ WARNINGS ] | |||||||
| tokay2 | Windows Server 2012 R2 Standard / x64 | OK | OK | WARNINGS | OK | |||||||
| machv2 | macOS 10.14.6 Mojave / x86_64 | OK | OK | WARNINGS | OK |
| Package: MSstatsSampleSize |
| Version: 1.2.0 |
| Command: /home/biocbuild/bbs-3.11-bioc/R/bin/R CMD check --install=check:MSstatsSampleSize.install-out.txt --library=/home/biocbuild/bbs-3.11-bioc/R/library --no-vignettes --timings MSstatsSampleSize_1.2.0.tar.gz |
| StartedAt: 2020-10-17 03:29:45 -0400 (Sat, 17 Oct 2020) |
| EndedAt: 2020-10-17 03:32:46 -0400 (Sat, 17 Oct 2020) |
| EllapsedTime: 181.1 seconds |
| RetCode: 0 |
| Status: WARNINGS |
| CheckDir: MSstatsSampleSize.Rcheck |
| Warnings: 2 |
##############################################################################
##############################################################################
###
### Running command:
###
### /home/biocbuild/bbs-3.11-bioc/R/bin/R CMD check --install=check:MSstatsSampleSize.install-out.txt --library=/home/biocbuild/bbs-3.11-bioc/R/library --no-vignettes --timings MSstatsSampleSize_1.2.0.tar.gz
###
##############################################################################
##############################################################################
* using log directory ‘/home/biocbuild/bbs-3.11-bioc/meat/MSstatsSampleSize.Rcheck’
* using R version 4.0.3 (2020-10-10)
* using platform: x86_64-pc-linux-gnu (64-bit)
* using session charset: UTF-8
* using option ‘--no-vignettes’
* checking for file ‘MSstatsSampleSize/DESCRIPTION’ ... OK
* checking extension type ... Package
* this is package ‘MSstatsSampleSize’ version ‘1.2.0’
* package encoding: UTF-8
* checking package namespace information ... OK
* checking package dependencies ... OK
* checking if this is a source package ... OK
* checking if there is a namespace ... OK
* checking for hidden files and directories ... OK
* checking for portable file names ... OK
* checking for sufficient/correct file permissions ... OK
* checking whether package ‘MSstatsSampleSize’ can be installed ... OK
* checking installed package size ... OK
* checking package directory ... OK
* checking ‘build’ directory ... OK
* checking DESCRIPTION meta-information ... OK
* checking top-level files ... OK
* checking for left-over files ... OK
* checking index information ... OK
* checking package subdirectories ... OK
* checking R files for non-ASCII characters ... OK
* checking R files for syntax errors ... OK
* checking whether the package can be loaded ... OK
* checking whether the package can be loaded with stated dependencies ... OK
* checking whether the package can be unloaded cleanly ... OK
* checking whether the namespace can be loaded with stated dependencies ... OK
* checking whether the namespace can be unloaded cleanly ... OK
* checking dependencies in R code ... OK
* checking S3 generic/method consistency ... OK
* checking replacement functions ... OK
* checking foreign function calls ... OK
* checking R code for possible problems ... OK
* checking Rd files ... OK
* checking Rd metadata ... OK
* checking Rd cross-references ... OK
* checking for missing documentation entries ... OK
* checking for code/documentation mismatches ... WARNING
Functions or methods with usage in documentation object '.classification' but not in code:
‘.classification’
* checking Rd \usage sections ... OK
* checking Rd contents ... OK
* checking for unstated dependencies in examples ... OK
* checking contents of ‘data’ directory ... OK
* checking data for non-ASCII characters ... OK
* checking data for ASCII and uncompressed saves ... WARNING
Note: significantly better compression could be obtained
by using R CMD build --resave-data
old_size new_size compress
classification_results.rda 1.8Mb 1.3Mb xz
simulated_datasets.rda 656Kb 511Kb xz
variance_estimation.rda 690Kb 321Kb xz
* checking files in ‘vignettes’ ... OK
* checking examples ... OK
Examples with CPU (user + system) or elapsed time > 5s
user system elapsed
designSampleSizeClassificationPlots 71.928 4.342 26.387
designSampleSizeClassification 15.119 0.044 15.164
* checking for unstated dependencies in ‘tests’ ... OK
* checking tests ...
Running ‘testthat.R’
OK
* checking for unstated dependencies in vignettes ... OK
* checking package vignettes in ‘inst/doc’ ... OK
* checking running R code from vignettes ... SKIPPED
* checking re-building of vignette outputs ... SKIPPED
* checking PDF version of manual ... OK
* DONE
Status: 2 WARNINGs
See
‘/home/biocbuild/bbs-3.11-bioc/meat/MSstatsSampleSize.Rcheck/00check.log’
for details.
MSstatsSampleSize.Rcheck/00install.out
############################################################################## ############################################################################## ### ### Running command: ### ### /home/biocbuild/bbs-3.11-bioc/R/bin/R CMD INSTALL MSstatsSampleSize ### ############################################################################## ############################################################################## * installing to library ‘/home/biocbuild/bbs-3.11-bioc/R/library’ * installing *source* package ‘MSstatsSampleSize’ ... ** using staged installation ** R ** data *** moving datasets to lazyload DB ** inst ** byte-compile and prepare package for lazy loading ** help *** installing help indices ** building package indices ** installing vignettes ** testing if installed package can be loaded from temporary location ** testing if installed package can be loaded from final location ** testing if installed package keeps a record of temporary installation path * DONE (MSstatsSampleSize)
MSstatsSampleSize.Rcheck/tests/testthat.Rout
R version 4.0.3 (2020-10-10) -- "Bunny-Wunnies Freak Out"
Copyright (C) 2020 The R Foundation for Statistical Computing
Platform: x86_64-pc-linux-gnu (64-bit)
R is free software and comes with ABSOLUTELY NO WARRANTY.
You are welcome to redistribute it under certain conditions.
Type 'license()' or 'licence()' for distribution details.
R is a collaborative project with many contributors.
Type 'contributors()' for more information and
'citation()' on how to cite R or R packages in publications.
Type 'demo()' for some demos, 'help()' for on-line help, or
'help.start()' for an HTML browser interface to help.
Type 'q()' to quit R.
> library(testthat)
> library(MSstatsSampleSize)
>
> test_check("MSstatsSampleSize")
══ testthat results ═══════════════════════════════════════════════════════════
[ OK: 7 | SKIPPED: 0 | WARNINGS: 0 | FAILED: 0 ]
>
> proc.time()
user system elapsed
21.663 0.260 21.929
MSstatsSampleSize.Rcheck/MSstatsSampleSize-Ex.timings
| name | user | system | elapsed | |
| OV_SRM_train | 0.008 | 0.004 | 0.012 | |
| OV_SRM_train_annotation | 0.005 | 0.000 | 0.005 | |
| classification_results | 0.078 | 0.004 | 0.081 | |
| designSampleSizeClassification | 15.119 | 0.044 | 15.164 | |
| designSampleSizeClassificationPlots | 71.928 | 4.342 | 26.387 | |
| designSampleSizeHypothesisTestingPlot | 0.28 | 0.00 | 0.28 | |
| designSampleSizePCAplot | 2.406 | 0.008 | 2.432 | |
| estimateVar | 0.237 | 0.011 | 0.250 | |
| meanSDplot | 1.080 | 0.012 | 1.092 | |
| simulateDataset | 0.538 | 0.008 | 0.546 | |
| simulated_datasets | 0.018 | 0.001 | 0.017 | |
| variance_estimation | 0.018 | 0.000 | 0.017 | |