| Back to Multiple platform build/check report for BioC 3.11 |
|
This page was generated on 2020-10-17 11:58:40 -0400 (Sat, 17 Oct 2020).
| TO THE DEVELOPERS/MAINTAINERS OF THE HCAExplorer PACKAGE: Please make sure to use the following settings in order to reproduce any error or warning you see on this page. |
| Package 804/1905 | Hostname | OS / Arch | INSTALL | BUILD | CHECK | BUILD BIN | ||||||
| HCAExplorer 1.2.0 Bioconductor Package Maintainer
| malbec2 | Linux (Ubuntu 18.04.4 LTS) / x86_64 | OK | OK | WARNINGS | |||||||
| tokay2 | Windows Server 2012 R2 Standard / x64 | OK | OK | WARNINGS | OK | |||||||
| machv2 | macOS 10.14.6 Mojave / x86_64 | OK | OK | [ WARNINGS ] | OK |
| Package: HCAExplorer |
| Version: 1.2.0 |
| Command: /Library/Frameworks/R.framework/Versions/Current/Resources/bin/R CMD check --install=check:HCAExplorer.install-out.txt --library=/Library/Frameworks/R.framework/Versions/Current/Resources/library --no-vignettes --timings HCAExplorer_1.2.0.tar.gz |
| StartedAt: 2020-10-17 01:58:15 -0400 (Sat, 17 Oct 2020) |
| EndedAt: 2020-10-17 02:01:11 -0400 (Sat, 17 Oct 2020) |
| EllapsedTime: 176.3 seconds |
| RetCode: 0 |
| Status: WARNINGS |
| CheckDir: HCAExplorer.Rcheck |
| Warnings: 1 |
##############################################################################
##############################################################################
###
### Running command:
###
### /Library/Frameworks/R.framework/Versions/Current/Resources/bin/R CMD check --install=check:HCAExplorer.install-out.txt --library=/Library/Frameworks/R.framework/Versions/Current/Resources/library --no-vignettes --timings HCAExplorer_1.2.0.tar.gz
###
##############################################################################
##############################################################################
* using log directory ‘/Users/biocbuild/bbs-3.11-bioc/meat/HCAExplorer.Rcheck’
* using R version 4.0.3 (2020-10-10)
* using platform: x86_64-apple-darwin17.0 (64-bit)
* using session charset: UTF-8
* using option ‘--no-vignettes’
* checking for file ‘HCAExplorer/DESCRIPTION’ ... OK
* checking extension type ... Package
* this is package ‘HCAExplorer’ version ‘1.2.0’
* package encoding: UTF-8
* checking package namespace information ... OK
* checking package dependencies ... OK
* checking if this is a source package ... OK
* checking if there is a namespace ... OK
* checking for hidden files and directories ... OK
* checking for portable file names ... OK
* checking for sufficient/correct file permissions ... OK
* checking whether package ‘HCAExplorer’ can be installed ... OK
* checking installed package size ... OK
* checking package directory ... OK
* checking ‘build’ directory ... OK
* checking DESCRIPTION meta-information ... OK
* checking top-level files ... OK
* checking for left-over files ... OK
* checking index information ... OK
* checking package subdirectories ... OK
* checking R files for non-ASCII characters ... OK
* checking R files for syntax errors ... OK
* checking whether the package can be loaded ... OK
* checking whether the package can be loaded with stated dependencies ... OK
* checking whether the package can be unloaded cleanly ... OK
* checking whether the namespace can be loaded with stated dependencies ... OK
* checking whether the namespace can be unloaded cleanly ... OK
* checking dependencies in R code ... NOTE
Unexported object imported by a ':::' call: ‘utils:::format.object_size’
See the note in ?`:::` about the use of this operator.
* checking S3 generic/method consistency ... OK
* checking replacement functions ... OK
* checking foreign function calls ... OK
* checking R code for possible problems ... NOTE
.getManifest: no visible binding for global variable ‘projectId’
.getManifestFileFormats: no visible binding for global variable
‘projectId’
.subset.HCAExplorer: no visible binding for global variable ‘projectId’
[,HCAExplorer: no visible binding for global variable ‘projectId’
getManifest,HCAExplorer: no visible binding for global variable
‘projectId’
getManifestFileFormats,HCAExplorer: no visible binding for global
variable ‘projectId’
Undefined global functions or variables:
projectId
* checking Rd files ... OK
* checking Rd metadata ... OK
* checking Rd cross-references ... OK
* checking for missing documentation entries ... OK
* checking for code/documentation mismatches ... OK
* checking Rd \usage sections ... WARNING
Documented arguments not in \usage in documentation object 'values,HCAExplorer-method':
‘...’
Functions with \usage entries need to have the appropriate \alias
entries, and all their arguments documented.
The \usage entries must correspond to syntactically valid R code.
See chapter ‘Writing R documentation files’ in the ‘Writing R
Extensions’ manual.
* checking Rd contents ... OK
* checking for unstated dependencies in examples ... OK
* checking files in ‘vignettes’ ... OK
* checking examples ... OK
Examples with CPU (user + system) or elapsed time > 5s
user system elapsed
getManifest 8.608 0.195 33.933
activate.HCAExplorer 0.503 0.009 9.335
filter.HCAExplorer 0.452 0.008 5.987
resetQuery 0.381 0.006 6.182
undoQuery 0.340 0.019 5.037
* checking for unstated dependencies in ‘tests’ ... OK
* checking tests ...
Running ‘testthat.R’
OK
* checking for unstated dependencies in vignettes ... OK
* checking package vignettes in ‘inst/doc’ ... OK
* checking running R code from vignettes ... SKIPPED
* checking re-building of vignette outputs ... SKIPPED
* checking PDF version of manual ... OK
* DONE
Status: 1 WARNING, 2 NOTEs
See
‘/Users/biocbuild/bbs-3.11-bioc/meat/HCAExplorer.Rcheck/00check.log’
for details.
HCAExplorer.Rcheck/00install.out
############################################################################## ############################################################################## ### ### Running command: ### ### /Library/Frameworks/R.framework/Versions/Current/Resources/bin/R CMD INSTALL HCAExplorer ### ############################################################################## ############################################################################## * installing to library ‘/Library/Frameworks/R.framework/Versions/4.0/Resources/library’ * installing *source* package ‘HCAExplorer’ ... ** using staged installation ** R ** byte-compile and prepare package for lazy loading Creating a generic function for ‘fields’ from package ‘vctrs’ in package ‘HCAExplorer’ ** help *** installing help indices ** building package indices ** installing vignettes ** testing if installed package can be loaded from temporary location ** testing if installed package can be loaded from final location ** testing if installed package keeps a record of temporary installation path * DONE (HCAExplorer)
HCAExplorer.Rcheck/tests/testthat.Rout
R version 4.0.3 (2020-10-10) -- "Bunny-Wunnies Freak Out"
Copyright (C) 2020 The R Foundation for Statistical Computing
Platform: x86_64-apple-darwin17.0 (64-bit)
R is free software and comes with ABSOLUTELY NO WARRANTY.
You are welcome to redistribute it under certain conditions.
Type 'license()' or 'licence()' for distribution details.
R is a collaborative project with many contributors.
Type 'contributors()' for more information and
'citation()' on how to cite R or R packages in publications.
Type 'demo()' for some demos, 'help()' for on-line help, or
'help.start()' for an HTML browser interface to help.
Type 'q()' to quit R.
> library(testthat)
> library(HCAExplorer)
Loading required package: dplyr
Attaching package: 'dplyr'
The following object is masked from 'package:testthat':
matches
The following objects are masked from 'package:stats':
filter, lag
The following objects are masked from 'package:base':
intersect, setdiff, setequal, union
>
> test_check("HCAExplorer")
══ testthat results ═══════════════════════════════════════════════════════════
[ OK: 1 | SKIPPED: 0 | WARNINGS: 0 | FAILED: 0 ]
>
> proc.time()
user system elapsed
4.534 0.245 4.962
HCAExplorer.Rcheck/HCAExplorer-Ex.timings
| name | user | system | elapsed | |
| HCAExplorer | 0.433 | 0.035 | 2.734 | |
| activate.HCAExplorer | 0.503 | 0.009 | 9.335 | |
| fields-HCAExplorer-method | 0.097 | 0.002 | 2.251 | |
| filter.HCAExplorer | 0.452 | 0.008 | 5.987 | |
| getManifest | 8.608 | 0.195 | 33.933 | |
| getManifestFileFormats | 0.279 | 0.014 | 3.207 | |
| nextResults | 0.248 | 0.004 | 2.978 | |
| resetQuery | 0.381 | 0.006 | 6.182 | |
| resetSelect | 0.259 | 0.005 | 4.662 | |
| results | 0.182 | 0.002 | 2.338 | |
| select.HCAExplorer | 0.349 | 0.005 | 4.706 | |
| show-HCAExplorer-method | 0.125 | 0.002 | 2.256 | |
| sub-HCAExplorer-method | 0.198 | 0.003 | 2.876 | |
| undoQuery | 0.340 | 0.019 | 5.037 | |
| values-HCAExplorer-method | 0.106 | 0.003 | 2.387 | |
| viewProjects | 0.500 | 0.184 | 4.819 | |