| Back to Multiple platform build/check report for BioC 3.11 |
|
This page was generated on 2020-10-17 11:56:40 -0400 (Sat, 17 Oct 2020).
| TO THE DEVELOPERS/MAINTAINERS OF THE GenomicFeatures PACKAGE: Please make sure to use the following settings in order to reproduce any error or warning you see on this page. |
| Package 708/1905 | Hostname | OS / Arch | INSTALL | BUILD | CHECK | BUILD BIN | ||||||
| GenomicFeatures 1.40.1 Bioconductor Package Maintainer
| malbec2 | Linux (Ubuntu 18.04.4 LTS) / x86_64 | OK | OK | OK | |||||||
| tokay2 | Windows Server 2012 R2 Standard / x64 | OK | OK | [ WARNINGS ] | OK | |||||||
| machv2 | macOS 10.14.6 Mojave / x86_64 | OK | OK | OK | OK |
| Package: GenomicFeatures |
| Version: 1.40.1 |
| Command: C:\Users\biocbuild\bbs-3.11-bioc\R\bin\R.exe CMD check --force-multiarch --install=check:GenomicFeatures.install-out.txt --library=C:\Users\biocbuild\bbs-3.11-bioc\R\library --no-vignettes --timings GenomicFeatures_1.40.1.tar.gz |
| StartedAt: 2020-10-17 04:23:52 -0400 (Sat, 17 Oct 2020) |
| EndedAt: 2020-10-17 04:53:11 -0400 (Sat, 17 Oct 2020) |
| EllapsedTime: 1759.2 seconds |
| RetCode: 0 |
| Status: WARNINGS |
| CheckDir: GenomicFeatures.Rcheck |
| Warnings: 1 |
##############################################################################
##############################################################################
###
### Running command:
###
### C:\Users\biocbuild\bbs-3.11-bioc\R\bin\R.exe CMD check --force-multiarch --install=check:GenomicFeatures.install-out.txt --library=C:\Users\biocbuild\bbs-3.11-bioc\R\library --no-vignettes --timings GenomicFeatures_1.40.1.tar.gz
###
##############################################################################
##############################################################################
* using log directory 'C:/Users/biocbuild/bbs-3.11-bioc/meat/GenomicFeatures.Rcheck'
* using R version 4.0.3 (2020-10-10)
* using platform: x86_64-w64-mingw32 (64-bit)
* using session charset: ISO8859-1
* using option '--no-vignettes'
* checking for file 'GenomicFeatures/DESCRIPTION' ... OK
* this is package 'GenomicFeatures' version '1.40.1'
* package encoding: UTF-8
* checking package namespace information ... OK
* checking package dependencies ... NOTE
Depends: includes the non-default packages:
'BiocGenerics', 'S4Vectors', 'IRanges', 'GenomeInfoDb',
'GenomicRanges', 'AnnotationDbi'
Adding so many packages to the search path is excessive and importing
selectively is preferable.
* checking if this is a source package ... OK
* checking if there is a namespace ... OK
* checking for hidden files and directories ... NOTE
Found the following hidden files and directories:
.BBSoptions
These were most likely included in error. See section 'Package
structure' in the 'Writing R Extensions' manual.
* checking for portable file names ... OK
* checking whether package 'GenomicFeatures' can be installed ... WARNING
Found the following significant warnings:
Rd warning: C:/Users/biocbuild/bbs-3.11-bioc/tmpdir/RtmpML93OZ/R.INSTALL287816526f17/GenomicFeatures/man/TxDb-class.Rd:97: file link 'GRanges' in package 'GenomicRanges' does not exist and so has been treated as a topic
Rd warning: C:/Users/biocbuild/bbs-3.11-bioc/tmpdir/RtmpML93OZ/R.INSTALL287816526f17/GenomicFeatures/man/TxDb-class.Rd:100: file link 'saveDb' in package 'AnnotationDbi' does not exist and so has been treated as a topic
Rd warning: C:/Users/biocbuild/bbs-3.11-bioc/tmpdir/RtmpML93OZ/R.INSTALL287816526f17/GenomicFeatures/man/TxDb-class.Rd:101: file link 'loadDb' in package 'AnnotationDbi' does not exist and so has been treated as a topic
Rd warning: C:/Users/biocbuild/bbs-3.11-bioc/tmpdir/RtmpML93OZ/R.INSTALL287816526f17/GenomicFeatures/man/coordinate-mapping-methods.Rd:28: file link 'mapToAlignments' in package 'GenomicAlignments' does not exist and so has been treated as a topic
Rd warning: C:/Users/biocbuild/bbs-3.11-bioc/tmpdir/RtmpML93OZ/R.INSTALL287816526f17/GenomicFeatures/man/coordinate-mapping-methods.Rd:54: file link 'GenomicRanges' in package 'GenomicRanges' does not exist and so has been treated as a topic
Rd warning: C:/Users/biocbuild/bbs-3.11-bioc/tmpdir/RtmpML93OZ/R.INSTALL287816526f17/GenomicFeatures/man/coordinate-mapping-methods.Rd:58: file link 'IntegerRanges' in package 'IRanges' does not exist and so has been treated as a topic
Rd warning: C:/Users/biocbuild/bbs-3.11-bioc/tmpdir/RtmpML93OZ/R.INSTALL287816526f17/GenomicFeatures/man/coordinate-mapping-methods.Rd:61: file link 'GenomicRanges' in package 'GenomicRanges' does not exist and so has been treated as a topic
Rd warning: C:/Users/biocbuild/bbs-3.11-bioc/tmpdir/RtmpML93OZ/R.INSTALL287816526f17/GenomicFeatures/man/coordinate-mapping-methods.Rd:62: file link 'GRangesList' in package 'GenomicRanges' does not exist and so has been treated as a topic
Rd warning: C:/Users/biocbuild/bbs-3.11-bioc/tmpdir/RtmpML93OZ/R.INSTALL287816526f17/GenomicFeatures/man/coordinate-mapping-methods.Rd:231: file link 'mapToAlignments' in package 'GenomicAlignments' does not exist and so has been treated as a topic
Rd warning: C:/Users/biocbuild/bbs-3.11-bioc/tmpdir/RtmpML93OZ/R.INSTALL287816526f17/GenomicFeatures/man/coverageByTranscript.Rd:25: file link 'GRanges' in package 'GenomicRanges' does not exist and so has been treated as a topic
Rd warning: C:/Users/biocbuild/bbs-3.11-bioc/tmpdir/RtmpML93OZ/R.INSTALL287816526f17/GenomicFeatures/man/coverageByTranscript.Rd:25: file link 'GRangesList' in package 'GenomicRanges' does not exist and so has been treated as a topic
Rd warning: C:/Users/biocbuild/bbs-3.11-bioc/tmpdir/RtmpML93OZ/R.INSTALL287816526f17/GenomicFeatures/man/coverageByTranscript.Rd:26: file link 'GAlignments' in package 'GenomicAlignments' does not exist and so has been treated as a topic
Rd warning: C:/Users/biocbuild/bbs-3.11-bioc/tmpdir/RtmpML93OZ/R.INSTALL287816526f17/GenomicFeatures/man/coverageByTranscript.Rd:27: file link 'GAlignmentPairs' in package 'GenomicAlignments' does not exist and so has been treated as a topic
Rd warning: C:/Users/biocbuild/bbs-3.11-bioc/tmpdir/RtmpML93OZ/R.INSTALL287816526f17/GenomicFeatures/man/coverageByTranscript.Rd:28: file link 'GAlignmentsList' in package 'GenomicAlignments' does not exist and so has been treated as a topic
Rd warning: C:/Users/biocbuild/bbs-3.11-bioc/tmpdir/RtmpML93OZ/R.INSTALL287816526f17/GenomicFeatures/man/coverageByTranscript.Rd:32: file link 'coverage' in package 'GenomicRanges' does not exist and so has been treated as a topic
Rd warning: C:/Users/biocbuild/bbs-3.11-bioc/tmpdir/RtmpML93OZ/R.INSTALL287816526f17/GenomicFeatures/man/coverageByTranscript.Rd:33: file link 'BamFile' in package 'Rsamtools' does not exist and so has been treated as a topic
Rd warning: C:/Users/biocbuild/bbs-3.11-bioc/tmpdir/RtmpML93OZ/R.INSTALL287816526f17/GenomicFeatures/man/coverageByTranscript.Rd:35: file link 'RleList' in package 'IRanges' does not exist and so has been treated as a topic
Rd warning: C:/Users/biocbuild/bbs-3.11-bioc/tmpdir/RtmpML93OZ/R.INSTALL287816526f17/GenomicFeatures/man/coverageByTranscript.Rd:38: file link 'grglist' in package 'GenomicRanges' does not exist and so has been treated as a topic
Rd warning: C:/Users/biocbuild/bbs-3.11-bioc/tmpdir/RtmpML93OZ/R.INSTALL287816526f17/GenomicFeatures/man/coverageByTranscript.Rd:43: file link 'GRangesList' in package 'GenomicRanges' does not exist and so has been treated as a topic
Rd warning: C:/Users/biocbuild/bbs-3.11-bioc/tmpdir/RtmpML93OZ/R.INSTALL287816526f17/GenomicFeatures/man/coverageByTranscript.Rd:55: file link 'GRangesList' in package 'GenomicRanges' does not exist and so has been treated as a topic
Rd warning: C:/Users/biocbuild/bbs-3.11-bioc/tmpdir/RtmpML93OZ/R.INSTALL287816526f17/GenomicFeatures/man/coverageByTranscript.Rd:70: file link 'grglist' in package 'GenomicRanges' does not exist and so has been treated as a topic
Rd warning: C:/Users/biocbuild/bbs-3.11-bioc/tmpdir/RtmpML93OZ/R.INSTALL287816526f17/GenomicFeatures/man/coverageByTranscript.Rd:71: file link 'GRanges' in package 'GenomicRanges' does not exist and so has been treated as a topic
Rd warning: C:/Users/biocbuild/bbs-3.11-bioc/tmpdir/RtmpML93OZ/R.INSTALL287816526f17/GenomicFeatures/man/coverageByTranscript.Rd:72: file link 'GRangesList' in package 'GenomicRanges' does not exist and so has been treated as a topic
Rd warning: C:/Users/biocbuild/bbs-3.11-bioc/tmpdir/RtmpML93OZ/R.INSTALL287816526f17/GenomicFeatures/man/coverageByTranscript.Rd:74: file link 'GRangesList' in package 'GenomicRanges' does not exist and so has been treated as a topic
Rd warning: C:/Users/biocbuild/bbs-3.11-bioc/tmpdir/RtmpML93OZ/R.INSTALL287816526f17/GenomicFeatures/man/coverageByTranscript.Rd:75: file link 'grglist' in package 'GenomicRanges' does not exist and so has been treated as a topic
Rd warning: C:/Users/biocbuild/bbs-3.11-bioc/tmpdir/RtmpML93OZ/R.INSTALL287816526f17/GenomicFeatures/man/coverageByTranscript.Rd:80: file link 'RleList' in package 'IRanges' does not exist and so has been treated as a topic
Rd warning: C:/Users/biocbuild/bbs-3.11-bioc/tmpdir/RtmpML93OZ/R.INSTALL287816526f17/GenomicFeatures/man/coverageByTranscript.Rd:81: file link 'Rle' in package 'S4Vectors' does not exist and so has been treated as a topic
Rd warning: C:/Users/biocbuild/bbs-3.11-bioc/tmpdir/RtmpML93OZ/R.INSTALL287816526f17/GenomicFeatures/man/coverageByTranscript.Rd:102: file link 'RleList' in package 'IRanges' does not exist and so has been treated as a topic
Rd warning: C:/Users/biocbuild/bbs-3.11-bioc/tmpdir/RtmpML93OZ/R.INSTALL287816526f17/GenomicFeatures/man/coverageByTranscript.Rd:105: file link 'GRangesList' in package 'GenomicRanges' does not exist and so has been treated as a topic
Rd warning: C:/Users/biocbuild/bbs-3.11-bioc/tmpdir/RtmpML93OZ/R.INSTALL287816526f17/GenomicFeatures/man/coverageByTranscript.Rd:108: file link 'coverage' in package 'GenomicRanges' does not exist and so has been treated as a topic
Rd warning: C:/Users/biocbuild/bbs-3.11-bioc/tmpdir/RtmpML93OZ/R.INSTALL287816526f17/GenomicFeatures/man/coverageByTranscript.Rd:114: file link 'findCompatibleOverlaps' in package 'GenomicAlignments' does not exist and so has been treated as a topic
Rd warning: C:/Users/biocbuild/bbs-3.11-bioc/tmpdir/RtmpML93OZ/R.INSTALL287816526f17/GenomicFeatures/man/disjointExons.Rd:47: file link 'GRanges' in package 'GenomicRanges' does not exist and so has been treated as a topic
Rd warning: C:/Users/biocbuild/bbs-3.11-bioc/tmpdir/RtmpML93OZ/R.INSTALL287816526f17/GenomicFeatures/man/disjointExons.Rd:58: file link 'GRanges' in package 'GenomicRanges' does not exist and so has been treated as a topic
Rd warning: C:/Users/biocbuild/bbs-3.11-bioc/tmpdir/RtmpML93OZ/R.INSTALL287816526f17/GenomicFeatures/man/exonicParts.Rd:38: file link 'disjoin' in package 'IRanges' does not exist and so has been treated as a topic
Rd warning: C:/Users/biocbuild/bbs-3.11-bioc/tmpdir/RtmpML93OZ/R.INSTALL287816526f17/GenomicFeatures/man/exonicParts.Rd:44: file link 'disjoin' in package 'IRanges' does not exist and so has been treated as a topic
Rd warning: C:/Users/biocbuild/bbs-3.11-bioc/tmpdir/RtmpML93OZ/R.INSTALL287816526f17/GenomicFeatures/man/exonicParts.Rd:82: file link 'GRanges' in package 'GenomicRanges' does not exist and so has been treated as a topic
Rd warning: C:/Users/biocbuild/bbs-3.11-bioc/tmpdir/RtmpML93OZ/R.INSTALL287816526f17/GenomicFeatures/man/exonicParts.Rd:91: file link 'GRanges' in package 'GenomicRanges' does not exist and so has been treated as a topic
Rd warning: C:/Users/biocbuild/bbs-3.11-bioc/tmpdir/RtmpML93OZ/R.INSTALL287816526f17/GenomicFeatures/man/exonicParts.Rd:98: file link 'GRanges' in package 'GenomicRanges' does not exist and so has been treated as a topic
Rd warning: C:/Users/biocbuild/bbs-3.11-bioc/tmpdir/RtmpML93OZ/R.INSTALL287816526f17/GenomicFeatures/man/exonicParts.Rd:102: file link 'GRanges' in package 'GenomicRanges' does not exist and so has been treated as a topic
Rd warning: C:/Users/biocbuild/bbs-3.11-bioc/tmpdir/RtmpML93OZ/R.INSTALL287816526f17/GenomicFeatures/man/exonicParts.Rd:107: file link 'GRanges' in package 'GenomicRanges' does not exist and so has been treated as a topic
Rd warning: C:/Users/biocbuild/bbs-3.11-bioc/tmpdir/RtmpML93OZ/R.INSTALL287816526f17/GenomicFeatures/man/exonicParts.Rd:141: file link 'disjoin' in package 'IRanges' does not exist and so has been treated as a topic
Rd warning: C:/Users/biocbuild/bbs-3.11-bioc/tmpdir/RtmpML93OZ/R.INSTALL287816526f17/GenomicFeatures/man/extractTranscriptSeqs.Rd:26: file link 'DNAString' in package 'Biostrings' does not exist and so has been treated as a topic
Rd warning: C:/Users/biocbuild/bbs-3.11-bioc/tmpdir/RtmpML93OZ/R.INSTALL287816526f17/GenomicFeatures/man/extractTranscriptSeqs.Rd:27: file link 'BSgenome' in package 'BSgenome' does not exist and so has been treated as a topic
Rd warning: C:/Users/biocbuild/bbs-3.11-bioc/tmpdir/RtmpML93OZ/R.INSTALL287816526f17/GenomicFeatures/man/extractTranscriptSeqs.Rd:31: file link 'FaFile' in package 'Rsamtools' does not exist and so has been treated as a topic
Rd warning: C:/Users/biocbuild/bbs-3.11-bioc/tmpdir/RtmpML93OZ/R.INSTALL287816526f17/GenomicFeatures/man/extractTranscriptSeqs.Rd:40: file link 'DNAString' in package 'Biostrings' does not exist and so has been treated as a topic
Rd warning: C:/Users/biocbuild/bbs-3.11-bioc/tmpdir/RtmpML93OZ/R.INSTALL287816526f17/GenomicFeatures/man/extractTranscriptSeqs.Rd:41: file link 'IntegerRangesList' in package 'IRanges' does not exist and so has been treated as a topic
Rd warning: C:/Users/biocbuild/bbs-3.11-bioc/tmpdir/RtmpML93OZ/R.INSTALL287816526f17/GenomicFeatures/man/extractTranscriptSeqs.Rd:44: file link 'BSgenome' in package 'BSgenome' does not exist and so has been treated as a topic
Rd warning: C:/Users/biocbuild/bbs-3.11-bioc/tmpdir/RtmpML93OZ/R.INSTALL287816526f17/GenomicFeatures/man/extractTranscriptSeqs.Rd:46: file link 'GRangesList' in package 'GenomicRanges' does not exist and so has been treated as a topic
Rd warning: C:/Users/biocbuild/bbs-3.11-bioc/tmpdir/RtmpML93OZ/R.INSTALL287816526f17/GenomicFeatures/man/extractTranscriptSeqs.Rd:49: file link 'GRangesList' in package 'GenomicRanges' does not exist and so has been treated as a topic
Rd warning: C:/Users/biocbuild/bbs-3.11-bioc/tmpdir/RtmpML93OZ/R.INSTALL287816526f17/GenomicFeatures/man/extractTranscriptSeqs.Rd:74: file link 'GRangesList' in package 'GenomicRanges' does not exist and so has been treated as a topic
Rd warning: C:/Users/biocbuild/bbs-3.11-bioc/tmpdir/RtmpML93OZ/R.INSTALL287816526f17/GenomicFeatures/man/extractTranscriptSeqs.Rd:79: file link 'DNAString' in package 'Biostrings' does not exist and so has been treated as a topic
Rd warning: C:/Users/biocbuild/bbs-3.11-bioc/tmpdir/RtmpML93OZ/R.INSTALL287816526f17/GenomicFeatures/man/extractTranscriptSeqs.Rd:81: file link 'Rle' in package 'S4Vectors' does not exist and so has been treated as a topic
Rd warning: C:/Users/biocbuild/bbs-3.11-bioc/tmpdir/RtmpML93OZ/R.INSTALL287816526f17/GenomicFeatures/man/extractTranscriptSeqs.Rd:84: file link 'Rle' in package 'S4Vectors' does not exist and so has been treated as a topic
Rd warning: C:/Users/biocbuild/bbs-3.11-bioc/tmpdir/RtmpML93OZ/R.INSTALL287816526f17/GenomicFeatures/man/extractTranscriptSeqs.Rd:87: file link 'IntegerRangesList' in package 'IRanges' does not exist and so has been treated as a topic
Rd warning: C:/Users/biocbuild/bbs-3.11-bioc/tmpdir/RtmpML93OZ/R.INSTALL287816526f17/GenomicFeatures/man/extractTranscriptSeqs.Rd:93: file link 'IntegerRangesList' in package 'IRanges' does not exist and so has been treated as a topic
Rd warning: C:/Users/biocbuild/bbs-3.11-bioc/tmpdir/RtmpML93OZ/R.INSTALL287816526f17/GenomicFeatures/man/extractTranscriptSeqs.Rd:103: file link 'DNAStringSet' in package 'Biostrings' does not exist and so has been treated as a topic
Rd warning: C:/Users/biocbuild/bbs-3.11-bioc/tmpdir/RtmpML93OZ/R.INSTALL287816526f17/GenomicFeatures/man/extractTranscriptSeqs.Rd:125: file link 'DNAString' in package 'Biostrings' does not exist and so has been treated as a topic
Rd warning: C:/Users/biocbuild/bbs-3.11-bioc/tmpdir/RtmpML93OZ/R.INSTALL287816526f17/GenomicFeatures/man/extractTranscriptSeqs.Rd:125: file link 'DNAStringSet' in package 'Biostrings' does not exist and so has been treated as a topic
Rd warning: C:/Users/biocbuild/bbs-3.11-bioc/tmpdir/RtmpML93OZ/R.INSTALL287816526f17/GenomicFeatures/man/extractTranscriptSeqs.Rd:132: file link 'GRangesList' in package 'GenomicRanges' does not exist and so has been treated as a topic
Rd warning: C:/Users/biocbuild/bbs-3.11-bioc/tmpdir/RtmpML93OZ/R.INSTALL287816526f17/GenomicFeatures/man/extractTranscriptSeqs.Rd:135: file link 'IntegerRangesList' in package 'IRanges' does not exist and so has been treated as a topic
Rd warning: C:/Users/biocbuild/bbs-3.11-bioc/tmpdir/RtmpML93OZ/R.INSTALL287816526f17/GenomicFeatures/man/extractUpstreamSeqs.Rd:29: file link 'BSgenome' in package 'BSgenome' does not exist and so has been treated as a topic
Rd warning: C:/Users/biocbuild/bbs-3.11-bioc/tmpdir/RtmpML93OZ/R.INSTALL287816526f17/GenomicFeatures/man/extractUpstreamSeqs.Rd:30: file link 'TwoBitFile' in package 'rtracklayer' does not exist and so has been treated as a topic
Rd warning: C:/Users/biocbuild/bbs-3.11-bioc/tmpdir/RtmpML93OZ/R.INSTALL287816526f17/GenomicFeatures/man/extractUpstreamSeqs.Rd:30: file link 'FaFile' in package 'Rsamtools' does not exist and so has been treated as a topic
Rd warning: C:/Users/biocbuild/bbs-3.11-bioc/tmpdir/RtmpML93OZ/R.INSTALL287816526f17/GenomicFeatures/man/extractUpstreamSeqs.Rd:39: file link 'GenomicRanges' in package 'GenomicRanges' does not exist and so has been treated as a topic
Rd warning: C:/Users/biocbuild/bbs-3.11-bioc/tmpdir/RtmpML93OZ/R.INSTALL287816526f17/GenomicFeatures/man/extractUpstreamSeqs.Rd:57: file link 'DNAStringSet' in package 'Biostrings' does not exist and so has been treated as a topic
Rd warning: C:/Users/biocbuild/bbs-3.11-bioc/tmpdir/RtmpML93OZ/R.INSTALL287816526f17/GenomicFeatures/man/extractUpstreamSeqs.Rd:59: file link 'GenomicRanges' in package 'GenomicRanges' does not exist and so has been treated as a topic
Rd warning: C:/Users/biocbuild/bbs-3.11-bioc/tmpdir/RtmpML93OZ/R.INSTALL287816526f17/GenomicFeatures/man/extractUpstreamSeqs.Rd:61: file link 'GenomicRanges' in package 'GenomicRanges' does not exist and so has been treated as a topic
Rd warning: C:/Users/biocbuild/bbs-3.11-bioc/tmpdir/RtmpML93OZ/R.INSTALL287816526f17/GenomicFeatures/man/extractUpstreamSeqs.Rd:65: file link 'GenomicRanges' in package 'GenomicRanges' does not exist and so has been treated as a topic
Rd warning: C:/Users/biocbuild/bbs-3.11-bioc/tmpdir/RtmpML93OZ/R.INSTALL287816526f17/GenomicFeatures/man/extractUpstreamSeqs.Rd:109: file link 'GRanges' in package 'GenomicRanges' does not exist and so has been treated as a topic
Rd warning: C:/Users/biocbuild/bbs-3.11-bioc/tmpdir/RtmpML93OZ/R.INSTALL287816526f17/GenomicFeatures/man/extractUpstreamSeqs.Rd:116: file link 'BSgenome' in package 'BSgenome' does not exist and so has been treated as a topic
Rd warning: C:/Users/biocbuild/bbs-3.11-bioc/tmpdir/RtmpML93OZ/R.INSTALL287816526f17/GenomicFeatures/man/extractUpstreamSeqs.Rd:116: file link 'TwoBitFile' in package 'rtracklayer' does not exist and so has been treated as a topic
Rd warning: C:/Users/biocbuild/bbs-3.11-bioc/tmpdir/RtmpML93OZ/R.INSTALL287816526f17/GenomicFeatures/man/extractUpstreamSeqs.Rd:117: file link 'FaFile' in package 'Rsamtools' does not exist and so has been treated as a topic
Rd warning: C:/Users/biocbuild/bbs-3.11-bioc/tmpdir/RtmpML93OZ/R.INSTALL287816526f17/GenomicFeatures/man/extractUpstreamSeqs.Rd:126: file link 'GenomicRanges' in package 'GenomicRanges' does not exist and so has been treated as a topic
Rd warning: C:/Users/biocbuild/bbs-3.11-bioc/tmpdir/RtmpML93OZ/R.INSTALL287816526f17/GenomicFeatures/man/extractUpstreamSeqs.Rd:129: file link 'DNAStringSet' in package 'Biostrings' does not exist and so has been treated as a topic
Rd warning: C:/Users/biocbuild/bbs-3.11-bioc/tmpdir/RtmpML93OZ/R.INSTALL287816526f17/GenomicFeatures/man/getPromoterSeq-methods.Rd:11: file link 'BSgenome' in package 'BSgenome' does not exist and so has been treated as a topic
Rd warning: C:/Users/biocbuild/bbs-3.11-bioc/tmpdir/RtmpML93OZ/R.INSTALL287816526f17/GenomicFeatures/man/getPromoterSeq-methods.Rd:11: file link 'FaFile' in package 'Rsamtools' does not exist and so has been treated as a topic
Rd warning: C:/Users/biocbuild/bbs-3.11-bioc/tmpdir/RtmpML93OZ/R.INSTALL287816526f17/GenomicFeatures/man/getPromoterSeq-methods.Rd:21: file link 'GRanges' in package 'GenomicRanges' does not exist and so has been treated as a topic
Rd warning: C:/Users/biocbuild/bbs-3.11-bioc/tmpdir/RtmpML93OZ/R.INSTALL287816526f17/GenomicFeatures/man/getPromoterSeq-methods.Rd:21: file link 'GRangesList' in package 'GenomicRanges' does not exist and so has been treated as a topic
Rd warning: C:/Users/biocbuild/bbs-3.11-bioc/tmpdir/RtmpML93OZ/R.INSTALL287816526f17/GenomicFeatures/man/getPromoterSeq-methods.Rd:24: file link 'BSgenome' in package 'BSgenome' does not exist and so has been treated as a topic
Rd warning: C:/Users/biocbuild/bbs-3.11-bioc/tmpdir/RtmpML93OZ/R.INSTALL287816526f17/GenomicFeatures/man/getPromoterSeq-methods.Rd:24: file link 'FaFile' in package 'Rsamtools' does not exist and so has been treated as a topic
Rd warning: C:/Users/biocbuild/bbs-3.11-bioc/tmpdir/RtmpML93OZ/R.INSTALL287816526f17/GenomicFeatures/man/getPromoterSeq-methods.Rd:36: file link 'BSgenome' in package 'BSgenome' does not exist and so has been treated as a topic
Rd warning: C:/Users/biocbuild/bbs-3.11-bioc/tmpdir/RtmpML93OZ/R.INSTALL287816526f17/GenomicFeatures/man/getPromoterSeq-methods.Rd:36: file link 'FaFile' in package 'Rsamtools' does not exist and so has been treated as a topic
Rd warning: C:/Users/biocbuild/bbs-3.11-bioc/tmpdir/RtmpML93OZ/R.INSTALL287816526f17/GenomicFeatures/man/getPromoterSeq-methods.Rd:45: file link 'DNAStringSet' in package 'Biostrings' does not exist and so has been treated as a topic
Rd warning: C:/Users/biocbuild/bbs-3.11-bioc/tmpdir/RtmpML93OZ/R.INSTALL287816526f17/GenomicFeatures/man/getPromoterSeq-methods.Rd:46: file link 'DNAStringSetList' in package 'Biostrings' does not exist and so has been treated as a topic
Rd warning: C:/Users/biocbuild/bbs-3.11-bioc/tmpdir/RtmpML93OZ/R.INSTALL287816526f17/GenomicFeatures/man/makeTxDb.Rd:201: file link 'GRanges' in package 'GenomicRanges' does not exist and so has been treated as a topic
Rd warning: C:/Users/biocbuild/bbs-3.11-bioc/tmpdir/RtmpML93OZ/R.INSTALL287816526f17/GenomicFeatures/man/makeTxDb.Rd:206: file link 'saveDb' in package 'AnnotationDbi' does not exist and so has been treated as a topic
Rd warning: C:/Users/biocbuild/bbs-3.11-bioc/tmpdir/RtmpML93OZ/R.INSTALL287816526f17/GenomicFeatures/man/makeTxDb.Rd:207: file link 'loadDb' in package 'AnnotationDbi' does not exist and so has been treated as a topic
Rd warning: C:/Users/biocbuild/bbs-3.11-bioc/tmpdir/RtmpML93OZ/R.INSTALL287816526f17/GenomicFeatures/man/makeTxDbFromBiomart.Rd:144: file link 'GRanges' in package 'GenomicRanges' does not exist and so has been treated as a topic
Rd warning: C:/Users/biocbuild/bbs-3.11-bioc/tmpdir/RtmpML93OZ/R.INSTALL287816526f17/GenomicFeatures/man/makeTxDbFromEnsembl.Rd:80: file link 'GRanges' in package 'GenomicRanges' does not exist and so has been treated as a topic
Rd warning: C:/Users/biocbuild/bbs-3.11-bioc/tmpdir/RtmpML93OZ/R.INSTALL287816526f17/GenomicFeatures/man/makeTxDbFromGFF.Rd:29: file link 'GFF3File' in package 'rtracklayer' does not exist and so has been treated as a topic
Rd warning: C:/Users/biocbuild/bbs-3.11-bioc/tmpdir/RtmpML93OZ/R.INSTALL287816526f17/GenomicFeatures/man/makeTxDbFromGFF.Rd:30: file link 'GTFFile' in package 'rtracklayer' does not exist and so has been treated as a topic
Rd warning: C:/Users/biocbuild/bbs-3.11-bioc/tmpdir/RtmpML93OZ/R.INSTALL287816526f17/GenomicFeatures/man/makeTxDbFromGFF.Rd:99: file link 'GRanges' in package 'GenomicRanges' does not exist and so has been treated as a topic
Rd warning: C:/Users/biocbuild/bbs-3.11-bioc/tmpdir/RtmpML93OZ/R.INSTALL287816526f17/GenomicFeatures/man/makeTxDbFromGFF.Rd:101: file link 'import' in package 'rtracklayer' does not exist and so has been treated as a topic
Rd warning: C:/Users/biocbuild/bbs-3.11-bioc/tmpdir/RtmpML93OZ/R.INSTALL287816526f17/GenomicFeatures/man/makeTxDbFromGRanges.Rd:10: file link 'GRanges' in package 'GenomicRanges' does not exist and so has been treated as a topic
Rd warning: C:/Users/biocbuild/bbs-3.11-bioc/tmpdir/RtmpML93OZ/R.INSTALL287816526f17/GenomicFeatures/man/makeTxDbFromGRanges.Rd:20: file link 'GRanges' in package 'GenomicRanges' does not exist and so has been treated as a topic
Rd warning: C:/Users/biocbuild/bbs-3.11-bioc/tmpdir/RtmpML93OZ/R.INSTALL287816526f17/GenomicFeatures/man/makeTxDbFromGRanges.Rd:21: file link 'import' in package 'rtracklayer' does not exist and so has been treated as a topic
Rd warning: C:/Users/biocbuild/bbs-3.11-bioc/tmpdir/RtmpML93OZ/R.INSTALL287816526f17/GenomicFeatures/man/makeTxDbFromGRanges.Rd:57: file link 'import' in package 'rtracklayer' does not exist and so has been treated as a topic
Rd warning: C:/Users/biocbuild/bbs-3.11-bioc/tmpdir/RtmpML93OZ/R.INSTALL287816526f17/GenomicFeatures/man/makeTxDbFromGRanges.Rd:63: file link 'GRanges' in package 'GenomicRanges' does not exist and so has been treated as a topic
Rd warning: C:/Users/biocbuild/bbs-3.11-bioc/tmpdir/RtmpML93OZ/R.INSTALL287816526f17/GenomicFeatures/man/makeTxDbFromUCSC.Rd:51: file link 'GRanges' in package 'GenomicRanges' does not exist and so has been treated as a topic
Rd warning: C:/Users/biocbuild/bbs-3.11-bioc/tmpdir/RtmpML93OZ/R.INSTALL287816526f17/GenomicFeatures/man/makeTxDbFromUCSC.Rd:52: file link 'SummarizedExperiment' in package 'SummarizedExperiment' does not exist and so has been treated as a topic
Rd warning: C:/Users/biocbuild/bbs-3.11-bioc/tmpdir/RtmpML93OZ/R.INSTALL287816526f17/GenomicFeatures/man/makeTxDbFromUCSC.Rd:121: file link 'GRanges' in package 'GenomicRanges' does not exist and so has been treated as a topic
Rd warning: C:/Users/biocbuild/bbs-3.11-bioc/tmpdir/RtmpML93OZ/R.INSTALL287816526f17/GenomicFeatures/man/mapIdsToRanges.Rd:24: file link 'GRangesList' in package 'GenomicRanges' does not exist and so has been treated as a topic
Rd warning: C:/Users/biocbuild/bbs-3.11-bioc/tmpdir/RtmpML93OZ/R.INSTALL287816526f17/GenomicFeatures/man/mapRangesToIds.Rd:25: file link 'DataFrame' in package 'S4Vectors' does not exist and so has been treated as a topic
Rd warning: C:/Users/biocbuild/bbs-3.11-bioc/tmpdir/RtmpML93OZ/R.INSTALL287816526f17/GenomicFeatures/man/microRNAs.Rd:32: file link 'GRanges' in package 'GenomicRanges' does not exist and so has been treated as a topic
Rd warning: C:/Users/biocbuild/bbs-3.11-bioc/tmpdir/RtmpML93OZ/R.INSTALL287816526f17/GenomicFeatures/man/transcriptLengths.Rd:44: file link 'GRanges' in package 'GenomicRanges' does not exist and so has been treated as a topic
Rd warning: C:/Users/biocbuild/bbs-3.11-bioc/tmpdir/RtmpML93OZ/R.INSTALL287816526f17/GenomicFeatures/man/transcriptLengths.Rd:107: file link 'GRanges' in package 'GenomicRanges' does not exist and so has been treated as a topic
Rd warning: C:/Users/biocbuild/bbs-3.11-bioc/tmpdir/RtmpML93OZ/R.INSTALL287816526f17/GenomicFeatures/man/transcriptLocs2refLocs.Rd:36: file link 'IntegerList' in package 'IRanges' does not exist and so has been treated as a topic
Rd warning: C:/Users/biocbuild/bbs-3.11-bioc/tmpdir/RtmpML93OZ/R.INSTALL287816526f17/GenomicFeatures/man/transcripts.Rd:84: file link 'GRanges' in package 'GenomicRanges' does not exist and so has been treated as a topic
Rd warning: C:/Users/biocbuild/bbs-3.11-bioc/tmpdir/RtmpML93OZ/R.INSTALL287816526f17/GenomicFeatures/man/transcripts.Rd:90: file link 'GRangesList' in package 'GenomicRanges' does not exist and so has been treated as a topic
Rd warning: C:/Users/biocbuild/bbs-3.11-bioc/tmpdir/RtmpML93OZ/R.INSTALL287816526f17/GenomicFeatures/man/transcripts.Rd:93: file link 'GRangesList' in package 'GenomicRanges' does not exist and so has been treated as a topic
Rd warning: C:/Users/biocbuild/bbs-3.11-bioc/tmpdir/RtmpML93OZ/R.INSTALL287816526f17/GenomicFeatures/man/transcripts.Rd:126: file link 'GRanges' in package 'GenomicRanges' does not exist and so has been treated as a topic
Rd warning: C:/Users/biocbuild/bbs-3.11-bioc/tmpdir/RtmpML93OZ/R.INSTALL287816526f17/GenomicFeatures/man/transcripts.Rd:128: file link 'GRangesList' in package 'GenomicRanges' does not exist and so has been treated as a topic
Rd warning: C:/Users/biocbuild/bbs-3.11-bioc/tmpdir/RtmpML93OZ/R.INSTALL287816526f17/GenomicFeatures/man/transcriptsBy.Rd:49: file link 'GRangesList' in package 'GenomicRanges' does not exist and so has been treated as a topic
Rd warning: C:/Users/biocbuild/bbs-3.11-bioc/tmpdir/RtmpML93OZ/R.INSTALL287816526f17/GenomicFeatures/man/transcriptsBy.Rd:52: file link 'GRangesList' in package 'GenomicRanges' does not exist and so has been treated as a topic
Rd warning: C:/Users/biocbuild/bbs-3.11-bioc/tmpdir/RtmpML93OZ/R.INSTALL287816526f17/GenomicFeatures/man/transcriptsBy.Rd:54: file link 'GRangesList' in package 'GenomicRanges' does not exist and so has been treated as a topic
Rd warning: C:/Users/biocbuild/bbs-3.11-bioc/tmpdir/RtmpML93OZ/R.INSTALL287816526f17/GenomicFeatures/man/transcriptsBy.Rd:79: file link 'GRangesList' in package 'GenomicRanges' does not exist and so has been treated as a topic
Rd warning: C:/Users/biocbuild/bbs-3.11-bioc/tmpdir/RtmpML93OZ/R.INSTALL287816526f17/GenomicFeatures/man/transcriptsBy.Rd:89: file link 'GRangesList' in package 'GenomicRanges' does not exist and so has been treated as a topic
Rd warning: C:/Users/biocbuild/bbs-3.11-bioc/tmpdir/RtmpML93OZ/R.INSTALL287816526f17/GenomicFeatures/man/transcriptsByOverlaps.Rd:46: file link 'GRanges' in package 'GenomicRanges' does not exist and so has been treated as a topic
Rd warning: C:/Users/biocbuild/bbs-3.11-bioc/tmpdir/RtmpML93OZ/R.INSTALL287816526f17/GenomicFeatures/man/transcriptsByOverlaps.Rd:49: file link 'findOverlaps' in package 'IRanges' does not exist and so has been treated as a topic
Rd warning: C:/Users/biocbuild/bbs-3.11-bioc/tmpdir/RtmpML93OZ/R.INSTALL287816526f17/GenomicFeatures/man/transcriptsByOverlaps.Rd:59: file link 'findOverlaps' in package 'IRanges' does not exist and so has been treated as a topic
See 'C:/Users/biocbuild/bbs-3.11-bioc/meat/GenomicFeatures.Rcheck/00install.out' for details.
* checking installed package size ... OK
* checking package directory ... OK
* checking 'build' directory ... OK
* checking DESCRIPTION meta-information ... OK
* checking top-level files ... OK
* checking for left-over files ... OK
* checking index information ... OK
* checking package subdirectories ... OK
* checking R files for non-ASCII characters ... OK
* checking R files for syntax errors ... OK
* loading checks for arch 'i386'
** checking whether the package can be loaded ... OK
** checking whether the package can be loaded with stated dependencies ... OK
** checking whether the package can be unloaded cleanly ... OK
** checking whether the namespace can be loaded with stated dependencies ... OK
** checking whether the namespace can be unloaded cleanly ... OK
* loading checks for arch 'x64'
** checking whether the package can be loaded ... OK
** checking whether the package can be loaded with stated dependencies ... OK
** checking whether the package can be unloaded cleanly ... OK
** checking whether the namespace can be loaded with stated dependencies ... OK
** checking whether the namespace can be unloaded cleanly ... OK
* checking dependencies in R code ... NOTE
Unexported objects imported by ':::' calls:
'biomaRt:::martBM' 'biomaRt:::martDataset' 'biomaRt:::martHost'
'rtracklayer:::resourceDescription' 'rtracklayer:::ucscTableOutputs'
See the note in ?`:::` about the use of this operator.
* checking S3 generic/method consistency ... OK
* checking replacement functions ... OK
* checking foreign function calls ... OK
* checking R code for possible problems ... OK
* checking Rd files ... OK
* checking Rd metadata ... OK
* checking Rd cross-references ... OK
* checking for missing documentation entries ... OK
* checking for code/documentation mismatches ... OK
* checking Rd \usage sections ... OK
* checking Rd contents ... OK
* checking for unstated dependencies in examples ... OK
* checking files in 'vignettes' ... OK
* checking examples ...
** running examples for arch 'i386' ... OK
Examples with CPU (user + system) or elapsed time > 5s
user system elapsed
makeTxDbFromBiomart 71.97 11.49 141.40
exonicParts 49.19 2.66 51.87
makeFeatureDbFromUCSC 45.28 4.26 122.53
coverageByTranscript 40.84 5.66 46.53
extractTranscriptSeqs 15.84 0.39 16.38
coordinate-mapping-methods 14.80 0.42 66.67
makeTxDbFromGFF 10.14 0.07 10.35
transcriptLengths 6.52 0.61 7.13
transcriptLocs2refLocs 5.17 0.17 5.34
** running examples for arch 'x64' ... OK
Examples with CPU (user + system) or elapsed time > 5s
user system elapsed
coordinate-mapping-methods 71.65 3.24 81.09
makeTxDbFromBiomart 60.72 1.16 112.74
exonicParts 48.08 2.19 50.39
makeFeatureDbFromUCSC 38.87 1.11 112.29
coverageByTranscript 26.48 4.85 31.36
extractTranscriptSeqs 14.11 0.42 14.53
makeTxDbFromGFF 8.27 0.00 8.35
transcriptLocs2refLocs 5.95 0.20 6.16
* checking for unstated dependencies in 'tests' ... OK
* checking tests ...
** running tests for arch 'i386' ...
Running 'run_unitTests.R'
OK
** running tests for arch 'x64' ...
Running 'run_unitTests.R'
OK
* checking for unstated dependencies in vignettes ... OK
* checking package vignettes in 'inst/doc' ... OK
* checking running R code from vignettes ... SKIPPED
* checking re-building of vignette outputs ... SKIPPED
* checking PDF version of manual ... OK
* DONE
Status: 1 WARNING, 3 NOTEs
See
'C:/Users/biocbuild/bbs-3.11-bioc/meat/GenomicFeatures.Rcheck/00check.log'
for details.
GenomicFeatures.Rcheck/00install.out
##############################################################################
##############################################################################
###
### Running command:
###
### C:\cygwin\bin\curl.exe -O https://malbec2.bioconductor.org/BBS/3.11/bioc/src/contrib/GenomicFeatures_1.40.1.tar.gz && rm -rf GenomicFeatures.buildbin-libdir && mkdir GenomicFeatures.buildbin-libdir && C:\Users\biocbuild\bbs-3.11-bioc\R\bin\R.exe CMD INSTALL --merge-multiarch --build --library=GenomicFeatures.buildbin-libdir GenomicFeatures_1.40.1.tar.gz && C:\Users\biocbuild\bbs-3.11-bioc\R\bin\R.exe CMD INSTALL GenomicFeatures_1.40.1.zip && rm GenomicFeatures_1.40.1.tar.gz GenomicFeatures_1.40.1.zip
###
##############################################################################
##############################################################################
% Total % Received % Xferd Average Speed Time Time Time Current
Dload Upload Total Spent Left Speed
0 0 0 0 0 0 0 0 --:--:-- --:--:-- --:--:-- 0
0 0 0 0 0 0 0 0 --:--:-- --:--:-- --:--:-- 0
100 1130k 100 1130k 0 0 5340k 0 --:--:-- --:--:-- --:--:-- 5512k
install for i386
* installing *source* package 'GenomicFeatures' ...
** using staged installation
** R
** inst
** byte-compile and prepare package for lazy loading
** help
*** installing help indices
converting help for package 'GenomicFeatures'
finding HTML links ... done
FeatureDb-class html
finding level-2 HTML links ... done
TxDb-class html
Rd warning: C:/Users/biocbuild/bbs-3.11-bioc/tmpdir/RtmpML93OZ/R.INSTALL287816526f17/GenomicFeatures/man/TxDb-class.Rd:97: file link 'GRanges' in package 'GenomicRanges' does not exist and so has been treated as a topic
Rd warning: C:/Users/biocbuild/bbs-3.11-bioc/tmpdir/RtmpML93OZ/R.INSTALL287816526f17/GenomicFeatures/man/TxDb-class.Rd:100: file link 'saveDb' in package 'AnnotationDbi' does not exist and so has been treated as a topic
Rd warning: C:/Users/biocbuild/bbs-3.11-bioc/tmpdir/RtmpML93OZ/R.INSTALL287816526f17/GenomicFeatures/man/TxDb-class.Rd:101: file link 'loadDb' in package 'AnnotationDbi' does not exist and so has been treated as a topic
as-format-methods html
coordinate-mapping-methods html
Rd warning: C:/Users/biocbuild/bbs-3.11-bioc/tmpdir/RtmpML93OZ/R.INSTALL287816526f17/GenomicFeatures/man/coordinate-mapping-methods.Rd:28: file link 'mapToAlignments' in package 'GenomicAlignments' does not exist and so has been treated as a topic
Rd warning: C:/Users/biocbuild/bbs-3.11-bioc/tmpdir/RtmpML93OZ/R.INSTALL287816526f17/GenomicFeatures/man/coordinate-mapping-methods.Rd:54: file link 'GenomicRanges' in package 'GenomicRanges' does not exist and so has been treated as a topic
Rd warning: C:/Users/biocbuild/bbs-3.11-bioc/tmpdir/RtmpML93OZ/R.INSTALL287816526f17/GenomicFeatures/man/coordinate-mapping-methods.Rd:58: file link 'IntegerRanges' in package 'IRanges' does not exist and so has been treated as a topic
Rd warning: C:/Users/biocbuild/bbs-3.11-bioc/tmpdir/RtmpML93OZ/R.INSTALL287816526f17/GenomicFeatures/man/coordinate-mapping-methods.Rd:61: file link 'GenomicRanges' in package 'GenomicRanges' does not exist and so has been treated as a topic
Rd warning: C:/Users/biocbuild/bbs-3.11-bioc/tmpdir/RtmpML93OZ/R.INSTALL287816526f17/GenomicFeatures/man/coordinate-mapping-methods.Rd:62: file link 'GRangesList' in package 'GenomicRanges' does not exist and so has been treated as a topic
Rd warning: C:/Users/biocbuild/bbs-3.11-bioc/tmpdir/RtmpML93OZ/R.INSTALL287816526f17/GenomicFeatures/man/coordinate-mapping-methods.Rd:231: file link 'mapToAlignments' in package 'GenomicAlignments' does not exist and so has been treated as a topic
coverageByTranscript html
Rd warning: C:/Users/biocbuild/bbs-3.11-bioc/tmpdir/RtmpML93OZ/R.INSTALL287816526f17/GenomicFeatures/man/coverageByTranscript.Rd:25: file link 'GRanges' in package 'GenomicRanges' does not exist and so has been treated as a topic
Rd warning: C:/Users/biocbuild/bbs-3.11-bioc/tmpdir/RtmpML93OZ/R.INSTALL287816526f17/GenomicFeatures/man/coverageByTranscript.Rd:25: file link 'GRangesList' in package 'GenomicRanges' does not exist and so has been treated as a topic
Rd warning: C:/Users/biocbuild/bbs-3.11-bioc/tmpdir/RtmpML93OZ/R.INSTALL287816526f17/GenomicFeatures/man/coverageByTranscript.Rd:26: file link 'GAlignments' in package 'GenomicAlignments' does not exist and so has been treated as a topic
Rd warning: C:/Users/biocbuild/bbs-3.11-bioc/tmpdir/RtmpML93OZ/R.INSTALL287816526f17/GenomicFeatures/man/coverageByTranscript.Rd:27: file link 'GAlignmentPairs' in package 'GenomicAlignments' does not exist and so has been treated as a topic
Rd warning: C:/Users/biocbuild/bbs-3.11-bioc/tmpdir/RtmpML93OZ/R.INSTALL287816526f17/GenomicFeatures/man/coverageByTranscript.Rd:28: file link 'GAlignmentsList' in package 'GenomicAlignments' does not exist and so has been treated as a topic
Rd warning: C:/Users/biocbuild/bbs-3.11-bioc/tmpdir/RtmpML93OZ/R.INSTALL287816526f17/GenomicFeatures/man/coverageByTranscript.Rd:32: file link 'coverage' in package 'GenomicRanges' does not exist and so has been treated as a topic
Rd warning: C:/Users/biocbuild/bbs-3.11-bioc/tmpdir/RtmpML93OZ/R.INSTALL287816526f17/GenomicFeatures/man/coverageByTranscript.Rd:33: file link 'BamFile' in package 'Rsamtools' does not exist and so has been treated as a topic
Rd warning: C:/Users/biocbuild/bbs-3.11-bioc/tmpdir/RtmpML93OZ/R.INSTALL287816526f17/GenomicFeatures/man/coverageByTranscript.Rd:35: file link 'RleList' in package 'IRanges' does not exist and so has been treated as a topic
Rd warning: C:/Users/biocbuild/bbs-3.11-bioc/tmpdir/RtmpML93OZ/R.INSTALL287816526f17/GenomicFeatures/man/coverageByTranscript.Rd:38: file link 'grglist' in package 'GenomicRanges' does not exist and so has been treated as a topic
Rd warning: C:/Users/biocbuild/bbs-3.11-bioc/tmpdir/RtmpML93OZ/R.INSTALL287816526f17/GenomicFeatures/man/coverageByTranscript.Rd:43: file link 'GRangesList' in package 'GenomicRanges' does not exist and so has been treated as a topic
Rd warning: C:/Users/biocbuild/bbs-3.11-bioc/tmpdir/RtmpML93OZ/R.INSTALL287816526f17/GenomicFeatures/man/coverageByTranscript.Rd:55: file link 'GRangesList' in package 'GenomicRanges' does not exist and so has been treated as a topic
Rd warning: C:/Users/biocbuild/bbs-3.11-bioc/tmpdir/RtmpML93OZ/R.INSTALL287816526f17/GenomicFeatures/man/coverageByTranscript.Rd:70: file link 'grglist' in package 'GenomicRanges' does not exist and so has been treated as a topic
Rd warning: C:/Users/biocbuild/bbs-3.11-bioc/tmpdir/RtmpML93OZ/R.INSTALL287816526f17/GenomicFeatures/man/coverageByTranscript.Rd:71: file link 'GRanges' in package 'GenomicRanges' does not exist and so has been treated as a topic
Rd warning: C:/Users/biocbuild/bbs-3.11-bioc/tmpdir/RtmpML93OZ/R.INSTALL287816526f17/GenomicFeatures/man/coverageByTranscript.Rd:72: file link 'GRangesList' in package 'GenomicRanges' does not exist and so has been treated as a topic
Rd warning: C:/Users/biocbuild/bbs-3.11-bioc/tmpdir/RtmpML93OZ/R.INSTALL287816526f17/GenomicFeatures/man/coverageByTranscript.Rd:74: file link 'GRangesList' in package 'GenomicRanges' does not exist and so has been treated as a topic
Rd warning: C:/Users/biocbuild/bbs-3.11-bioc/tmpdir/RtmpML93OZ/R.INSTALL287816526f17/GenomicFeatures/man/coverageByTranscript.Rd:75: file link 'grglist' in package 'GenomicRanges' does not exist and so has been treated as a topic
Rd warning: C:/Users/biocbuild/bbs-3.11-bioc/tmpdir/RtmpML93OZ/R.INSTALL287816526f17/GenomicFeatures/man/coverageByTranscript.Rd:80: file link 'RleList' in package 'IRanges' does not exist and so has been treated as a topic
Rd warning: C:/Users/biocbuild/bbs-3.11-bioc/tmpdir/RtmpML93OZ/R.INSTALL287816526f17/GenomicFeatures/man/coverageByTranscript.Rd:81: file link 'Rle' in package 'S4Vectors' does not exist and so has been treated as a topic
Rd warning: C:/Users/biocbuild/bbs-3.11-bioc/tmpdir/RtmpML93OZ/R.INSTALL287816526f17/GenomicFeatures/man/coverageByTranscript.Rd:102: file link 'RleList' in package 'IRanges' does not exist and so has been treated as a topic
Rd warning: C:/Users/biocbuild/bbs-3.11-bioc/tmpdir/RtmpML93OZ/R.INSTALL287816526f17/GenomicFeatures/man/coverageByTranscript.Rd:105: file link 'GRangesList' in package 'GenomicRanges' does not exist and so has been treated as a topic
Rd warning: C:/Users/biocbuild/bbs-3.11-bioc/tmpdir/RtmpML93OZ/R.INSTALL287816526f17/GenomicFeatures/man/coverageByTranscript.Rd:108: file link 'coverage' in package 'GenomicRanges' does not exist and so has been treated as a topic
Rd warning: C:/Users/biocbuild/bbs-3.11-bioc/tmpdir/RtmpML93OZ/R.INSTALL287816526f17/GenomicFeatures/man/coverageByTranscript.Rd:114: file link 'findCompatibleOverlaps' in package 'GenomicAlignments' does not exist and so has been treated as a topic
disjointExons html
Rd warning: C:/Users/biocbuild/bbs-3.11-bioc/tmpdir/RtmpML93OZ/R.INSTALL287816526f17/GenomicFeatures/man/disjointExons.Rd:47: file link 'GRanges' in package 'GenomicRanges' does not exist and so has been treated as a topic
Rd warning: C:/Users/biocbuild/bbs-3.11-bioc/tmpdir/RtmpML93OZ/R.INSTALL287816526f17/GenomicFeatures/man/disjointExons.Rd:58: file link 'GRanges' in package 'GenomicRanges' does not exist and so has been treated as a topic
exonicParts html
Rd warning: C:/Users/biocbuild/bbs-3.11-bioc/tmpdir/RtmpML93OZ/R.INSTALL287816526f17/GenomicFeatures/man/exonicParts.Rd:38: file link 'disjoin' in package 'IRanges' does not exist and so has been treated as a topic
Rd warning: C:/Users/biocbuild/bbs-3.11-bioc/tmpdir/RtmpML93OZ/R.INSTALL287816526f17/GenomicFeatures/man/exonicParts.Rd:44: file link 'disjoin' in package 'IRanges' does not exist and so has been treated as a topic
Rd warning: C:/Users/biocbuild/bbs-3.11-bioc/tmpdir/RtmpML93OZ/R.INSTALL287816526f17/GenomicFeatures/man/exonicParts.Rd:82: file link 'GRanges' in package 'GenomicRanges' does not exist and so has been treated as a topic
Rd warning: C:/Users/biocbuild/bbs-3.11-bioc/tmpdir/RtmpML93OZ/R.INSTALL287816526f17/GenomicFeatures/man/exonicParts.Rd:91: file link 'GRanges' in package 'GenomicRanges' does not exist and so has been treated as a topic
Rd warning: C:/Users/biocbuild/bbs-3.11-bioc/tmpdir/RtmpML93OZ/R.INSTALL287816526f17/GenomicFeatures/man/exonicParts.Rd:98: file link 'GRanges' in package 'GenomicRanges' does not exist and so has been treated as a topic
Rd warning: C:/Users/biocbuild/bbs-3.11-bioc/tmpdir/RtmpML93OZ/R.INSTALL287816526f17/GenomicFeatures/man/exonicParts.Rd:102: file link 'GRanges' in package 'GenomicRanges' does not exist and so has been treated as a topic
Rd warning: C:/Users/biocbuild/bbs-3.11-bioc/tmpdir/RtmpML93OZ/R.INSTALL287816526f17/GenomicFeatures/man/exonicParts.Rd:107: file link 'GRanges' in package 'GenomicRanges' does not exist and so has been treated as a topic
Rd warning: C:/Users/biocbuild/bbs-3.11-bioc/tmpdir/RtmpML93OZ/R.INSTALL287816526f17/GenomicFeatures/man/exonicParts.Rd:141: file link 'disjoin' in package 'IRanges' does not exist and so has been treated as a topic
extractTranscriptSeqs html
Rd warning: C:/Users/biocbuild/bbs-3.11-bioc/tmpdir/RtmpML93OZ/R.INSTALL287816526f17/GenomicFeatures/man/extractTranscriptSeqs.Rd:26: file link 'DNAString' in package 'Biostrings' does not exist and so has been treated as a topic
Rd warning: C:/Users/biocbuild/bbs-3.11-bioc/tmpdir/RtmpML93OZ/R.INSTALL287816526f17/GenomicFeatures/man/extractTranscriptSeqs.Rd:27: file link 'BSgenome' in package 'BSgenome' does not exist and so has been treated as a topic
Rd warning: C:/Users/biocbuild/bbs-3.11-bioc/tmpdir/RtmpML93OZ/R.INSTALL287816526f17/GenomicFeatures/man/extractTranscriptSeqs.Rd:31: file link 'FaFile' in package 'Rsamtools' does not exist and so has been treated as a topic
Rd warning: C:/Users/biocbuild/bbs-3.11-bioc/tmpdir/RtmpML93OZ/R.INSTALL287816526f17/GenomicFeatures/man/extractTranscriptSeqs.Rd:40: file link 'DNAString' in package 'Biostrings' does not exist and so has been treated as a topic
Rd warning: C:/Users/biocbuild/bbs-3.11-bioc/tmpdir/RtmpML93OZ/R.INSTALL287816526f17/GenomicFeatures/man/extractTranscriptSeqs.Rd:41: file link 'IntegerRangesList' in package 'IRanges' does not exist and so has been treated as a topic
Rd warning: C:/Users/biocbuild/bbs-3.11-bioc/tmpdir/RtmpML93OZ/R.INSTALL287816526f17/GenomicFeatures/man/extractTranscriptSeqs.Rd:44: file link 'BSgenome' in package 'BSgenome' does not exist and so has been treated as a topic
Rd warning: C:/Users/biocbuild/bbs-3.11-bioc/tmpdir/RtmpML93OZ/R.INSTALL287816526f17/GenomicFeatures/man/extractTranscriptSeqs.Rd:46: file link 'GRangesList' in package 'GenomicRanges' does not exist and so has been treated as a topic
Rd warning: C:/Users/biocbuild/bbs-3.11-bioc/tmpdir/RtmpML93OZ/R.INSTALL287816526f17/GenomicFeatures/man/extractTranscriptSeqs.Rd:49: file link 'GRangesList' in package 'GenomicRanges' does not exist and so has been treated as a topic
Rd warning: C:/Users/biocbuild/bbs-3.11-bioc/tmpdir/RtmpML93OZ/R.INSTALL287816526f17/GenomicFeatures/man/extractTranscriptSeqs.Rd:74: file link 'GRangesList' in package 'GenomicRanges' does not exist and so has been treated as a topic
Rd warning: C:/Users/biocbuild/bbs-3.11-bioc/tmpdir/RtmpML93OZ/R.INSTALL287816526f17/GenomicFeatures/man/extractTranscriptSeqs.Rd:79: file link 'DNAString' in package 'Biostrings' does not exist and so has been treated as a topic
Rd warning: C:/Users/biocbuild/bbs-3.11-bioc/tmpdir/RtmpML93OZ/R.INSTALL287816526f17/GenomicFeatures/man/extractTranscriptSeqs.Rd:81: file link 'Rle' in package 'S4Vectors' does not exist and so has been treated as a topic
Rd warning: C:/Users/biocbuild/bbs-3.11-bioc/tmpdir/RtmpML93OZ/R.INSTALL287816526f17/GenomicFeatures/man/extractTranscriptSeqs.Rd:84: file link 'Rle' in package 'S4Vectors' does not exist and so has been treated as a topic
Rd warning: C:/Users/biocbuild/bbs-3.11-bioc/tmpdir/RtmpML93OZ/R.INSTALL287816526f17/GenomicFeatures/man/extractTranscriptSeqs.Rd:87: file link 'IntegerRangesList' in package 'IRanges' does not exist and so has been treated as a topic
Rd warning: C:/Users/biocbuild/bbs-3.11-bioc/tmpdir/RtmpML93OZ/R.INSTALL287816526f17/GenomicFeatures/man/extractTranscriptSeqs.Rd:93: file link 'IntegerRangesList' in package 'IRanges' does not exist and so has been treated as a topic
Rd warning: C:/Users/biocbuild/bbs-3.11-bioc/tmpdir/RtmpML93OZ/R.INSTALL287816526f17/GenomicFeatures/man/extractTranscriptSeqs.Rd:103: file link 'DNAStringSet' in package 'Biostrings' does not exist and so has been treated as a topic
Rd warning: C:/Users/biocbuild/bbs-3.11-bioc/tmpdir/RtmpML93OZ/R.INSTALL287816526f17/GenomicFeatures/man/extractTranscriptSeqs.Rd:125: file link 'DNAString' in package 'Biostrings' does not exist and so has been treated as a topic
Rd warning: C:/Users/biocbuild/bbs-3.11-bioc/tmpdir/RtmpML93OZ/R.INSTALL287816526f17/GenomicFeatures/man/extractTranscriptSeqs.Rd:125: file link 'DNAStringSet' in package 'Biostrings' does not exist and so has been treated as a topic
Rd warning: C:/Users/biocbuild/bbs-3.11-bioc/tmpdir/RtmpML93OZ/R.INSTALL287816526f17/GenomicFeatures/man/extractTranscriptSeqs.Rd:132: file link 'GRangesList' in package 'GenomicRanges' does not exist and so has been treated as a topic
Rd warning: C:/Users/biocbuild/bbs-3.11-bioc/tmpdir/RtmpML93OZ/R.INSTALL287816526f17/GenomicFeatures/man/extractTranscriptSeqs.Rd:135: file link 'IntegerRangesList' in package 'IRanges' does not exist and so has been treated as a topic
extractUpstreamSeqs html
Rd warning: C:/Users/biocbuild/bbs-3.11-bioc/tmpdir/RtmpML93OZ/R.INSTALL287816526f17/GenomicFeatures/man/extractUpstreamSeqs.Rd:29: file link 'BSgenome' in package 'BSgenome' does not exist and so has been treated as a topic
Rd warning: C:/Users/biocbuild/bbs-3.11-bioc/tmpdir/RtmpML93OZ/R.INSTALL287816526f17/GenomicFeatures/man/extractUpstreamSeqs.Rd:30: file link 'TwoBitFile' in package 'rtracklayer' does not exist and so has been treated as a topic
Rd warning: C:/Users/biocbuild/bbs-3.11-bioc/tmpdir/RtmpML93OZ/R.INSTALL287816526f17/GenomicFeatures/man/extractUpstreamSeqs.Rd:30: file link 'FaFile' in package 'Rsamtools' does not exist and so has been treated as a topic
Rd warning: C:/Users/biocbuild/bbs-3.11-bioc/tmpdir/RtmpML93OZ/R.INSTALL287816526f17/GenomicFeatures/man/extractUpstreamSeqs.Rd:39: file link 'GenomicRanges' in package 'GenomicRanges' does not exist and so has been treated as a topic
Rd warning: C:/Users/biocbuild/bbs-3.11-bioc/tmpdir/RtmpML93OZ/R.INSTALL287816526f17/GenomicFeatures/man/extractUpstreamSeqs.Rd:57: file link 'DNAStringSet' in package 'Biostrings' does not exist and so has been treated as a topic
Rd warning: C:/Users/biocbuild/bbs-3.11-bioc/tmpdir/RtmpML93OZ/R.INSTALL287816526f17/GenomicFeatures/man/extractUpstreamSeqs.Rd:59: file link 'GenomicRanges' in package 'GenomicRanges' does not exist and so has been treated as a topic
Rd warning: C:/Users/biocbuild/bbs-3.11-bioc/tmpdir/RtmpML93OZ/R.INSTALL287816526f17/GenomicFeatures/man/extractUpstreamSeqs.Rd:61: file link 'GenomicRanges' in package 'GenomicRanges' does not exist and so has been treated as a topic
Rd warning: C:/Users/biocbuild/bbs-3.11-bioc/tmpdir/RtmpML93OZ/R.INSTALL287816526f17/GenomicFeatures/man/extractUpstreamSeqs.Rd:65: file link 'GenomicRanges' in package 'GenomicRanges' does not exist and so has been treated as a topic
Rd warning: C:/Users/biocbuild/bbs-3.11-bioc/tmpdir/RtmpML93OZ/R.INSTALL287816526f17/GenomicFeatures/man/extractUpstreamSeqs.Rd:109: file link 'GRanges' in package 'GenomicRanges' does not exist and so has been treated as a topic
Rd warning: C:/Users/biocbuild/bbs-3.11-bioc/tmpdir/RtmpML93OZ/R.INSTALL287816526f17/GenomicFeatures/man/extractUpstreamSeqs.Rd:116: file link 'BSgenome' in package 'BSgenome' does not exist and so has been treated as a topic
Rd warning: C:/Users/biocbuild/bbs-3.11-bioc/tmpdir/RtmpML93OZ/R.INSTALL287816526f17/GenomicFeatures/man/extractUpstreamSeqs.Rd:116: file link 'TwoBitFile' in package 'rtracklayer' does not exist and so has been treated as a topic
Rd warning: C:/Users/biocbuild/bbs-3.11-bioc/tmpdir/RtmpML93OZ/R.INSTALL287816526f17/GenomicFeatures/man/extractUpstreamSeqs.Rd:117: file link 'FaFile' in package 'Rsamtools' does not exist and so has been treated as a topic
Rd warning: C:/Users/biocbuild/bbs-3.11-bioc/tmpdir/RtmpML93OZ/R.INSTALL287816526f17/GenomicFeatures/man/extractUpstreamSeqs.Rd:126: file link 'GenomicRanges' in package 'GenomicRanges' does not exist and so has been treated as a topic
Rd warning: C:/Users/biocbuild/bbs-3.11-bioc/tmpdir/RtmpML93OZ/R.INSTALL287816526f17/GenomicFeatures/man/extractUpstreamSeqs.Rd:129: file link 'DNAStringSet' in package 'Biostrings' does not exist and so has been treated as a topic
features html
getPromoterSeq-methods html
Rd warning: C:/Users/biocbuild/bbs-3.11-bioc/tmpdir/RtmpML93OZ/R.INSTALL287816526f17/GenomicFeatures/man/getPromoterSeq-methods.Rd:11: file link 'BSgenome' in package 'BSgenome' does not exist and so has been treated as a topic
Rd warning: C:/Users/biocbuild/bbs-3.11-bioc/tmpdir/RtmpML93OZ/R.INSTALL287816526f17/GenomicFeatures/man/getPromoterSeq-methods.Rd:11: file link 'FaFile' in package 'Rsamtools' does not exist and so has been treated as a topic
Rd warning: C:/Users/biocbuild/bbs-3.11-bioc/tmpdir/RtmpML93OZ/R.INSTALL287816526f17/GenomicFeatures/man/getPromoterSeq-methods.Rd:21: file link 'GRanges' in package 'GenomicRanges' does not exist and so has been treated as a topic
Rd warning: C:/Users/biocbuild/bbs-3.11-bioc/tmpdir/RtmpML93OZ/R.INSTALL287816526f17/GenomicFeatures/man/getPromoterSeq-methods.Rd:21: file link 'GRangesList' in package 'GenomicRanges' does not exist and so has been treated as a topic
Rd warning: C:/Users/biocbuild/bbs-3.11-bioc/tmpdir/RtmpML93OZ/R.INSTALL287816526f17/GenomicFeatures/man/getPromoterSeq-methods.Rd:24: file link 'BSgenome' in package 'BSgenome' does not exist and so has been treated as a topic
Rd warning: C:/Users/biocbuild/bbs-3.11-bioc/tmpdir/RtmpML93OZ/R.INSTALL287816526f17/GenomicFeatures/man/getPromoterSeq-methods.Rd:24: file link 'FaFile' in package 'Rsamtools' does not exist and so has been treated as a topic
Rd warning: C:/Users/biocbuild/bbs-3.11-bioc/tmpdir/RtmpML93OZ/R.INSTALL287816526f17/GenomicFeatures/man/getPromoterSeq-methods.Rd:36: file link 'BSgenome' in package 'BSgenome' does not exist and so has been treated as a topic
Rd warning: C:/Users/biocbuild/bbs-3.11-bioc/tmpdir/RtmpML93OZ/R.INSTALL287816526f17/GenomicFeatures/man/getPromoterSeq-methods.Rd:36: file link 'FaFile' in package 'Rsamtools' does not exist and so has been treated as a topic
Rd warning: C:/Users/biocbuild/bbs-3.11-bioc/tmpdir/RtmpML93OZ/R.INSTALL287816526f17/GenomicFeatures/man/getPromoterSeq-methods.Rd:45: file link 'DNAStringSet' in package 'Biostrings' does not exist and so has been treated as a topic
Rd warning: C:/Users/biocbuild/bbs-3.11-bioc/tmpdir/RtmpML93OZ/R.INSTALL287816526f17/GenomicFeatures/man/getPromoterSeq-methods.Rd:46: file link 'DNAStringSetList' in package 'Biostrings' does not exist and so has been treated as a topic
id2name html
makeFeatureDbFromUCSC html
makeTxDb html
Rd warning: C:/Users/biocbuild/bbs-3.11-bioc/tmpdir/RtmpML93OZ/R.INSTALL287816526f17/GenomicFeatures/man/makeTxDb.Rd:201: file link 'GRanges' in package 'GenomicRanges' does not exist and so has been treated as a topic
Rd warning: C:/Users/biocbuild/bbs-3.11-bioc/tmpdir/RtmpML93OZ/R.INSTALL287816526f17/GenomicFeatures/man/makeTxDb.Rd:206: file link 'saveDb' in package 'AnnotationDbi' does not exist and so has been treated as a topic
Rd warning: C:/Users/biocbuild/bbs-3.11-bioc/tmpdir/RtmpML93OZ/R.INSTALL287816526f17/GenomicFeatures/man/makeTxDb.Rd:207: file link 'loadDb' in package 'AnnotationDbi' does not exist and so has been treated as a topic
makeTxDbFromBiomart html
Rd warning: C:/Users/biocbuild/bbs-3.11-bioc/tmpdir/RtmpML93OZ/R.INSTALL287816526f17/GenomicFeatures/man/makeTxDbFromBiomart.Rd:144: file link 'GRanges' in package 'GenomicRanges' does not exist and so has been treated as a topic
makeTxDbFromEnsembl html
Rd warning: C:/Users/biocbuild/bbs-3.11-bioc/tmpdir/RtmpML93OZ/R.INSTALL287816526f17/GenomicFeatures/man/makeTxDbFromEnsembl.Rd:80: file link 'GRanges' in package 'GenomicRanges' does not exist and so has been treated as a topic
makeTxDbFromGFF html
Rd warning: C:/Users/biocbuild/bbs-3.11-bioc/tmpdir/RtmpML93OZ/R.INSTALL287816526f17/GenomicFeatures/man/makeTxDbFromGFF.Rd:29: file link 'GFF3File' in package 'rtracklayer' does not exist and so has been treated as a topic
Rd warning: C:/Users/biocbuild/bbs-3.11-bioc/tmpdir/RtmpML93OZ/R.INSTALL287816526f17/GenomicFeatures/man/makeTxDbFromGFF.Rd:30: file link 'GTFFile' in package 'rtracklayer' does not exist and so has been treated as a topic
Rd warning: C:/Users/biocbuild/bbs-3.11-bioc/tmpdir/RtmpML93OZ/R.INSTALL287816526f17/GenomicFeatures/man/makeTxDbFromGFF.Rd:99: file link 'GRanges' in package 'GenomicRanges' does not exist and so has been treated as a topic
Rd warning: C:/Users/biocbuild/bbs-3.11-bioc/tmpdir/RtmpML93OZ/R.INSTALL287816526f17/GenomicFeatures/man/makeTxDbFromGFF.Rd:101: file link 'import' in package 'rtracklayer' does not exist and so has been treated as a topic
makeTxDbFromGRanges html
Rd warning: C:/Users/biocbuild/bbs-3.11-bioc/tmpdir/RtmpML93OZ/R.INSTALL287816526f17/GenomicFeatures/man/makeTxDbFromGRanges.Rd:10: file link 'GRanges' in package 'GenomicRanges' does not exist and so has been treated as a topic
Rd warning: C:/Users/biocbuild/bbs-3.11-bioc/tmpdir/RtmpML93OZ/R.INSTALL287816526f17/GenomicFeatures/man/makeTxDbFromGRanges.Rd:20: file link 'GRanges' in package 'GenomicRanges' does not exist and so has been treated as a topic
Rd warning: C:/Users/biocbuild/bbs-3.11-bioc/tmpdir/RtmpML93OZ/R.INSTALL287816526f17/GenomicFeatures/man/makeTxDbFromGRanges.Rd:21: file link 'import' in package 'rtracklayer' does not exist and so has been treated as a topic
Rd warning: C:/Users/biocbuild/bbs-3.11-bioc/tmpdir/RtmpML93OZ/R.INSTALL287816526f17/GenomicFeatures/man/makeTxDbFromGRanges.Rd:57: file link 'import' in package 'rtracklayer' does not exist and so has been treated as a topic
Rd warning: C:/Users/biocbuild/bbs-3.11-bioc/tmpdir/RtmpML93OZ/R.INSTALL287816526f17/GenomicFeatures/man/makeTxDbFromGRanges.Rd:63: file link 'GRanges' in package 'GenomicRanges' does not exist and so has been treated as a topic
makeTxDbFromUCSC html
Rd warning: C:/Users/biocbuild/bbs-3.11-bioc/tmpdir/RtmpML93OZ/R.INSTALL287816526f17/GenomicFeatures/man/makeTxDbFromUCSC.Rd:51: file link 'GRanges' in package 'GenomicRanges' does not exist and so has been treated as a topic
Rd warning: C:/Users/biocbuild/bbs-3.11-bioc/tmpdir/RtmpML93OZ/R.INSTALL287816526f17/GenomicFeatures/man/makeTxDbFromUCSC.Rd:52: file link 'SummarizedExperiment' in package 'SummarizedExperiment' does not exist and so has been treated as a topic
Rd warning: C:/Users/biocbuild/bbs-3.11-bioc/tmpdir/RtmpML93OZ/R.INSTALL287816526f17/GenomicFeatures/man/makeTxDbFromUCSC.Rd:121: file link 'GRanges' in package 'GenomicRanges' does not exist and so has been treated as a topic
makeTxDbPackage html
mapIdsToRanges html
Rd warning: C:/Users/biocbuild/bbs-3.11-bioc/tmpdir/RtmpML93OZ/R.INSTALL287816526f17/GenomicFeatures/man/mapIdsToRanges.Rd:24: file link 'GRangesList' in package 'GenomicRanges' does not exist and so has been treated as a topic
mapRangesToIds html
Rd warning: C:/Users/biocbuild/bbs-3.11-bioc/tmpdir/RtmpML93OZ/R.INSTALL287816526f17/GenomicFeatures/man/mapRangesToIds.Rd:25: file link 'DataFrame' in package 'S4Vectors' does not exist and so has been treated as a topic
microRNAs html
Rd warning: C:/Users/biocbuild/bbs-3.11-bioc/tmpdir/RtmpML93OZ/R.INSTALL287816526f17/GenomicFeatures/man/microRNAs.Rd:32: file link 'GRanges' in package 'GenomicRanges' does not exist and so has been treated as a topic
nearest-methods html
select-methods html
transcriptLengths html
Rd warning: C:/Users/biocbuild/bbs-3.11-bioc/tmpdir/RtmpML93OZ/R.INSTALL287816526f17/GenomicFeatures/man/transcriptLengths.Rd:44: file link 'GRanges' in package 'GenomicRanges' does not exist and so has been treated as a topic
Rd warning: C:/Users/biocbuild/bbs-3.11-bioc/tmpdir/RtmpML93OZ/R.INSTALL287816526f17/GenomicFeatures/man/transcriptLengths.Rd:107: file link 'GRanges' in package 'GenomicRanges' does not exist and so has been treated as a topic
transcriptLocs2refLocs html
Rd warning: C:/Users/biocbuild/bbs-3.11-bioc/tmpdir/RtmpML93OZ/R.INSTALL287816526f17/GenomicFeatures/man/transcriptLocs2refLocs.Rd:36: file link 'IntegerList' in package 'IRanges' does not exist and so has been treated as a topic
transcripts html
Rd warning: C:/Users/biocbuild/bbs-3.11-bioc/tmpdir/RtmpML93OZ/R.INSTALL287816526f17/GenomicFeatures/man/transcripts.Rd:84: file link 'GRanges' in package 'GenomicRanges' does not exist and so has been treated as a topic
Rd warning: C:/Users/biocbuild/bbs-3.11-bioc/tmpdir/RtmpML93OZ/R.INSTALL287816526f17/GenomicFeatures/man/transcripts.Rd:90: file link 'GRangesList' in package 'GenomicRanges' does not exist and so has been treated as a topic
Rd warning: C:/Users/biocbuild/bbs-3.11-bioc/tmpdir/RtmpML93OZ/R.INSTALL287816526f17/GenomicFeatures/man/transcripts.Rd:93: file link 'GRangesList' in package 'GenomicRanges' does not exist and so has been treated as a topic
Rd warning: C:/Users/biocbuild/bbs-3.11-bioc/tmpdir/RtmpML93OZ/R.INSTALL287816526f17/GenomicFeatures/man/transcripts.Rd:126: file link 'GRanges' in package 'GenomicRanges' does not exist and so has been treated as a topic
Rd warning: C:/Users/biocbuild/bbs-3.11-bioc/tmpdir/RtmpML93OZ/R.INSTALL287816526f17/GenomicFeatures/man/transcripts.Rd:128: file link 'GRangesList' in package 'GenomicRanges' does not exist and so has been treated as a topic
transcriptsBy html
Rd warning: C:/Users/biocbuild/bbs-3.11-bioc/tmpdir/RtmpML93OZ/R.INSTALL287816526f17/GenomicFeatures/man/transcriptsBy.Rd:49: file link 'GRangesList' in package 'GenomicRanges' does not exist and so has been treated as a topic
Rd warning: C:/Users/biocbuild/bbs-3.11-bioc/tmpdir/RtmpML93OZ/R.INSTALL287816526f17/GenomicFeatures/man/transcriptsBy.Rd:52: file link 'GRangesList' in package 'GenomicRanges' does not exist and so has been treated as a topic
Rd warning: C:/Users/biocbuild/bbs-3.11-bioc/tmpdir/RtmpML93OZ/R.INSTALL287816526f17/GenomicFeatures/man/transcriptsBy.Rd:54: file link 'GRangesList' in package 'GenomicRanges' does not exist and so has been treated as a topic
Rd warning: C:/Users/biocbuild/bbs-3.11-bioc/tmpdir/RtmpML93OZ/R.INSTALL287816526f17/GenomicFeatures/man/transcriptsBy.Rd:79: file link 'GRangesList' in package 'GenomicRanges' does not exist and so has been treated as a topic
Rd warning: C:/Users/biocbuild/bbs-3.11-bioc/tmpdir/RtmpML93OZ/R.INSTALL287816526f17/GenomicFeatures/man/transcriptsBy.Rd:89: file link 'GRangesList' in package 'GenomicRanges' does not exist and so has been treated as a topic
transcriptsByOverlaps html
Rd warning: C:/Users/biocbuild/bbs-3.11-bioc/tmpdir/RtmpML93OZ/R.INSTALL287816526f17/GenomicFeatures/man/transcriptsByOverlaps.Rd:46: file link 'GRanges' in package 'GenomicRanges' does not exist and so has been treated as a topic
Rd warning: C:/Users/biocbuild/bbs-3.11-bioc/tmpdir/RtmpML93OZ/R.INSTALL287816526f17/GenomicFeatures/man/transcriptsByOverlaps.Rd:49: file link 'findOverlaps' in package 'IRanges' does not exist and so has been treated as a topic
Rd warning: C:/Users/biocbuild/bbs-3.11-bioc/tmpdir/RtmpML93OZ/R.INSTALL287816526f17/GenomicFeatures/man/transcriptsByOverlaps.Rd:59: file link 'findOverlaps' in package 'IRanges' does not exist and so has been treated as a topic
** building package indices
** installing vignettes
** testing if installed package can be loaded from temporary location
** testing if installed package can be loaded from final location
** testing if installed package keeps a record of temporary installation path
install for x64
* installing *source* package 'GenomicFeatures' ...
** testing if installed package can be loaded
* MD5 sums
packaged installation of 'GenomicFeatures' as GenomicFeatures_1.40.1.zip
* DONE (GenomicFeatures)
* installing to library 'C:/Users/biocbuild/bbs-3.11-bioc/R/library'
package 'GenomicFeatures' successfully unpacked and MD5 sums checked
|
GenomicFeatures.Rcheck/tests_i386/run_unitTests.Rout
R version 4.0.3 (2020-10-10) -- "Bunny-Wunnies Freak Out"
Copyright (C) 2020 The R Foundation for Statistical Computing
Platform: i386-w64-mingw32/i386 (32-bit)
R is free software and comes with ABSOLUTELY NO WARRANTY.
You are welcome to redistribute it under certain conditions.
Type 'license()' or 'licence()' for distribution details.
R is a collaborative project with many contributors.
Type 'contributors()' for more information and
'citation()' on how to cite R or R packages in publications.
Type 'demo()' for some demos, 'help()' for on-line help, or
'help.start()' for an HTML browser interface to help.
Type 'q()' to quit R.
> require("GenomicFeatures") || stop("unable to load GenomicFeatures package")
Loading required package: GenomicFeatures
Loading required package: BiocGenerics
Loading required package: parallel
Attaching package: 'BiocGenerics'
The following objects are masked from 'package:parallel':
clusterApply, clusterApplyLB, clusterCall, clusterEvalQ,
clusterExport, clusterMap, parApply, parCapply, parLapply,
parLapplyLB, parRapply, parSapply, parSapplyLB
The following objects are masked from 'package:stats':
IQR, mad, sd, var, xtabs
The following objects are masked from 'package:base':
Filter, Find, Map, Position, Reduce, anyDuplicated, append,
as.data.frame, basename, cbind, colnames, dirname, do.call,
duplicated, eval, evalq, get, grep, grepl, intersect, is.unsorted,
lapply, mapply, match, mget, order, paste, pmax, pmax.int, pmin,
pmin.int, rank, rbind, rownames, sapply, setdiff, sort, table,
tapply, union, unique, unsplit, which, which.max, which.min
Loading required package: S4Vectors
Loading required package: stats4
Attaching package: 'S4Vectors'
The following object is masked from 'package:base':
expand.grid
Loading required package: IRanges
Attaching package: 'IRanges'
The following object is masked from 'package:grDevices':
windows
Loading required package: GenomeInfoDb
Loading required package: GenomicRanges
Loading required package: AnnotationDbi
Loading required package: Biobase
Welcome to Bioconductor
Vignettes contain introductory material; view with
'browseVignettes()'. To cite Bioconductor, see
'citation("Biobase")', and for packages 'citation("pkgname")'.
[1] TRUE
> GenomicFeatures:::.test()
Loading required package: BSgenome
Loading required package: Biostrings
Loading required package: XVector
Attaching package: 'Biostrings'
The following object is masked from 'package:base':
strsplit
Loading required package: rtracklayer
Download and preprocess the 'transcripts' data frame ... OK
Download and preprocess the 'chrominfo' data frame ... OK
Download and preprocess the 'splicings' data frame ... OK
Download and preprocess the 'genes' data frame ... OK
Prepare the 'metadata' data frame ... OK
Make the TxDb object ... OK
Import genomic features from the file as a GRanges object ... OK
Prepare the 'metadata' data frame ... OK
Make the TxDb object ... OK
Import genomic features from the file as a GRanges object ... OK
Prepare the 'metadata' data frame ... OK
Make the TxDb object ... OK
Import genomic features from the file as a GRanges object ... OK
Prepare the 'metadata' data frame ... OK
Make the TxDb object ... OK
Import genomic features from the file as a GRanges object ... OK
Prepare the 'metadata' data frame ... OK
Make the TxDb object ... OK
Error in x$.self$finalize() : attempt to apply non-function
In addition: Warning messages:
1: In valid.GenomicRanges.seqinfo(x, suggest.trim = TRUE) :
GRanges object contains 3 out-of-bound ranges located on sequences a,
b, and c. Note that ranges located on a sequence whose length is
unknown (NA) or on a circular sequence are not considered out-of-bound
(use seqlengths() and isCircular() to get the lengths and circularity
flags of the underlying sequences). You can use trim() to trim these
ranges. See ?`trim,GenomicRanges-method` for more information.
2: In valid.GenomicRanges.seqinfo(x, suggest.trim = TRUE) :
GRanges object contains 1 out-of-bound range located on sequence c.
Note that ranges located on a sequence whose length is unknown (NA) or
on a circular sequence are not considered out-of-bound (use
seqlengths() and isCircular() to get the lengths and circularity flags
of the underlying sequences). You can use trim() to trim these ranges.
See ?`trim,GenomicRanges-method` for more information.
3: In valid.GenomicRanges.seqinfo(x, suggest.trim = TRUE) :
GRanges object contains 1 out-of-bound range located on sequence c.
Note that ranges located on a sequence whose length is unknown (NA) or
on a circular sequence are not considered out-of-bound (use
seqlengths() and isCircular() to get the lengths and circularity flags
of the underlying sequences). You can use trim() to trim these ranges.
See ?`trim,GenomicRanges-method` for more information.
4: In valid.GenomicRanges.seqinfo(x, suggest.trim = TRUE) :
GRanges object contains 4 out-of-bound ranges located on sequences 1,
2, 3, and 4. Note that ranges located on a sequence whose length is
unknown (NA) or on a circular sequence are not considered out-of-bound
(use seqlengths() and isCircular() to get the lengths and circularity
flags of the underlying sequences). You can use trim() to trim these
ranges. See ?`trim,GenomicRanges-method` for more information.
5: In .get_cds_IDX(mcols0$type, mcols0$phase) :
The "phase" metadata column contains non-NA values for features of type
exon. This information was ignored.
6: In .get_cds_IDX(mcols0$type, mcols0$phase) :
The "phase" metadata column contains non-NA values for features of type
stop_codon. This information was ignored.
Error in x$.self$finalize() : attempt to apply non-function
In addition: Warning message:
call dbDisconnect() when finished working with a connection
'select()' returned 1:1 mapping between keys and columns
'select()' returned 1:many mapping between keys and columns
'select()' returned 1:many mapping between keys and columns
'select()' returned 1:1 mapping between keys and columns
'select()' returned 1:1 mapping between keys and columns
'select()' returned 1:many mapping between keys and columns
'select()' returned 1:many mapping between keys and columns
'select()' returned 1:many mapping between keys and columns
'select()' returned 1:many mapping between keys and columns
'select()' returned 1:many mapping between keys and columns
'select()' returned 1:many mapping between keys and columns
'select()' returned 1:many mapping between keys and columns
'select()' returned 1:many mapping between keys and columns
'select()' returned 1:many mapping between keys and columns
'select()' returned 1:many mapping between keys and columns
'select()' returned 1:1 mapping between keys and columns
'select()' returned 1:many mapping between keys and columns
'select()' returned 1:many mapping between keys and columns
'select()' returned 1:many mapping between keys and columns
'select()' returned 1:1 mapping between keys and columns
RUNIT TEST PROTOCOL -- Sat Oct 17 04:49:57 2020
***********************************************
Number of test functions: 75
Number of errors: 0
Number of failures: 0
1 Test Suite :
GenomicFeatures RUnit Tests - 75 test functions, 0 errors, 0 failures
Number of test functions: 75
Number of errors: 0
Number of failures: 0
Warning message:
In .get_cds_IDX(mcols0$type, mcols0$phase) :
The "phase" metadata column contains non-NA values for features of type
stop_codon. This information was ignored.
>
> proc.time()
user system elapsed
135.39 5.06 211.25
|
GenomicFeatures.Rcheck/tests_x64/run_unitTests.Rout
R version 4.0.3 (2020-10-10) -- "Bunny-Wunnies Freak Out"
Copyright (C) 2020 The R Foundation for Statistical Computing
Platform: x86_64-w64-mingw32/x64 (64-bit)
R is free software and comes with ABSOLUTELY NO WARRANTY.
You are welcome to redistribute it under certain conditions.
Type 'license()' or 'licence()' for distribution details.
R is a collaborative project with many contributors.
Type 'contributors()' for more information and
'citation()' on how to cite R or R packages in publications.
Type 'demo()' for some demos, 'help()' for on-line help, or
'help.start()' for an HTML browser interface to help.
Type 'q()' to quit R.
> require("GenomicFeatures") || stop("unable to load GenomicFeatures package")
Loading required package: GenomicFeatures
Loading required package: BiocGenerics
Loading required package: parallel
Attaching package: 'BiocGenerics'
The following objects are masked from 'package:parallel':
clusterApply, clusterApplyLB, clusterCall, clusterEvalQ,
clusterExport, clusterMap, parApply, parCapply, parLapply,
parLapplyLB, parRapply, parSapply, parSapplyLB
The following objects are masked from 'package:stats':
IQR, mad, sd, var, xtabs
The following objects are masked from 'package:base':
Filter, Find, Map, Position, Reduce, anyDuplicated, append,
as.data.frame, basename, cbind, colnames, dirname, do.call,
duplicated, eval, evalq, get, grep, grepl, intersect, is.unsorted,
lapply, mapply, match, mget, order, paste, pmax, pmax.int, pmin,
pmin.int, rank, rbind, rownames, sapply, setdiff, sort, table,
tapply, union, unique, unsplit, which, which.max, which.min
Loading required package: S4Vectors
Loading required package: stats4
Attaching package: 'S4Vectors'
The following object is masked from 'package:base':
expand.grid
Loading required package: IRanges
Attaching package: 'IRanges'
The following object is masked from 'package:grDevices':
windows
Loading required package: GenomeInfoDb
Loading required package: GenomicRanges
Loading required package: AnnotationDbi
Loading required package: Biobase
Welcome to Bioconductor
Vignettes contain introductory material; view with
'browseVignettes()'. To cite Bioconductor, see
'citation("Biobase")', and for packages 'citation("pkgname")'.
[1] TRUE
> GenomicFeatures:::.test()
Loading required package: BSgenome
Loading required package: Biostrings
Loading required package: XVector
Attaching package: 'Biostrings'
The following object is masked from 'package:base':
strsplit
Loading required package: rtracklayer
Download and preprocess the 'transcripts' data frame ... OK
Download and preprocess the 'chrominfo' data frame ... OK
Download and preprocess the 'splicings' data frame ... OK
Download and preprocess the 'genes' data frame ... OK
Prepare the 'metadata' data frame ... OK
Make the TxDb object ... OK
Import genomic features from the file as a GRanges object ... OK
Prepare the 'metadata' data frame ... OK
Make the TxDb object ... OK
Import genomic features from the file as a GRanges object ... OK
Prepare the 'metadata' data frame ... OK
Make the TxDb object ... OK
Import genomic features from the file as a GRanges object ... OK
Prepare the 'metadata' data frame ... OK
Make the TxDb object ... OK
Import genomic features from the file as a GRanges object ... OK
Prepare the 'metadata' data frame ... OK
Make the TxDb object ... OK
'select()' returned 1:1 mapping between keys and columns
'select()' returned 1:many mapping between keys and columns
'select()' returned 1:many mapping between keys and columns
'select()' returned 1:1 mapping between keys and columns
'select()' returned 1:1 mapping between keys and columns
'select()' returned 1:many mapping between keys and columns
'select()' returned 1:many mapping between keys and columns
'select()' returned 1:many mapping between keys and columns
'select()' returned 1:many mapping between keys and columns
'select()' returned 1:many mapping between keys and columns
'select()' returned 1:many mapping between keys and columns
'select()' returned 1:many mapping between keys and columns
'select()' returned 1:many mapping between keys and columns
'select()' returned 1:many mapping between keys and columns
'select()' returned 1:many mapping between keys and columns
'select()' returned 1:1 mapping between keys and columns
'select()' returned 1:many mapping between keys and columns
'select()' returned 1:many mapping between keys and columns
'select()' returned 1:many mapping between keys and columns
'select()' returned 1:1 mapping between keys and columns
RUNIT TEST PROTOCOL -- Sat Oct 17 04:53:00 2020
***********************************************
Number of test functions: 75
Number of errors: 0
Number of failures: 0
1 Test Suite :
GenomicFeatures RUnit Tests - 75 test functions, 0 errors, 0 failures
Number of test functions: 75
Number of errors: 0
Number of failures: 0
Warning messages:
1: In valid.GenomicRanges.seqinfo(x, suggest.trim = TRUE) :
GRanges object contains 3 out-of-bound ranges located on sequences a,
b, and c. Note that ranges located on a sequence whose length is
unknown (NA) or on a circular sequence are not considered out-of-bound
(use seqlengths() and isCircular() to get the lengths and circularity
flags of the underlying sequences). You can use trim() to trim these
ranges. See ?`trim,GenomicRanges-method` for more information.
2: In valid.GenomicRanges.seqinfo(x, suggest.trim = TRUE) :
GRanges object contains 1 out-of-bound range located on sequence c.
Note that ranges located on a sequence whose length is unknown (NA) or
on a circular sequence are not considered out-of-bound (use
seqlengths() and isCircular() to get the lengths and circularity flags
of the underlying sequences). You can use trim() to trim these ranges.
See ?`trim,GenomicRanges-method` for more information.
3: In valid.GenomicRanges.seqinfo(x, suggest.trim = TRUE) :
GRanges object contains 1 out-of-bound range located on sequence c.
Note that ranges located on a sequence whose length is unknown (NA) or
on a circular sequence are not considered out-of-bound (use
seqlengths() and isCircular() to get the lengths and circularity flags
of the underlying sequences). You can use trim() to trim these ranges.
See ?`trim,GenomicRanges-method` for more information.
4: In valid.GenomicRanges.seqinfo(x, suggest.trim = TRUE) :
GRanges object contains 4 out-of-bound ranges located on sequences 1,
2, 3, and 4. Note that ranges located on a sequence whose length is
unknown (NA) or on a circular sequence are not considered out-of-bound
(use seqlengths() and isCircular() to get the lengths and circularity
flags of the underlying sequences). You can use trim() to trim these
ranges. See ?`trim,GenomicRanges-method` for more information.
5: In .get_cds_IDX(mcols0$type, mcols0$phase) :
The "phase" metadata column contains non-NA values for features of type
exon. This information was ignored.
6: In .get_cds_IDX(mcols0$type, mcols0$phase) :
The "phase" metadata column contains non-NA values for features of type
stop_codon. This information was ignored.
7: In .get_cds_IDX(mcols0$type, mcols0$phase) :
The "phase" metadata column contains non-NA values for features of type
stop_codon. This information was ignored.
>
> proc.time()
user system elapsed
164.01 2.31 182.01
|
|
GenomicFeatures.Rcheck/examples_i386/GenomicFeatures-Ex.timings
|
GenomicFeatures.Rcheck/examples_x64/GenomicFeatures-Ex.timings
|