| Back to Multiple platform build/check report for BioC 3.11 | 
  | 
This page was generated on 2020-10-17 11:58:32 -0400 (Sat, 17 Oct 2020).
| TO THE DEVELOPERS/MAINTAINERS OF THE GeneAnswers PACKAGE: Please make sure to use the following settings in order to reproduce any error or warning you see on this page. | 
| Package 674/1905 | Hostname | OS / Arch | INSTALL | BUILD | CHECK | BUILD BIN | ||||||
| GeneAnswers 2.30.0 Lei Huang 
  | malbec2 | Linux (Ubuntu 18.04.4 LTS) / x86_64 | OK | OK | WARNINGS | |||||||
| tokay2 | Windows Server 2012 R2 Standard / x64 | OK | OK | WARNINGS | OK | |||||||
| machv2 | macOS 10.14.6 Mojave / x86_64 | OK | OK | [ WARNINGS ] | OK | 
| Package: GeneAnswers | 
| Version: 2.30.0 | 
| Command: /Library/Frameworks/R.framework/Versions/Current/Resources/bin/R CMD check --install=check:GeneAnswers.install-out.txt --library=/Library/Frameworks/R.framework/Versions/Current/Resources/library --no-vignettes --timings GeneAnswers_2.30.0.tar.gz | 
| StartedAt: 2020-10-17 01:24:29 -0400 (Sat, 17 Oct 2020) | 
| EndedAt: 2020-10-17 01:38:46 -0400 (Sat, 17 Oct 2020) | 
| EllapsedTime: 857.1 seconds | 
| RetCode: 0 | 
| Status: WARNINGS | 
| CheckDir: GeneAnswers.Rcheck | 
| Warnings: 1 | 
##############################################################################
##############################################################################
###
### Running command:
###
###   /Library/Frameworks/R.framework/Versions/Current/Resources/bin/R CMD check --install=check:GeneAnswers.install-out.txt --library=/Library/Frameworks/R.framework/Versions/Current/Resources/library --no-vignettes --timings GeneAnswers_2.30.0.tar.gz
###
##############################################################################
##############################################################################
* using log directory ‘/Users/biocbuild/bbs-3.11-bioc/meat/GeneAnswers.Rcheck’
* using R version 4.0.3 (2020-10-10)
* using platform: x86_64-apple-darwin17.0 (64-bit)
* using session charset: UTF-8
* using option ‘--no-vignettes’
* checking for file ‘GeneAnswers/DESCRIPTION’ ... OK
* checking extension type ... Package
* this is package ‘GeneAnswers’ version ‘2.30.0’
* checking package namespace information ... OK
* checking package dependencies ... NOTE
Depends: includes the non-default packages:
  'igraph', 'RCurl', 'annotate', 'Biobase', 'XML', 'RSQLite', 'MASS',
  'Heatplus', 'RColorBrewer'
Adding so many packages to the search path is excessive and importing
selectively is preferable.
* checking if this is a source package ... OK
* checking if there is a namespace ... OK
* checking for hidden files and directories ... OK
* checking for portable file names ... OK
* checking for sufficient/correct file permissions ... OK
* checking whether package ‘GeneAnswers’ can be installed ... WARNING
Found the following significant warnings:
  Warning: replacing previous import ‘stats::decompose’ by ‘igraph::decompose’ when loading ‘GeneAnswers’
  Warning: replacing previous import ‘stats::spectrum’ by ‘igraph::spectrum’ when loading ‘GeneAnswers’
See ‘/Users/biocbuild/bbs-3.11-bioc/meat/GeneAnswers.Rcheck/00install.out’ for details.
* checking installed package size ... NOTE
  installed size is 34.2Mb
  sub-directories of 1Mb or more:
    External  32.4Mb
    data       1.0Mb
* checking package directory ... OK
* checking ‘build’ directory ... OK
* checking DESCRIPTION meta-information ... NOTE
Package listed in more than one of Depends, Imports, Suggests, Enhances:
  ‘annotate’
A package should be listed in only one of these fields.
* checking top-level files ... OK
* checking for left-over files ... OK
* checking index information ... OK
* checking package subdirectories ... OK
* checking R files for non-ASCII characters ... OK
* checking R files for syntax errors ... OK
* checking whether the package can be loaded ... OK
* checking whether the package can be loaded with stated dependencies ... OK
* checking whether the package can be unloaded cleanly ... OK
* checking whether the namespace can be loaded with stated dependencies ... OK
* checking whether the namespace can be unloaded cleanly ... OK
* checking dependencies in R code ... NOTE
'library' or 'require' calls to packages already attached by Depends:
  ‘Biobase’ ‘Heatplus’ ‘MASS’ ‘RColorBrewer’ ‘XML’ ‘igraph’
  Please remove these calls from your code.
'library' or 'require' calls in package code:
  ‘GO.db’ ‘KEGG.db’ ‘biomaRt’ ‘reactome.db’
  Please use :: or requireNamespace() instead.
  See section 'Suggested packages' in the 'Writing R Extensions' manual.
* checking S3 generic/method consistency ... OK
* checking replacement functions ... OK
* checking foreign function calls ... OK
* checking R code for possible problems ... NOTE
File ‘GeneAnswers/R/zzz.R’:
  .onLoad calls:
    require(Biobase)
Package startup functions should not change the search path.
See section ‘Good practice’ in '?.onAttach'.
.catsCluster: no visible global function definition for ‘par’
.defaultHeatmapColors: no visible global function definition for ‘rgb’
.drawHTMLtable: no visible global function definition for
  ‘colorRampPalette’
.drawTable: no visible global function definition for ‘par’
.drawTable: no visible global function definition for ‘image’
.drawTable: no visible global function definition for ‘abline’
.drawTable: no visible global function definition for ‘axis’
.drawTable: no visible global function definition for ‘points’
.heatmap.mds: no visible global function definition for
  ‘colorRampPalette’
.heatmap.mds: no visible global function definition for ‘layout’
.heatmap.mds: no visible global function definition for ‘par’
.heatmap.mds: no visible global function definition for ‘image’
.heatmap.mds: no visible global function definition for ‘axis’
.heatmap.mds: no visible global function definition for ‘box’
buildNet: no visible global function definition for ‘colorRampPalette’
chartPlots: no visible global function definition for ‘x11’
chartPlots: no visible global function definition for ‘pie’
chartPlots: no visible global function definition for ‘rainbow’
chartPlots: no visible global function definition for ‘barplot’
drawTable: no visible global function definition for ‘colorRampPalette’
drawTable: no visible global function definition for ‘x11’
drawTable: no visible global function definition for ‘par’
drawTable: no visible global function definition for ‘image’
drawTable: no visible global function definition for ‘abline’
drawTable: no visible global function definition for ‘axis’
drawTable: no visible global function definition for ‘text’
drawTable: no visible global function definition for ‘box’
drawTable: no visible global function definition for ‘dev.set’
drawTable: no visible global function definition for ‘dev.prev’
geneAnnotationHeatmap: no visible global function definition for
  ‘colorRampPalette’
geneAnnotationHeatmap: no visible global function definition for
  ‘layout’
geneConceptNet: no visible global function definition for
  ‘colorRampPalette’
getHomoGeneIDs: no visible global function definition for ‘useMart’
getHomoGeneIDs: no visible global function definition for ‘getLDS’
getTotalGeneNumber: no visible global function definition for
  ‘count.mappedkeys’
getTotalGeneNumber: no visible global function definition for ‘toTable’
getTotalGeneNumber: no visible binding for global variable
  ‘reactomePATHNAME2ID’
groupReport: no visible global function definition for ‘png’
groupReport: no visible global function definition for ‘dev.off’
groupReport: no visible global function definition for ‘rgb’
groupReport: no visible global function definition for ‘col2rgb’
Undefined global functions or variables:
  abline axis barplot box col2rgb colorRampPalette count.mappedkeys
  dev.off dev.prev dev.set getLDS image layout par pie png points
  rainbow reactomePATHNAME2ID rgb text toTable useMart x11
Consider adding
  importFrom("grDevices", "col2rgb", "colorRampPalette", "dev.off",
             "dev.prev", "dev.set", "png", "rainbow", "rgb", "x11")
  importFrom("graphics", "abline", "axis", "barplot", "box", "image",
             "layout", "par", "pie", "points", "text")
to your NAMESPACE file.
* checking Rd files ... OK
* checking Rd metadata ... OK
* checking Rd cross-references ... OK
* checking for missing documentation entries ... OK
* checking for code/documentation mismatches ... OK
* checking Rd \usage sections ... OK
* checking Rd contents ... OK
* checking for unstated dependencies in examples ... OK
* checking contents of ‘data’ directory ... OK
* checking data for non-ASCII characters ... OK
* checking data for ASCII and uncompressed saves ... OK
* checking sizes of PDF files under ‘inst/doc’ ... OK
* checking files in ‘vignettes’ ... OK
* checking examples ... OK
Examples with CPU (user + system) or elapsed time > 5s
                             user system elapsed
geneAnswersReadable        83.296  1.722  85.091
GeneAnswers-class          45.034  2.105  47.245
getMultiLayerGraphIDs      44.633  0.811  45.680
GeneAnswers-package        43.424  1.267  44.759
getConnectedGraph          43.785  0.627  44.500
geneAnswersChartPlots      43.372  0.758  44.179
geneAnswersConceptNet      43.224  0.586  43.844
geneAnswersConcepts        42.640  0.774  43.445
geneAnswersHomoMapping     42.133  1.155  43.318
buildNet                   42.317  0.940  43.314
geneAnswersSort            42.022  0.788  42.854
geneAnswersBuilder         41.295  1.170  42.523
geneAnswersConceptRelation 41.526  0.828  42.384
geneAnswersHeatmap         40.319  0.926  41.274
getGOList                  23.236  1.320  26.250
* checking for unstated dependencies in vignettes ... OK
* checking package vignettes in ‘inst/doc’ ... OK
* checking running R code from vignettes ... SKIPPED
* checking re-building of vignette outputs ... SKIPPED
* checking PDF version of manual ... OK
* DONE
Status: 1 WARNING, 5 NOTEs
See
  ‘/Users/biocbuild/bbs-3.11-bioc/meat/GeneAnswers.Rcheck/00check.log’
for details.
GeneAnswers.Rcheck/00install.out
############################################################################## ############################################################################## ### ### Running command: ### ### /Library/Frameworks/R.framework/Versions/Current/Resources/bin/R CMD INSTALL GeneAnswers ### ############################################################################## ############################################################################## * installing to library ‘/Library/Frameworks/R.framework/Versions/4.0/Resources/library’ * installing *source* package ‘GeneAnswers’ ... ** using staged installation ** R ** data ** inst ** byte-compile and prepare package for lazy loading Warning: replacing previous import ‘stats::decompose’ by ‘igraph::decompose’ when loading ‘GeneAnswers’ Warning: replacing previous import ‘stats::spectrum’ by ‘igraph::spectrum’ when loading ‘GeneAnswers’ ** help *** installing help indices ** building package indices ** installing vignettes ** testing if installed package can be loaded from temporary location Warning: replacing previous import ‘stats::decompose’ by ‘igraph::decompose’ when loading ‘GeneAnswers’ Warning: replacing previous import ‘stats::spectrum’ by ‘igraph::spectrum’ when loading ‘GeneAnswers’ ** testing if installed package can be loaded from final location Warning: replacing previous import ‘stats::decompose’ by ‘igraph::decompose’ when loading ‘GeneAnswers’ Warning: replacing previous import ‘stats::spectrum’ by ‘igraph::spectrum’ when loading ‘GeneAnswers’ ** testing if installed package keeps a record of temporary installation path * DONE (GeneAnswers)
GeneAnswers.Rcheck/GeneAnswers-Ex.timings
| name | user | system | elapsed | |
| DO | 0.464 | 0.015 | 0.481 | |
| DOLite | 0.037 | 0.003 | 0.041 | |
| DOLiteTerm | 0.002 | 0.004 | 0.007 | |
| DmIALite | 0.092 | 0.005 | 0.097 | |
| GeneAnswers-class | 45.034 | 2.105 | 47.245 | |
| GeneAnswers-package | 43.424 | 1.267 | 44.759 | |
| HsIALite | 0.306 | 0.011 | 0.318 | |
| MmIALite | 0.016 | 0.007 | 0.023 | |
| RnIALite | 0.010 | 0.008 | 0.017 | |
| buildNet | 42.317 | 0.940 | 43.314 | |
| caBIO.PATHGenes | 0 | 0 | 0 | |
| caBIO2entrez | 0 | 0 | 0 | |
| categoryNet | 0.001 | 0.000 | 0.000 | |
| chartPlots | 0.061 | 0.031 | 0.119 | |
| drawTable | 0.849 | 0.046 | 0.896 | |
| entrez2caBIO | 0.000 | 0.000 | 0.001 | |
| geneAnnotationHeatmap | 0.003 | 0.000 | 0.003 | |
| geneAnswersBuilder | 41.295 | 1.170 | 42.523 | |
| geneAnswersChartPlots | 43.372 | 0.758 | 44.179 | |
| geneAnswersConceptNet | 43.224 | 0.586 | 43.844 | |
| geneAnswersConceptRelation | 41.526 | 0.828 | 42.384 | |
| geneAnswersConcepts | 42.640 | 0.774 | 43.445 | |
| geneAnswersHeatmap | 40.319 | 0.926 | 41.274 | |
| geneAnswersHomoMapping | 42.133 | 1.155 | 43.318 | |
| geneAnswersReadable | 83.296 | 1.722 | 85.091 | |
| geneAnswersSort | 42.022 | 0.788 | 42.854 | |
| geneConceptNet | 0.000 | 0.001 | 0.001 | |
| getCategoryList | 0.248 | 0.021 | 0.271 | |
| getCategoryTerms | 0.052 | 0.003 | 0.056 | |
| getConceptTable | 0.876 | 0.047 | 0.925 | |
| getConnectedGraph | 43.785 | 0.627 | 44.500 | |
| getDOLiteTerms | 0.005 | 0.004 | 0.009 | |
| getGOList | 23.236 | 1.320 | 26.250 | |
| getHomoGeneIDs | 0.239 | 0.009 | 0.248 | |
| getListGIF | 0.000 | 0.001 | 0.001 | |
| getMultiLayerGraphIDs | 44.633 | 0.811 | 45.680 | |
| getNextGOIDs | 0.122 | 0.002 | 0.125 | |
| getPATHList | 0.044 | 0.001 | 0.046 | |
| getPATHTerms | 0.027 | 0.002 | 0.029 | |
| getREACTOMEPATHList | 0.001 | 0.000 | 0.001 | |
| getREACTOMEPATHTerms | 0.000 | 0.001 | 0.000 | |
| getSingleLayerGraphIDs | 0.003 | 0.001 | 0.004 | |
| getSymbols | 0.036 | 0.001 | 0.038 | |
| getTotalGeneNumber | 0.429 | 0.004 | 0.435 | |
| getcaBIOPATHList | 0.000 | 0.000 | 0.001 | |
| getcaBIOPATHTerms | 0.000 | 0.001 | 0.001 | |
| groupReport | 0.949 | 0.051 | 1.003 | |
| humanExpr | 0.008 | 0.004 | 0.012 | |
| humanGeneInput | 0.004 | 0.004 | 0.008 | |
| mouseExpr | 0.005 | 0.004 | 0.010 | |
| mouseGeneInput | 0.004 | 0.004 | 0.008 | |
| sampleGroupsData | 0.143 | 0.113 | 0.259 | |
| searchEntrez | 0.001 | 0.000 | 0.001 | |
| topCategory | 0.000 | 0.000 | 0.001 | |
| topCategoryGenes | 0.000 | 0.000 | 0.001 | |
| topDOLITE | 0.000 | 0.001 | 0.000 | |
| topDOLITEGenes | 0 | 0 | 0 | |
| topGO | 0.001 | 0.000 | 0.001 | |
| topGOGenes | 0.000 | 0.000 | 0.001 | |
| topPATH | 0 | 0 | 0 | |
| topPATHGenes | 0.000 | 0.001 | 0.000 | |
| topREACTOME.PATH | 0.000 | 0.001 | 0.001 | |
| topREACTOME.PATHGenes | 0 | 0 | 0 | |
| topcaBIO.PATH | 0 | 0 | 0 | |