| Back to Multiple platform build/check report for BioC 3.11 |
|
This page was generated on 2020-10-17 11:58:26 -0400 (Sat, 17 Oct 2020).
| TO THE DEVELOPERS/MAINTAINERS OF THE ENVISIONQuery PACKAGE: Please make sure to use the following settings in order to reproduce any error or warning you see on this page. |
| Package 550/1905 | Hostname | OS / Arch | INSTALL | BUILD | CHECK | BUILD BIN | ||||||
| ENVISIONQuery 1.36.0 Alex Lisovich
| malbec2 | Linux (Ubuntu 18.04.4 LTS) / x86_64 | OK | OK | OK | |||||||
| tokay2 | Windows Server 2012 R2 Standard / x64 | OK | OK | OK | OK | |||||||
| machv2 | macOS 10.14.6 Mojave / x86_64 | OK | [ ERROR ] | skipped | skipped |
| Package: ENVISIONQuery |
| Version: 1.36.0 |
| Command: /Library/Frameworks/R.framework/Versions/Current/Resources/bin/R CMD build --keep-empty-dirs --no-resave-data ENVISIONQuery |
| StartedAt: 2020-10-16 18:52:07 -0400 (Fri, 16 Oct 2020) |
| EndedAt: 2020-10-16 18:52:14 -0400 (Fri, 16 Oct 2020) |
| EllapsedTime: 7.2 seconds |
| RetCode: 1 |
| Status: ERROR |
| PackageFile: None |
| PackageFileSize: NA |
##############################################################################
##############################################################################
###
### Running command:
###
### /Library/Frameworks/R.framework/Versions/Current/Resources/bin/R CMD build --keep-empty-dirs --no-resave-data ENVISIONQuery
###
##############################################################################
##############################################################################
* checking for file ‘ENVISIONQuery/DESCRIPTION’ ... OK
* preparing ‘ENVISIONQuery’:
* checking DESCRIPTION meta-information ... OK
* installing the package to build vignettes
* creating vignettes ... ERROR
--- re-building ‘ENVISIONQuery.Rnw’ using Sweave
Loading required package: rJava
Loading required package: XML
Warning in getService("ID Conversion") :
ENVISIONQuery: Invalid service name
Warning in getService("Reactome") : ENVISIONQuery: Invalid service name
Error: processing vignette 'ENVISIONQuery.Rnw' failed with diagnostics:
chunk 1 (label = chunk1)
Error in if (!(toolName %in% toolNames)) { : argument is of length zero
--- failed re-building ‘ENVISIONQuery.Rnw’
SUMMARY: processing the following file failed:
‘ENVISIONQuery.Rnw’
Error: Vignette re-building failed.
Execution halted