| Back to Multiple platform build/check report for BioC 3.11 |
|
This page was generated on 2020-10-17 11:56:23 -0400 (Sat, 17 Oct 2020).
| TO THE DEVELOPERS/MAINTAINERS OF THE CorMut PACKAGE: Please make sure to use the following settings in order to reproduce any error or warning you see on this page. |
| Package 378/1905 | Hostname | OS / Arch | INSTALL | BUILD | CHECK | BUILD BIN | ||||||
| CorMut 1.30.0 Zhenpeng Li
| malbec2 | Linux (Ubuntu 18.04.4 LTS) / x86_64 | OK | ERROR | skipped | |||||||
| tokay2 | Windows Server 2012 R2 Standard / x64 | OK | [ ERROR ] | skipped | skipped | |||||||
| machv2 | macOS 10.14.6 Mojave / x86_64 | OK | ERROR | skipped | skipped |
| Package: CorMut |
| Version: 1.30.0 |
| Command: chmod a+r CorMut -R && C:\Users\biocbuild\bbs-3.11-bioc\R\bin\R.exe CMD build --keep-empty-dirs --no-resave-data CorMut |
| StartedAt: 2020-10-16 20:55:32 -0400 (Fri, 16 Oct 2020) |
| EndedAt: 2020-10-16 20:55:52 -0400 (Fri, 16 Oct 2020) |
| EllapsedTime: 20.2 seconds |
| RetCode: 1 |
| Status: ERROR |
| PackageFile: None |
| PackageFileSize: NA |
##############################################################################
##############################################################################
###
### Running command:
###
### chmod a+r CorMut -R && C:\Users\biocbuild\bbs-3.11-bioc\R\bin\R.exe CMD build --keep-empty-dirs --no-resave-data CorMut
###
##############################################################################
##############################################################################
* checking for file 'CorMut/DESCRIPTION' ... OK
* preparing 'CorMut':
* checking DESCRIPTION meta-information ... OK
* installing the package to build vignettes
* creating vignettes ... ERROR
--- re-building 'CorMut.Rnw' using Sweave
Loading required package: seqinr
Loading required package: igraph
Attaching package: 'igraph'
The following objects are masked from 'package:stats':
decompose, spectrum
The following object is masked from 'package:base':
union
Error: processing vignette 'CorMut.Rnw' failed with diagnostics:
chunk 5
Error in x - min(x) : non-numeric argument to binary operator
--- failed re-building 'CorMut.Rnw'
SUMMARY: processing the following file failed:
'CorMut.Rnw'
Error: Vignette re-building failed.
Execution halted