| Back to Multiple platform build/check report for BioC 3.11 | 
 | 
This page was generated on 2020-10-17 11:54:33 -0400 (Sat, 17 Oct 2020).
| TO THE DEVELOPERS/MAINTAINERS OF THE ChIPQC PACKAGE: Please make sure to use the following settings in order to reproduce any error or warning you see on this page. | 
| Package 283/1905 | Hostname | OS / Arch | INSTALL | BUILD | CHECK | BUILD BIN | ||||||
| ChIPQC 1.24.1 Tom Carroll 
 | malbec2 | Linux (Ubuntu 18.04.4 LTS) / x86_64 | OK | OK | [ WARNINGS ] |  | ||||||
| tokay2 | Windows Server 2012 R2 Standard / x64 | OK | OK | WARNINGS | OK |  | ||||||
| machv2 | macOS 10.14.6 Mojave / x86_64 | OK | OK | WARNINGS | OK |  | 
| Package: ChIPQC | 
| Version: 1.24.1 | 
| Command: /home/biocbuild/bbs-3.11-bioc/R/bin/R CMD check --install=check:ChIPQC.install-out.txt --library=/home/biocbuild/bbs-3.11-bioc/R/library --no-vignettes --timings ChIPQC_1.24.1.tar.gz | 
| StartedAt: 2020-10-16 23:47:13 -0400 (Fri, 16 Oct 2020) | 
| EndedAt: 2020-10-16 23:56:02 -0400 (Fri, 16 Oct 2020) | 
| EllapsedTime: 529.2 seconds | 
| RetCode: 0 | 
| Status: WARNINGS | 
| CheckDir: ChIPQC.Rcheck | 
| Warnings: 1 | 
##############################################################################
##############################################################################
###
### Running command:
###
###   /home/biocbuild/bbs-3.11-bioc/R/bin/R CMD check --install=check:ChIPQC.install-out.txt --library=/home/biocbuild/bbs-3.11-bioc/R/library --no-vignettes --timings ChIPQC_1.24.1.tar.gz
###
##############################################################################
##############################################################################
* using log directory ‘/home/biocbuild/bbs-3.11-bioc/meat/ChIPQC.Rcheck’
* using R version 4.0.3 (2020-10-10)
* using platform: x86_64-pc-linux-gnu (64-bit)
* using session charset: UTF-8
* using option ‘--no-vignettes’
* checking for file ‘ChIPQC/DESCRIPTION’ ... OK
* checking extension type ... Package
* this is package ‘ChIPQC’ version ‘1.24.1’
* checking package namespace information ... OK
* checking package dependencies ... OK
* checking if this is a source package ... OK
* checking if there is a namespace ... OK
* checking for hidden files and directories ... OK
* checking for portable file names ... OK
* checking for sufficient/correct file permissions ... OK
* checking whether package ‘ChIPQC’ can be installed ... OK
* checking installed package size ... OK
* checking package directory ... OK
* checking ‘build’ directory ... OK
* checking DESCRIPTION meta-information ... OK
* checking top-level files ... OK
* checking for left-over files ... OK
* checking index information ... OK
* checking package subdirectories ... OK
* checking R files for non-ASCII characters ... OK
* checking R files for syntax errors ... OK
* checking whether the package can be loaded ... OK
* checking whether the package can be loaded with stated dependencies ... OK
* checking whether the package can be unloaded cleanly ... OK
* checking whether the namespace can be loaded with stated dependencies ... OK
* checking whether the namespace can be unloaded cleanly ... OK
* checking dependencies in R code ... NOTE
Unexported object imported by a ':::' call: ‘S4Vectors:::tabulate2’
  See the note in ?`:::` about the use of this operator.
* checking S3 generic/method consistency ... OK
* checking replacement functions ... OK
* checking foreign function calls ... NOTE
Foreign function call to a different package:
  .Call("rle_sum_any", ..., PACKAGE = "chipseq")
See chapter ‘System and foreign language interfaces’ in the ‘Writing R
Extensions’ manual.
* checking R code for possible problems ... NOTE
GetGRanges: no visible global function definition for ‘seqlevels<-’
findCovMaxPos: no visible global function definition for ‘seqlengths’
findCovMaxPos: no visible global function definition for ‘seqlengths<-’
getAnnotation: no visible binding for global variable
  ‘TxDb.Hsapiens.UCSC.hg38.knownGene’
getAnnotation: no visible global function definition for ‘seqlengths’
makeCCplot: no visible binding for global variable ‘Shift_Size’
makeCCplot: no visible binding for global variable ‘CC_Score’
makeCoveragePlot: no visible binding for global variable ‘Depth’
makeCoveragePlot: no visible binding for global variable ‘log10_bp’
makeCoveragePlot: no visible binding for global variable ‘Sample’
makeFriblPlot: no visible binding for global variable ‘Sample’
makeFriblPlot: no visible binding for global variable ‘FRIBL’
makeFriblPlot: no visible binding for global variable ‘Reads’
makeFripPlot: no visible binding for global variable ‘Sample’
makeFripPlot: no visible binding for global variable ‘FRIP’
makeFripPlot: no visible binding for global variable ‘Reads’
makePeakProfilePlot: no visible binding for global variable ‘Distance’
makePeakProfilePlot: no visible binding for global variable ‘Signal’
makeRapPlot: no visible binding for global variable ‘Sample’
makeRapPlot: no visible binding for global variable ‘CountsInPeaks’
makeRegiPlot: no visible binding for global variable ‘Sample’
makeRegiPlot: no visible binding for global variable ‘GenomicIntervals’
makeRegiPlot: no visible binding for global variable ‘log2_Enrichment’
makeSSDPlot: no visible binding for global variable ‘Sample’
makeSSDPlot: no visible binding for global variable ‘SSD’
makeSSDPlot: no visible global function definition for ‘geom_point’
sampleQC: no visible global function definition for ‘seqlevels<-’
plotCC,ChIPQCexperiment: no visible binding for global variable
  ‘Sample’
plotCC,list: no visible binding for global variable ‘Sample’
plotPeakProfile,ChIPQCexperiment: no visible binding for global
  variable ‘Sample’
plotPeakProfile,list: no visible binding for global variable ‘Sample’
Undefined global functions or variables:
  CC_Score CountsInPeaks Depth Distance FRIBL FRIP GenomicIntervals
  Reads SSD Sample Shift_Size Signal TxDb.Hsapiens.UCSC.hg38.knownGene
  geom_point log10_bp log2_Enrichment seqlengths seqlengths<-
  seqlevels<-
Consider adding
  importFrom("stats", "SSD")
to your NAMESPACE file.
* checking Rd files ... OK
* checking Rd metadata ... OK
* checking Rd cross-references ... OK
* checking for missing documentation entries ... OK
* checking for code/documentation mismatches ... OK
* checking Rd \usage sections ... OK
* checking Rd contents ... OK
* checking for unstated dependencies in examples ... OK
* checking contents of ‘data’ directory ... NOTE
Output for data("tamoxifen_QC", package = "ChIPQC"):
  
* checking data for non-ASCII characters ... WARNING
  Error loading dataset 'exampleExp':
   Error in .requirePackage(package) : 
    unable to find required package 'ChIPQC'
  
  Error loading dataset 'tamoxifen':
   Error in .requirePackage(package) : 
    unable to find required package 'ChIPQC'
  
  The dataset(s) may use package(s) not declared in the DESCRIPTION file.
* checking data for ASCII and uncompressed saves ... OK
* checking installed files from ‘inst/doc’ ... OK
* checking files in ‘vignettes’ ... OK
* checking examples ... OK
Examples with CPU (user + system) or elapsed time > 5s
               user system elapsed
ChIPQCreport 26.097  0.192  26.377
* checking for unstated dependencies in vignettes ... OK
* checking package vignettes in ‘inst/doc’ ... OK
* checking running R code from vignettes ... SKIPPED
* checking re-building of vignette outputs ... SKIPPED
* checking PDF version of manual ... OK
* DONE
Status: 1 WARNING, 4 NOTEs
See
  ‘/home/biocbuild/bbs-3.11-bioc/meat/ChIPQC.Rcheck/00check.log’
for details.
ChIPQC.Rcheck/00install.out
############################################################################## ############################################################################## ### ### Running command: ### ### /home/biocbuild/bbs-3.11-bioc/R/bin/R CMD INSTALL ChIPQC ### ############################################################################## ############################################################################## * installing to library ‘/home/biocbuild/bbs-3.11-bioc/R/library’ * installing *source* package ‘ChIPQC’ ... ** using staged installation ** R ** data ** inst ** byte-compile and prepare package for lazy loading ** help *** installing help indices ** building package indices ** installing vignettes ‘ChIPQC.Rnw’ ** testing if installed package can be loaded from temporary location ** testing if installed package can be loaded from final location ** testing if installed package keeps a record of temporary installation path * DONE (ChIPQC)
ChIPQC.Rcheck/ChIPQC-Ex.timings
| name | user | system | elapsed | |
| ChIPQC-data | 0.986 | 0.056 | 1.042 | |
| ChIPQC | 0.395 | 0.048 | 0.443 | |
| ChIPQCexperiment-class | 0.351 | 0.008 | 0.360 | |
| ChIPQCreport | 26.097 | 0.192 | 26.377 | |
| ChIPQCsample-class | 1.788 | 0.004 | 1.807 | |
| FragmentLengthCrossCoverage-methods | 0.096 | 0.000 | 0.096 | |
| Normalisedaveragepeaksignal-methods | 0.041 | 0.000 | 0.041 | |
| QCannotation-methods | 0.025 | 0.000 | 0.025 | |
| QCcontrol-methods | 0.33 | 0.00 | 0.33 | |
| QCdba-methods | 0.188 | 0.008 | 0.196 | |
| QCmetadata-methods | 0.193 | 0.008 | 0.201 | |
| QCmetrics-methods | 0.669 | 0.004 | 0.674 | |
| QCsample-methods | 0.089 | 0.000 | 0.088 | |
| ReadLengthCrossCoverage-methods | 0.019 | 0.004 | 0.023 | |
| RelativeCrossCoverage-methods | 0.087 | 0.004 | 0.091 | |
| averagepeaksignal-methods | 0.042 | 0.000 | 0.041 | |
| coveragehistogram-methods | 0.035 | 0.004 | 0.040 | |
| crosscoverage-methods | 0.037 | 0.000 | 0.037 | |
| duplicateRate-methods | 0.024 | 0.000 | 0.024 | |
| duplicates-methods | 0.023 | 0.000 | 0.023 | |
| flagtagcounts-methods | 0.019 | 0.004 | 0.022 | |
| fragmentlength-methods | 0.093 | 0.000 | 0.093 | |
| frip-methods | 0.023 | 0.000 | 0.024 | |
| mapped-methods | 0.020 | 0.004 | 0.024 | |
| peaks-methods | 0.304 | 0.000 | 0.303 | |
| plotCC-methods | 1.572 | 0.008 | 1.581 | |
| plotCorHeatmap-methods | 0.309 | 0.004 | 0.312 | |
| plotCoverageHist-methods | 0.736 | 0.008 | 0.744 | |
| plotFribl-methods | 0.841 | 0.000 | 0.841 | |
| plotFrip-methods | 0.505 | 0.004 | 0.510 | |
| plotPeakProfile-methods | 1.234 | 0.000 | 1.234 | |
| plotPrincomp-methods | 0.197 | 0.008 | 0.205 | |
| plotRap-methods | 0.77 | 0.00 | 0.77 | |
| plotRegi-methods | 1.212 | 0.016 | 1.228 | |
| plotSSD-methods | 1.484 | 0.000 | 1.484 | |
| readlength-methods | 0.015 | 0.000 | 0.015 | |
| reads-methods | 0.015 | 0.000 | 0.015 | |
| regi-methods | 0.045 | 0.000 | 0.046 | |
| ribl-methods | 0.011 | 0.004 | 0.015 | |
| rip-methods | 0.011 | 0.004 | 0.015 | |
| ssd-methods | 0.015 | 0.000 | 0.015 | |