| Back to Multiple platform build/check report for BioC 3.11 |
|
This page was generated on 2020-10-17 11:54:31 -0400 (Sat, 17 Oct 2020).
| TO THE DEVELOPERS/MAINTAINERS OF THE CALIB PACKAGE: Please make sure to use the following settings in order to reproduce any error or warning you see on this page. |
| Package 220/1905 | Hostname | OS / Arch | INSTALL | BUILD | CHECK | BUILD BIN | ||||||
Hui Zhao
| malbec2 | Linux (Ubuntu 18.04.4 LTS) / x86_64 | OK | OK | [ ERROR ] | |||||||
| tokay2 | Windows Server 2012 R2 Standard / x64 | OK | OK | ERROR | OK | |||||||
| machv2 | macOS 10.14.6 Mojave / x86_64 | OK | OK | ERROR | OK |
| Package: CALIB |
| Version: 1.54.0 |
| Command: /home/biocbuild/bbs-3.11-bioc/R/bin/R CMD check --install=check:CALIB.install-out.txt --library=/home/biocbuild/bbs-3.11-bioc/R/library --no-vignettes --timings CALIB_1.54.0.tar.gz |
| StartedAt: 2020-10-16 23:31:04 -0400 (Fri, 16 Oct 2020) |
| EndedAt: 2020-10-16 23:31:46 -0400 (Fri, 16 Oct 2020) |
| EllapsedTime: 42.4 seconds |
| RetCode: 1 |
| Status: ERROR |
| CheckDir: CALIB.Rcheck |
| Warnings: NA |
##############################################################################
##############################################################################
###
### Running command:
###
### /home/biocbuild/bbs-3.11-bioc/R/bin/R CMD check --install=check:CALIB.install-out.txt --library=/home/biocbuild/bbs-3.11-bioc/R/library --no-vignettes --timings CALIB_1.54.0.tar.gz
###
##############################################################################
##############################################################################
* using log directory ‘/home/biocbuild/bbs-3.11-bioc/meat/CALIB.Rcheck’
* using R version 4.0.3 (2020-10-10)
* using platform: x86_64-pc-linux-gnu (64-bit)
* using session charset: UTF-8
* using option ‘--no-vignettes’
* checking for file ‘CALIB/DESCRIPTION’ ... OK
* checking extension type ... Package
* this is package ‘CALIB’ version ‘1.54.0’
* checking package namespace information ... OK
* checking package dependencies ... OK
* checking if this is a source package ... OK
* checking if there is a namespace ... OK
* checking for hidden files and directories ... OK
* checking for portable file names ... OK
* checking for sufficient/correct file permissions ... OK
* checking whether package ‘CALIB’ can be installed ... WARNING
Found the following significant warnings:
Estimation.cpp:147:78: warning: ISO C++ forbids converting a string constant to ‘char*’ [-Wwrite-strings]
Warning: Package 'CALIB' is deprecated and will be removed from Bioconductor
See ‘/home/biocbuild/bbs-3.11-bioc/meat/CALIB.Rcheck/00install.out’ for details.
* checking installed package size ... NOTE
installed size is 6.1Mb
sub-directories of 1Mb or more:
arraydata 2.2Mb
libs 2.7Mb
* checking package directory ... OK
* checking ‘build’ directory ... OK
* checking DESCRIPTION meta-information ... NOTE
Packages listed in more than one of Depends, Imports, Suggests, Enhances:
‘limma’ ‘methods’
A package should be listed in only one of these fields.
* checking top-level files ... OK
* checking for left-over files ... OK
* checking index information ... OK
* checking package subdirectories ... OK
* checking R files for non-ASCII characters ... OK
* checking R files for syntax errors ... OK
* checking whether the package can be loaded ... OK
* checking whether the package can be loaded with stated dependencies ... OK
* checking whether the package can be unloaded cleanly ... OK
* checking whether the namespace can be loaded with stated dependencies ... OK
* checking whether the namespace can be unloaded cleanly ... OK
* checking dependencies in R code ... OK
* checking S3 generic/method consistency ... NOTE
Found the following apparent S3 methods exported but not registered:
[.ParameterList [.RGList_CALIB [.SpikeList cbind.ParameterList
cbind.RGList_CALIB cbind.SpikeList dim.RGList_CALIB dim.SpikeList
dimnames.RGList_CALIB dimnames.SpikeList length.RGList_CALIB
length.SpikeList merge.RGList_CALIB merge.SpikeList
rbind.RGList_CALIB rbind.SpikeList
See section ‘Registering S3 methods’ in the ‘Writing R Extensions’
manual.
* checking replacement functions ... OK
* checking foreign function calls ... OK
* checking R code for possible problems ... NOTE
read.rg: warning in scan(fullname, what = "", sep = sep, quote = quote,
skip = 1, nlines = 1, quiet = TRUE, allowEscape = FALSE): partial
argument match of 'allowEscape' to 'allowEscapes'
getColClasses: no visible global function definition for ‘namesInFun’
plotSpikeCI: no visible binding for global variable ‘otherindex’
read.rg: no visible global function definition for ‘readBlueFuseHeader’
read.spike: no visible binding for global variable ‘files’
Undefined global functions or variables:
files namesInFun otherindex readBlueFuseHeader
* checking Rd files ... OK
* checking Rd metadata ... OK
* checking Rd cross-references ... OK
* checking for missing documentation entries ... OK
* checking for code/documentation mismatches ... OK
* checking Rd \usage sections ... OK
* checking Rd contents ... OK
* checking for unstated dependencies in examples ... OK
* checking contents of ‘data’ directory ... OK
* checking data for non-ASCII characters ... OK
* checking data for ASCII and uncompressed saves ... OK
* checking line endings in C/C++/Fortran sources/headers ... OK
* checking compiled code ... NOTE
Note: information on .o files is not available
* checking files in ‘vignettes’ ... OK
* checking examples ... ERROR
Running examples in ‘CALIB-Ex.R’ failed
The error most likely occurred in:
> base::assign(".ptime", proc.time(), pos = "CheckExEnv")
> ### Name: subsetting
> ### Title: Subset of RGList\_CALIB, SpikeList or ParameterList object
> ### Aliases: [.RGList_CALIB [.SpikeList [.ParameterList
> ### Keywords: array
>
> ### ** Examples
>
>
> # for RGList_CALIB
> R <- G <- matrix(1:8,4,2)
> rownames(R) <- rownames(G) <- c("g1","g2","g3","g4")
> colnames(R) <- colnames(G) <- c("a1","a2")
> RG <- new("RGList_CALIB",list(R=R,G=G))
>
> RG[1:2,]
Error in RG[1:2, ] : incorrect number of dimensions
Execution halted
* checking for unstated dependencies in vignettes ... OK
* checking package vignettes in ‘inst/doc’ ... OK
* checking running R code from vignettes ... SKIPPED
* checking re-building of vignette outputs ... SKIPPED
* checking PDF version of manual ... OK
* DONE
Status: 1 ERROR, 1 WARNING, 5 NOTEs
See
‘/home/biocbuild/bbs-3.11-bioc/meat/CALIB.Rcheck/00check.log’
for details.
CALIB.Rcheck/00install.out
##############################################################################
##############################################################################
###
### Running command:
###
### /home/biocbuild/bbs-3.11-bioc/R/bin/R CMD INSTALL CALIB
###
##############################################################################
##############################################################################
* installing to library ‘/home/biocbuild/bbs-3.11-bioc/R/library’
* installing *source* package ‘CALIB’ ...
** using staged installation
** libs
g++ -std=gnu++11 -I"/home/biocbuild/bbs-3.11-bioc/R/include" -DNDEBUG -I/usr/local/include -fpic -g -O2 -Wall -c Design.cpp -o Design.o
g++ -std=gnu++11 -I"/home/biocbuild/bbs-3.11-bioc/R/include" -DNDEBUG -I/usr/local/include -fpic -g -O2 -Wall -c Estimation.cpp -o Estimation.o
Estimation.cpp: In function ‘SEXPREC* estimation(SEXP, SEXP, SEXP, SEXP, SEXP, SEXP, SEXP, SEXP)’:
Estimation.cpp:147:78: warning: ISO C++ forbids converting a string constant to ‘char*’ [-Wwrite-strings]
char *name[8] = {"MuS","Ka","P1","P2","SigmaA","SigmaM","SigmaS","SpotError"};
^
Estimation.cpp:147:78: warning: ISO C++ forbids converting a string constant to ‘char*’ [-Wwrite-strings]
Estimation.cpp:147:78: warning: ISO C++ forbids converting a string constant to ‘char*’ [-Wwrite-strings]
Estimation.cpp:147:78: warning: ISO C++ forbids converting a string constant to ‘char*’ [-Wwrite-strings]
Estimation.cpp:147:78: warning: ISO C++ forbids converting a string constant to ‘char*’ [-Wwrite-strings]
Estimation.cpp:147:78: warning: ISO C++ forbids converting a string constant to ‘char*’ [-Wwrite-strings]
Estimation.cpp:147:78: warning: ISO C++ forbids converting a string constant to ‘char*’ [-Wwrite-strings]
Estimation.cpp:147:78: warning: ISO C++ forbids converting a string constant to ‘char*’ [-Wwrite-strings]
g++ -std=gnu++11 -I"/home/biocbuild/bbs-3.11-bioc/R/include" -DNDEBUG -I/usr/local/include -fpic -g -O2 -Wall -c NormalizedData.cpp -o NormalizedData.o
g++ -std=gnu++11 -I"/home/biocbuild/bbs-3.11-bioc/R/include" -DNDEBUG -I/usr/local/include -fpic -g -O2 -Wall -c ParameterofOneArray.cpp -o ParameterofOneArray.o
g++ -std=gnu++11 -I"/home/biocbuild/bbs-3.11-bioc/R/include" -DNDEBUG -I/usr/local/include -fpic -g -O2 -Wall -c RawDataofOneArray.cpp -o RawDataofOneArray.o
g++ -std=gnu++11 -I"/home/biocbuild/bbs-3.11-bioc/R/include" -DNDEBUG -I/usr/local/include -fpic -g -O2 -Wall -c SpikeofOneArray.cpp -o SpikeofOneArray.o
g++ -std=gnu++11 -shared -L/home/biocbuild/bbs-3.11-bioc/R/lib -L/usr/local/lib -o CALIB.so Design.o Estimation.o NormalizedData.o ParameterofOneArray.o RawDataofOneArray.o SpikeofOneArray.o -L/home/biocbuild/bbs-3.11-bioc/R/lib -lR
installing to /home/biocbuild/bbs-3.11-bioc/R/library/00LOCK-CALIB/00new/CALIB/libs
** R
** data
** inst
** byte-compile and prepare package for lazy loading
** help
*** installing help indices
** building package indices
** installing vignettes
** testing if installed package can be loaded from temporary location
Warning: Package 'CALIB' is deprecated and will be removed from Bioconductor
version 3.12
** checking absolute paths in shared objects and dynamic libraries
** testing if installed package can be loaded from final location
Warning: Package 'CALIB' is deprecated and will be removed from Bioconductor
version 3.12
** testing if installed package keeps a record of temporary installation path
* DONE (CALIB)
CALIB.Rcheck/CALIB-Ex.timings
| name | user | system | elapsed | |
| RG | 0.179 | 0.007 | 0.188 | |
| adjustP2 | 0.326 | 0.000 | 0.326 | |
| calibReadMe | 0.001 | 0.000 | 0.001 | |
| cbind | 0.006 | 0.000 | 0.006 | |
| dim | 0.004 | 0.000 | 0.003 | |
| dimnames | 0.001 | 0.000 | 0.002 | |
| estimateParameter | 6.004 | 0.004 | 6.016 | |
| getColClasses | 0 | 0 | 0 | |
| merge | 0.007 | 0.000 | 0.006 | |
| normalizeData | 0.403 | 0.004 | 0.407 | |
| normdata | 0.254 | 0.004 | 0.258 | |
| parameter | 0.037 | 0.000 | 0.038 | |
| plotNormalizedData | 0.712 | 0.024 | 0.736 | |
| plotSpikeCI | 0.438 | 0.000 | 0.439 | |
| plotSpikeHI | 0.115 | 0.000 | 0.116 | |
| plotSpikeRG | 0.475 | 0.007 | 0.483 | |
| plotSpikeSpotError | 0.432 | 0.005 | 0.436 | |
| read.rg | 0.000 | 0.000 | 0.001 | |
| spike | 0.048 | 0.000 | 0.047 | |