| Back to Multiple platform build/check report for BioC 3.10 | 
 | 
This page was generated on 2020-04-15 12:29:53 -0400 (Wed, 15 Apr 2020).
| Package 523/1823 | Hostname | OS / Arch | INSTALL | BUILD | CHECK | BUILD BIN | ||||||
| enrichplot 1.6.1 Guangchuang Yu 
 | malbec1 | Linux (Ubuntu 18.04.4 LTS) / x86_64 | OK | OK | OK |  | ||||||
| tokay1 | Windows Server 2012 R2 Standard / x64 | OK | OK | [ WARNINGS ] | OK |  | ||||||
| merida1 | OS X 10.11.6 El Capitan / x86_64 | OK | OK | OK | OK |  | 
| Package: enrichplot | 
| Version: 1.6.1 | 
| Command: C:\Users\biocbuild\bbs-3.10-bioc\R\bin\R.exe CMD check --force-multiarch --install=check:enrichplot.install-out.txt --library=C:\Users\biocbuild\bbs-3.10-bioc\R\library --no-vignettes --timings enrichplot_1.6.1.tar.gz | 
| StartedAt: 2020-04-15 02:56:21 -0400 (Wed, 15 Apr 2020) | 
| EndedAt: 2020-04-15 02:59:39 -0400 (Wed, 15 Apr 2020) | 
| EllapsedTime: 198.3 seconds | 
| RetCode: 0 | 
| Status: WARNINGS | 
| CheckDir: enrichplot.Rcheck | 
| Warnings: 1 | 
############################################################################## ############################################################################## ### ### Running command: ### ### C:\Users\biocbuild\bbs-3.10-bioc\R\bin\R.exe CMD check --force-multiarch --install=check:enrichplot.install-out.txt --library=C:\Users\biocbuild\bbs-3.10-bioc\R\library --no-vignettes --timings enrichplot_1.6.1.tar.gz ### ############################################################################## ############################################################################## * using log directory 'C:/Users/biocbuild/bbs-3.10-bioc/meat/enrichplot.Rcheck' * using R version 3.6.3 (2020-02-29) * using platform: x86_64-w64-mingw32 (64-bit) * using session charset: ISO8859-1 * using option '--no-vignettes' * checking for file 'enrichplot/DESCRIPTION' ... OK * this is package 'enrichplot' version '1.6.1' * package encoding: UTF-8 * checking package namespace information ... OK * checking package dependencies ... OK * checking if this is a source package ... OK * checking if there is a namespace ... OK * checking for hidden files and directories ... OK * checking for portable file names ... OK * checking whether package 'enrichplot' can be installed ... WARNING Found the following significant warnings: Rd warning: C:/Users/biocbuild/bbs-3.10-bioc/tmpdir/RtmpgNNCex/R.INSTALL1894269511de/enrichplot/man/reexports.Rd:17: file link 'ggtitle' in package 'ggplot2' does not exist and so has been treated as a topic See 'C:/Users/biocbuild/bbs-3.10-bioc/meat/enrichplot.Rcheck/00install.out' for details. * checking installed package size ... OK * checking package directory ... OK * checking 'build' directory ... OK * checking DESCRIPTION meta-information ... OK * checking top-level files ... OK * checking for left-over files ... OK * checking index information ... OK * checking package subdirectories ... OK * checking R files for non-ASCII characters ... OK * checking R files for syntax errors ... OK * loading checks for arch 'i386' ** checking whether the package can be loaded ... OK ** checking whether the package can be loaded with stated dependencies ... OK ** checking whether the package can be unloaded cleanly ... OK ** checking whether the namespace can be loaded with stated dependencies ... OK ** checking whether the namespace can be unloaded cleanly ... OK * loading checks for arch 'x64' ** checking whether the package can be loaded ... OK ** checking whether the package can be loaded with stated dependencies ... OK ** checking whether the package can be unloaded cleanly ... OK ** checking whether the namespace can be loaded with stated dependencies ... OK ** checking whether the namespace can be unloaded cleanly ... OK * checking dependencies in R code ... OK * checking S3 generic/method consistency ... OK * checking replacement functions ... OK * checking foreign function calls ... OK * checking R code for possible problems ... OK * checking Rd files ... OK * checking Rd metadata ... OK * checking Rd cross-references ... OK * checking for missing documentation entries ... OK * checking for code/documentation mismatches ... OK * checking Rd \usage sections ... OK * checking Rd contents ... OK * checking for unstated dependencies in examples ... OK * checking files in 'vignettes' ... OK * checking examples ... ** running examples for arch 'i386' ... OK ** running examples for arch 'x64' ... OK * checking for unstated dependencies in vignettes ... OK * checking package vignettes in 'inst/doc' ... OK * checking running R code from vignettes ... SKIPPED * checking re-building of vignette outputs ... SKIPPED * checking PDF version of manual ... OK * DONE Status: 1 WARNING See 'C:/Users/biocbuild/bbs-3.10-bioc/meat/enrichplot.Rcheck/00check.log' for details.
enrichplot.Rcheck/00install.out
##############################################################################
##############################################################################
###
### Running command:
###
###   C:\cygwin\bin\curl.exe -O https://malbec1.bioconductor.org/BBS/3.10/bioc/src/contrib/enrichplot_1.6.1.tar.gz && rm -rf enrichplot.buildbin-libdir && mkdir enrichplot.buildbin-libdir && C:\Users\biocbuild\bbs-3.10-bioc\R\bin\R.exe CMD INSTALL --merge-multiarch --build --library=enrichplot.buildbin-libdir enrichplot_1.6.1.tar.gz && C:\Users\biocbuild\bbs-3.10-bioc\R\bin\R.exe CMD INSTALL enrichplot_1.6.1.zip && rm enrichplot_1.6.1.tar.gz enrichplot_1.6.1.zip
###
##############################################################################
##############################################################################
  % Total    % Received % Xferd  Average Speed   Time    Time     Time  Current
                                 Dload  Upload   Total   Spent    Left  Speed
  0     0    0     0    0     0      0      0 --:--:-- --:--:-- --:--:--     0
100 21646  100 21646    0     0   259k      0 --:--:-- --:--:-- --:--:--  271k
install for i386
* installing *source* package 'enrichplot' ...
** using staged installation
** R
** byte-compile and prepare package for lazy loading
** help
*** installing help indices
  converting help for package 'enrichplot'
    finding HTML links ... done
    barplot.enrichResult                    html  
    cnetplot                                html  
    color_palette                           html  
    dotplot                                 html  
    emapplot                                html  
    fortify.enrichResult                    html  
    ggtable                                 html  
    goplot                                  html  
    gsInfo                                  html  
    gseadist                                html  
    gseaplot                                html  
    gseaplot2                               html  
    gsearank                                html  
    heatplot                                html  
    list2graph                              html  
    pmcplot                                 html  
    reexports                               html  
Rd warning: C:/Users/biocbuild/bbs-3.10-bioc/tmpdir/RtmpgNNCex/R.INSTALL1894269511de/enrichplot/man/reexports.Rd:17: file link 'ggtitle' in package 'ggplot2' does not exist and so has been treated as a topic
    ridgeplot                               html  
    upsetplot-methods                       html  
** building package indices
** installing vignettes
** testing if installed package can be loaded from temporary location
** testing if installed package can be loaded from final location
** testing if installed package keeps a record of temporary installation path
install for x64
* installing *source* package 'enrichplot' ...
** testing if installed package can be loaded
* MD5 sums
packaged installation of 'enrichplot' as enrichplot_1.6.1.zip
* DONE (enrichplot)
* installing to library 'C:/Users/biocbuild/bbs-3.10-bioc/R/library'
package 'enrichplot' successfully unpacked and MD5 sums checked
| enrichplot.Rcheck/examples_i386/enrichplot-Ex.timings 
 | enrichplot.Rcheck/examples_x64/enrichplot-Ex.timings 
 |