| Back to Multiple platform build/check report for BioC 3.10 |
|
This page was generated on 2020-04-15 12:37:30 -0400 (Wed, 15 Apr 2020).
| Package 497/1823 | Hostname | OS / Arch | INSTALL | BUILD | CHECK | BUILD BIN | ||||||
| easyRNASeq 2.22.5 Nicolas Delhomme
| malbec1 | Linux (Ubuntu 18.04.4 LTS) / x86_64 | OK | ERROR | skipped | |||||||
| tokay1 | Windows Server 2012 R2 Standard / x64 | OK | ERROR | skipped | skipped | |||||||
| merida1 | OS X 10.11.6 El Capitan / x86_64 | OK | [ ERROR ] | skipped | skipped |
| Package: easyRNASeq |
| Version: 2.22.5 |
| Command: /Library/Frameworks/R.framework/Versions/Current/Resources/bin/R CMD build --keep-empty-dirs --no-resave-data easyRNASeq |
| StartedAt: 2020-04-14 20:29:19 -0400 (Tue, 14 Apr 2020) |
| EndedAt: 2020-04-14 20:31:03 -0400 (Tue, 14 Apr 2020) |
| EllapsedTime: 104.0 seconds |
| RetCode: 1 |
| Status: ERROR |
| PackageFile: None |
| PackageFileSize: NA |
##############################################################################
##############################################################################
###
### Running command:
###
### /Library/Frameworks/R.framework/Versions/Current/Resources/bin/R CMD build --keep-empty-dirs --no-resave-data easyRNASeq
###
##############################################################################
##############################################################################
* checking for file ‘easyRNASeq/DESCRIPTION’ ... OK
* preparing ‘easyRNASeq’:
* checking DESCRIPTION meta-information ... OK
* installing the package to build vignettes
* creating vignettes ... ERROR
--- re-building ‘simpleRNASeq.Rmd’ using rmarkdown
Quitting from lines 40-41 (./Chapters/01-Introduction.Rmd)
Quitting from lines NA-42 (./Chapters/01-Introduction.Rmd)
Error: processing vignette 'simpleRNASeq.Rmd' failed with diagnostics:
download failed; see warnings()
--- failed re-building ‘simpleRNASeq.Rmd’
--- re-building ‘easyRNASeq.Rnw’ using Sweave
--- finished re-building ‘easyRNASeq.Rnw’
/Library/Frameworks/R.framework/Resources/bin/R CMD Sweave easyRNASeq.Rnw
Output file: easyRNASeq.tex
/Library/Frameworks/R.framework/Resources/bin/Rscript -e "tools::texi2pdf('easyRNASeq.tex')"
/Library/Frameworks/R.framework/Resources/bin/Rscript -e "rmarkdown::render('simpleRNASeq.Rmd')"
processing file: simpleRNASeq.Rmd
|
| | 0%
|
|.. | 3%
inline R code fragments
|
|..... | 7%
label: style (with options)
List of 2
$ echo : logi FALSE
$ results: chr "asis"
|
|....... | 10%
ordinary text without R code
|
|.......... | 14%
label: unnamed-chunk-1 (with options)
List of 4
$ message: logi FALSE
$ warning: logi FALSE
$ results: chr "hide"
$ echo : logi FALSE
|
|............ | 17%
ordinary text without R code
|
|.............. | 21%
label: unnamed-chunk-2 (with options)
List of 1
$ child: chr "Chapters/01-Introduction.Rmd"
processing file: ./Chapters/01-Introduction.Rmd
|
| | 0%
|
|.............. | 20%
ordinary text without R code
|
|............................ | 40%
label: library
|
|.......................................... | 60%
ordinary text without R code
|
|........................................................ | 80%
label: vignetteData (with options)
List of 1
$ echo: logi FALSE
Quitting from lines 40-41 (./Chapters/01-Introduction.Rmd)
Quitting from lines NA-42 (./Chapters/01-Introduction.Rmd)
Error: download failed; see warnings()
Execution halted
make: *** [html] Error 1
Error in tools::buildVignettes(dir = ".", tangle = TRUE) :
running 'make' failed
Execution halted