| Back to Multiple platform build/check report for BioC 3.10 | 
 | 
This page was generated on 2020-04-15 12:27:41 -0400 (Wed, 15 Apr 2020).
| Package 311/1823 | Hostname | OS / Arch | INSTALL | BUILD | CHECK | BUILD BIN | ||||||
| clusterSeq 1.10.0 Thomas J. Hardcastle 
 | malbec1 | Linux (Ubuntu 18.04.4 LTS) / x86_64 | OK | OK | OK |  | ||||||
| tokay1 | Windows Server 2012 R2 Standard / x64 | OK | OK | [ WARNINGS ] | OK |  | ||||||
| merida1 | OS X 10.11.6 El Capitan / x86_64 | OK | OK | OK | OK |  | 
| Package: clusterSeq | 
| Version: 1.10.0 | 
| Command: C:\Users\biocbuild\bbs-3.10-bioc\R\bin\R.exe CMD check --force-multiarch --install=check:clusterSeq.install-out.txt --library=C:\Users\biocbuild\bbs-3.10-bioc\R\library --no-vignettes --timings clusterSeq_1.10.0.tar.gz | 
| StartedAt: 2020-04-15 02:08:20 -0400 (Wed, 15 Apr 2020) | 
| EndedAt: 2020-04-15 02:27:45 -0400 (Wed, 15 Apr 2020) | 
| EllapsedTime: 1165.4 seconds | 
| RetCode: 0 | 
| Status: WARNINGS | 
| CheckDir: clusterSeq.Rcheck | 
| Warnings: 1 | 
##############################################################################
##############################################################################
###
### Running command:
###
###   C:\Users\biocbuild\bbs-3.10-bioc\R\bin\R.exe CMD check --force-multiarch --install=check:clusterSeq.install-out.txt --library=C:\Users\biocbuild\bbs-3.10-bioc\R\library --no-vignettes --timings clusterSeq_1.10.0.tar.gz
###
##############################################################################
##############################################################################
* using log directory 'C:/Users/biocbuild/bbs-3.10-bioc/meat/clusterSeq.Rcheck'
* using R version 3.6.3 (2020-02-29)
* using platform: x86_64-w64-mingw32 (64-bit)
* using session charset: ISO8859-1
* using option '--no-vignettes'
* checking for file 'clusterSeq/DESCRIPTION' ... OK
* checking extension type ... Package
* this is package 'clusterSeq' version '1.10.0'
* checking package namespace information ... OK
* checking package dependencies ... OK
* checking if this is a source package ... OK
* checking if there is a namespace ... OK
* checking for hidden files and directories ... OK
* checking for portable file names ... OK
* checking whether package 'clusterSeq' can be installed ... WARNING
Found the following significant warnings:
  Rd warning: C:/Users/biocbuild/bbs-3.10-bioc/tmpdir/RtmpK206gE/R.INSTALL2d84e1d41b5/clusterSeq/man/associatePosteriors.Rd:19: file link 'countData' in package 'baySeq' does not exist and so has been treated as a topic
  Rd warning: C:/Users/biocbuild/bbs-3.10-bioc/tmpdir/RtmpK206gE/R.INSTALL2d84e1d41b5/clusterSeq/man/associatePosteriors.Rd:33: file link 'countData' in package 'baySeq' does not exist and so has been treated as a topic
  Rd warning: C:/Users/biocbuild/bbs-3.10-bioc/tmpdir/RtmpK206gE/R.INSTALL2d84e1d41b5/clusterSeq/man/cD.ratThymus-data.Rd:9: file link 'countData' in package 'baySeq' does not exist and so has been treated as a topic
  Rd warning: C:/Users/biocbuild/bbs-3.10-bioc/tmpdir/RtmpK206gE/R.INSTALL2d84e1d41b5/clusterSeq/man/cD.ratThymus-data.Rd:19: file link 'countData' in package 'baySeq' does not exist and so has been treated as a topic
  Rd warning: C:/Users/biocbuild/bbs-3.10-bioc/tmpdir/RtmpK206gE/R.INSTALL2d84e1d41b5/clusterSeq/man/cD.ratThymus-data.Rd:17: file link 'countData' in package 'baySeq' does not exist and so has been treated as a topic
  Rd warning: C:/Users/biocbuild/bbs-3.10-bioc/tmpdir/RtmpK206gE/R.INSTALL2d84e1d41b5/clusterSeq/man/kCluster.Rd:20: file link 'countData' in package 'baySeq' does not exist and so has been treated as a topic
  Rd warning: C:/Users/biocbuild/bbs-3.10-bioc/tmpdir/RtmpK206gE/R.INSTALL2d84e1d41b5/clusterSeq/man/kCluster.Rd:70: file link 'countData' in package 'baySeq' does not exist and so has been treated as a topic
See 'C:/Users/biocbuild/bbs-3.10-bioc/meat/clusterSeq.Rcheck/00install.out' for details.
* checking installed package size ... OK
* checking package directory ... OK
* checking 'build' directory ... OK
* checking DESCRIPTION meta-information ... OK
* checking top-level files ... OK
* checking for left-over files ... OK
* checking index information ... OK
* checking package subdirectories ... OK
* checking R files for non-ASCII characters ... OK
* checking R files for syntax errors ... OK
* loading checks for arch 'i386'
** checking whether the package can be loaded ... OK
** checking whether the package can be loaded with stated dependencies ... OK
** checking whether the package can be unloaded cleanly ... OK
** checking whether the namespace can be loaded with stated dependencies ... OK
** checking whether the namespace can be unloaded cleanly ... OK
* loading checks for arch 'x64'
** checking whether the package can be loaded ... OK
** checking whether the package can be loaded with stated dependencies ... OK
** checking whether the package can be unloaded cleanly ... OK
** checking whether the namespace can be loaded with stated dependencies ... OK
** checking whether the namespace can be unloaded cleanly ... OK
* checking dependencies in R code ... OK
* checking S3 generic/method consistency ... OK
* checking replacement functions ... OK
* checking foreign function calls ... OK
* checking R code for possible problems ... OK
* checking Rd files ... OK
* checking Rd metadata ... OK
* checking Rd cross-references ... OK
* checking for missing documentation entries ... OK
* checking for code/documentation mismatches ... OK
* checking Rd \usage sections ... OK
* checking Rd contents ... OK
* checking for unstated dependencies in examples ... OK
* checking contents of 'data' directory ... OK
* checking data for non-ASCII characters ... OK
* checking data for ASCII and uncompressed saves ... OK
* checking files in 'vignettes' ... OK
* checking examples ...
** running examples for arch 'i386' ... OK
Examples with CPU or elapsed time > 5s
                     user system elapsed
makeClustersFF      10.98   0.05   75.16
kCluster             3.14   0.18  146.48
clusterSeq-package   2.40   0.08  105.92
wallace              2.42   0.00   76.08
makeClusters         1.75   0.14   81.89
associatePosteriors  0.91   0.02   17.69
plotCluster          0.79   0.00   14.91
** running examples for arch 'x64' ... OK
Examples with CPU or elapsed time > 5s
                    user system elapsed
makeClustersFF      6.71   0.04   73.14
kCluster            3.14   0.28  152.52
clusterSeq-package  2.52   0.22  101.71
wallace             2.31   0.10   74.44
makeClusters        1.76   0.07   85.11
plotCluster         1.09   0.03   17.75
associatePosteriors 0.92   0.00   16.09
* checking for unstated dependencies in vignettes ... OK
* checking package vignettes in 'inst/doc' ... OK
* checking running R code from vignettes ... SKIPPED
* checking re-building of vignette outputs ... SKIPPED
* checking PDF version of manual ... OK
* DONE
Status: 1 WARNING
See
  'C:/Users/biocbuild/bbs-3.10-bioc/meat/clusterSeq.Rcheck/00check.log'
for details.
clusterSeq.Rcheck/00install.out
##############################################################################
##############################################################################
###
### Running command:
###
###   C:\cygwin\bin\curl.exe -O https://malbec1.bioconductor.org/BBS/3.10/bioc/src/contrib/clusterSeq_1.10.0.tar.gz && rm -rf clusterSeq.buildbin-libdir && mkdir clusterSeq.buildbin-libdir && C:\Users\biocbuild\bbs-3.10-bioc\R\bin\R.exe CMD INSTALL --merge-multiarch --build --library=clusterSeq.buildbin-libdir clusterSeq_1.10.0.tar.gz && C:\Users\biocbuild\bbs-3.10-bioc\R\bin\R.exe CMD INSTALL clusterSeq_1.10.0.zip && rm clusterSeq_1.10.0.tar.gz clusterSeq_1.10.0.zip
###
##############################################################################
##############################################################################
  % Total    % Received % Xferd  Average Speed   Time    Time     Time  Current
                                 Dload  Upload   Total   Spent    Left  Speed
  0     0    0     0    0     0      0      0 --:--:-- --:--:-- --:--:--     0
100  846k  100  846k    0     0  16.3M      0 --:--:-- --:--:-- --:--:-- 17.9M
install for i386
* installing *source* package 'clusterSeq' ...
** using staged installation
** R
** data
** byte-compile and prepare package for lazy loading
** help
*** installing help indices
  converting help for package 'clusterSeq'
    finding HTML links ... done
    associatePosteriors                     html  
Rd warning: C:/Users/biocbuild/bbs-3.10-bioc/tmpdir/RtmpK206gE/R.INSTALL2d84e1d41b5/clusterSeq/man/associatePosteriors.Rd:19: file link 'countData' in package 'baySeq' does not exist and so has been treated as a topic
Rd warning: C:/Users/biocbuild/bbs-3.10-bioc/tmpdir/RtmpK206gE/R.INSTALL2d84e1d41b5/clusterSeq/man/associatePosteriors.Rd:33: file link 'countData' in package 'baySeq' does not exist and so has been treated as a topic
    cD.ratThymus-data                       html  
Rd warning: C:/Users/biocbuild/bbs-3.10-bioc/tmpdir/RtmpK206gE/R.INSTALL2d84e1d41b5/clusterSeq/man/cD.ratThymus-data.Rd:9: file link 'countData' in package 'baySeq' does not exist and so has been treated as a topic
Rd warning: C:/Users/biocbuild/bbs-3.10-bioc/tmpdir/RtmpK206gE/R.INSTALL2d84e1d41b5/clusterSeq/man/cD.ratThymus-data.Rd:19: file link 'countData' in package 'baySeq' does not exist and so has been treated as a topic
Rd warning: C:/Users/biocbuild/bbs-3.10-bioc/tmpdir/RtmpK206gE/R.INSTALL2d84e1d41b5/clusterSeq/man/cD.ratThymus-data.Rd:17: file link 'countData' in package 'baySeq' does not exist and so has been treated as a topic
    clusterSeq-package                      html  
    kCluster                                html  
Rd warning: C:/Users/biocbuild/bbs-3.10-bioc/tmpdir/RtmpK206gE/R.INSTALL2d84e1d41b5/clusterSeq/man/kCluster.Rd:20: file link 'countData' in package 'baySeq' does not exist and so has been treated as a topic
Rd warning: C:/Users/biocbuild/bbs-3.10-bioc/tmpdir/RtmpK206gE/R.INSTALL2d84e1d41b5/clusterSeq/man/kCluster.Rd:70: file link 'countData' in package 'baySeq' does not exist and so has been treated as a topic
    makeClusters                            html  
    makeClustersFF                          html  
    plotCluster                             html  
    ratThymus-data                          html  
    wallace                                 html  
** building package indices
** installing vignettes
** testing if installed package can be loaded from temporary location
** testing if installed package can be loaded from final location
** testing if installed package keeps a record of temporary installation path
install for x64
* installing *source* package 'clusterSeq' ...
** testing if installed package can be loaded
* MD5 sums
packaged installation of 'clusterSeq' as clusterSeq_1.10.0.zip
* DONE (clusterSeq)
* installing to library 'C:/Users/biocbuild/bbs-3.10-bioc/R/library'
package 'clusterSeq' successfully unpacked and MD5 sums checked
| clusterSeq.Rcheck/examples_i386/clusterSeq-Ex.timings 
 | clusterSeq.Rcheck/examples_x64/clusterSeq-Ex.timings 
 |