CHECK report for LineagePulse on tokay1
This page was generated on 2020-04-15 12:29:36 -0400 (Wed, 15 Apr 2020).
| LineagePulse 1.6.0 David S Fischer
 
 
| Snapshot Date: 2020-04-14 16:46:13 -0400 (Tue, 14 Apr 2020) |  | URL: https://git.bioconductor.org/packages/LineagePulse |  | Branch: RELEASE_3_10 |  | Last Commit: aab186f |  | Last Changed Date: 2019-10-29 13:10:55 -0400 (Tue, 29 Oct 2019) |  | malbec1 | Linux (Ubuntu 18.04.4 LTS) / x86_64 | OK | OK | WARNINGS |  |  | 
| tokay1 | Windows Server 2012 R2 Standard / x64 | OK | OK | [ WARNINGS ] | OK |  | 
| merida1 | OS X 10.11.6 El Capitan / x86_64 | OK | OK | WARNINGS | OK |  | 
Summary
Command output
##############################################################################
##############################################################################
###
### Running command:
###
###   C:\Users\biocbuild\bbs-3.10-bioc\R\bin\R.exe CMD check --force-multiarch --install=check:LineagePulse.install-out.txt --library=C:\Users\biocbuild\bbs-3.10-bioc\R\library --no-vignettes --timings LineagePulse_1.6.0.tar.gz
###
##############################################################################
##############################################################################
* using log directory 'C:/Users/biocbuild/bbs-3.10-bioc/meat/LineagePulse.Rcheck'
* using R version 3.6.3 (2020-02-29)
* using platform: x86_64-w64-mingw32 (64-bit)
* using session charset: ISO8859-1
* using option '--no-vignettes'
* checking for file 'LineagePulse/DESCRIPTION' ... OK
* checking extension type ... Package
* this is package 'LineagePulse' version '1.6.0'
* package encoding: UTF-8
* checking package namespace information ... OK
* checking package dependencies ... OK
* checking if this is a source package ... OK
* checking if there is a namespace ... OK
* checking for hidden files and directories ... OK
* checking for portable file names ... OK
* checking whether package 'LineagePulse' can be installed ... WARNING
Found the following significant warnings:
  Note: possible error in 'evalLogLikGeneMM(vecCounts = vecCounts, ': unused arguments (matDispParam = matDispParam, matDropParam = matDropParam, matWeights = matWeights) 
  Note: possible error in 'evalLogLikGeneMM(vecCounts = vecCounts, ': unused arguments (matDispParam = do.call(cbind, lapply(seq_len(ncol(matWeights)), function(m) vecDispParam)), matDropParam = do.call(cbind, lapply(seq_len(ncol(matWeights)), function(m) vecPiParam)), matWeights = matWeights) 
See 'C:/Users/biocbuild/bbs-3.10-bioc/meat/LineagePulse.Rcheck/00install.out' for details.
Information on the location(s) of code generating the 'Note's can be
obtained by re-running with environment variable R_KEEP_PKG_SOURCE set
to 'yes'.
* checking installed package size ... OK
* checking package directory ... OK
* checking 'build' directory ... OK
* checking DESCRIPTION meta-information ... OK
* checking top-level files ... OK
* checking for left-over files ... OK
* checking index information ... OK
* checking package subdirectories ... OK
* checking R files for non-ASCII characters ... OK
* checking R files for syntax errors ... OK
* loading checks for arch 'i386'
** checking whether the package can be loaded ... OK
** checking whether the package can be loaded with stated dependencies ... OK
** checking whether the package can be unloaded cleanly ... OK
** checking whether the namespace can be loaded with stated dependencies ... OK
** checking whether the namespace can be unloaded cleanly ... OK
* loading checks for arch 'x64'
** checking whether the package can be loaded ... OK
** checking whether the package can be loaded with stated dependencies ... OK
** checking whether the package can be unloaded cleanly ... OK
** checking whether the namespace can be loaded with stated dependencies ... OK
** checking whether the namespace can be unloaded cleanly ... OK
* checking dependencies in R code ... OK
* checking S3 generic/method consistency ... OK
* checking replacement functions ... OK
* checking foreign function calls ... OK
* checking R code for possible problems ... NOTE
decompressDispByGeneMM: no visible binding for global variable
  'lsDispModel'
evalLogLikMatrix : <anonymous>: possible error in
  evalLogLikGeneMM(vecCounts = vecCounts, matMuParam = matMuParam,
  vecNormConst = lsMuModel$lsMuModelGlobal$vecNormConst, matDispParam =
  matDispParam, matDropParam = matDropParam, matWeights = matWeights,
  vecidxNotZero = which(!is.na(vecCounts) & vecCounts > 0), vecidxZero
  = which(!is.na(vecCounts) & vecCounts == 0), scaNCells =
  length(vecCounts)): unused arguments (matDispParam = matDispParam,
  matDropParam = matDropParam, matWeights = matWeights)
evalLogLikMatrix : <anonymous>: possible error in
  evalLogLikGeneMM(vecCounts = vecCounts, matMuParam = do.call(cbind,
  lapply(seq_len(ncol(matWeights)), function(m) vecMuParam)),
  vecNormConst = lsMuModel$lsMuModelGlobal$vecNormConst, matDispParam =
  do.call(cbind, lapply(seq_len(ncol(matWeights)), function(m)
  vecDispParam)), matDropParam = do.call(cbind,
  lapply(seq_len(ncol(matWeights)), function(m) vecPiParam)),
  matWeights = matWeights, vecidxNotZero = which(!is.na(vecCounts) &
  vecCounts > 0), vecidxZero = which(!is.na(vecCounts) & vecCounts ==
  0), : unused arguments (matDispParam = do.call(cbind,
  lapply(seq_len(ncol(matWeights)), function(m) vecDispParam)),
  matDropParam = do.call(cbind, lapply(seq_len(ncol(matWeights)),
  function(m) vecPiParam)), matWeights = matWeights)
evalLogLikMatrix : <anonymous>: possible error in scaNCells =
  length(vecCounts)): unused arguments (matDispParam = do.call(cbind,
  lapply(seq_len(ncol(matWeights)), function(m) vecDispParam)),
  matDropParam = do.call(cbind, lapply(seq_len(ncol(matWeights)),
  function(m) vecPiParam)), matWeights = matWeights)
plotCellDensity: no visible binding for global variable 'continuous'
plotGene: no visible binding for global variable 'x'
plotGene: no visible binding for global variable 'dropout_posterior'
plotGene: no visible binding for global variable 'groups'
plotGene: no visible binding for global variable 'dfAnnot'
plotGene: no visible binding for global variable 'mean_count'
plotGene: no visible binding for global variable 'quantile_25'
plotGene: no visible binding for global variable 'quantile_75'
plotGene: no visible binding for global variable 'model'
plotGene: no visible binding for global variable 'continuous'
plotGene: no visible binding for global variable 'trajectory_contour'
plotGene: no visible binding for global variable 'ncells'
Undefined global functions or variables:
  continuous dfAnnot dropout_posterior groups lsDispModel mean_count
  model ncells quantile_25 quantile_75 trajectory_contour x
* checking Rd files ... OK
* checking Rd metadata ... OK
* checking Rd cross-references ... OK
* checking for missing documentation entries ... OK
* checking for code/documentation mismatches ... OK
* checking Rd \usage sections ... OK
* checking Rd contents ... OK
* checking for unstated dependencies in examples ... OK
* checking files in 'vignettes' ... OK
* checking examples ...
** running examples for arch 'i386' ... OK
Examples with CPU or elapsed time > 5s
                                                     user system elapsed
plotCellDensity                                     51.72   0.06   51.78
getFitsDropout                                      17.39   0.02   17.40
accessors                                           16.61   0.14   16.75
getNormData                                         16.58   0.02   16.59
getFitsDispersion                                   16.41   0.08   16.49
getPostDrop                                         16.42   0.03   16.45
getFitsMean                                         16.39   0.01   16.41
sub-sub-LineagePulseObject-character-missing-method 16.25   0.00   16.25
cash-LineagePulseObject-method                      16.06   0.00   16.08
writeReport                                         16.01   0.02   16.03
names-LineagePulseObject-method                     15.34   0.00   15.35
testDropout                                         12.93   0.03   12.95
runLineagePulse                                     12.56   0.00   12.58
sortGeneTrajectories                                12.39   0.00   12.39
plotGene                                            11.33   0.00   11.33
** running examples for arch 'x64' ... OK
Examples with CPU or elapsed time > 5s
                                                     user system elapsed
plotCellDensity                                     45.94   0.03   45.98
getFitsMean                                         23.28   0.03   23.48
getFitsDispersion                                   21.44   0.11   22.02
sub-sub-LineagePulseObject-character-missing-method 21.16   0.00   21.17
getFitsDropout                                      20.95   0.00   20.95
accessors                                           20.35   0.10   20.46
getNormData                                         20.41   0.00   20.41
writeReport                                         19.93   0.02   19.97
names-LineagePulseObject-method                     19.93   0.00   19.94
getPostDrop                                         19.27   0.00   19.28
cash-LineagePulseObject-method                      17.79   0.01   17.79
sortGeneTrajectories                                15.70   0.00   15.73
testDropout                                         15.69   0.00   15.69
runLineagePulse                                     14.75   0.01   14.77
plotGene                                            14.69   0.04   14.72
* checking for unstated dependencies in vignettes ... OK
* checking package vignettes in 'inst/doc' ... OK
* checking running R code from vignettes ... SKIPPED
* checking re-building of vignette outputs ... SKIPPED
* checking PDF version of manual ... OK
* DONE
Status: 1 WARNING, 1 NOTE
See
  'C:/Users/biocbuild/bbs-3.10-bioc/meat/LineagePulse.Rcheck/00check.log'
for details.
 
Installation output
LineagePulse.Rcheck/00install.out
Tests output
Example timings
| LineagePulse.Rcheck/examples_i386/LineagePulse-Ex.timings | LineagePulse.Rcheck/examples_x64/LineagePulse-Ex.timings |