| Back to Multiple platform build/check report for BioC 3.10 |
|
This page was generated on 2020-04-15 12:36:05 -0400 (Wed, 15 Apr 2020).
| Package 647/1823 | Hostname | OS / Arch | INSTALL | BUILD | CHECK | BUILD BIN | ||||||
| GeneAnswers 2.28.0 Lei Huang
| malbec1 | Linux (Ubuntu 18.04.4 LTS) / x86_64 | OK | OK | WARNINGS | |||||||
| tokay1 | Windows Server 2012 R2 Standard / x64 | OK | OK | WARNINGS | OK | |||||||
| merida1 | OS X 10.11.6 El Capitan / x86_64 | OK | OK | [ WARNINGS ] | OK |
| Package: GeneAnswers |
| Version: 2.28.0 |
| Command: /Library/Frameworks/R.framework/Versions/Current/Resources/bin/R CMD check --install=check:GeneAnswers.install-out.txt --library=/Library/Frameworks/R.framework/Versions/Current/Resources/library --no-vignettes --timings GeneAnswers_2.28.0.tar.gz |
| StartedAt: 2020-04-15 02:31:10 -0400 (Wed, 15 Apr 2020) |
| EndedAt: 2020-04-15 02:43:30 -0400 (Wed, 15 Apr 2020) |
| EllapsedTime: 740.6 seconds |
| RetCode: 0 |
| Status: WARNINGS |
| CheckDir: GeneAnswers.Rcheck |
| Warnings: 1 |
##############################################################################
##############################################################################
###
### Running command:
###
### /Library/Frameworks/R.framework/Versions/Current/Resources/bin/R CMD check --install=check:GeneAnswers.install-out.txt --library=/Library/Frameworks/R.framework/Versions/Current/Resources/library --no-vignettes --timings GeneAnswers_2.28.0.tar.gz
###
##############################################################################
##############################################################################
* using log directory ‘/Users/biocbuild/bbs-3.10-bioc/meat/GeneAnswers.Rcheck’
* using R version 3.6.3 (2020-02-29)
* using platform: x86_64-apple-darwin15.6.0 (64-bit)
* using session charset: UTF-8
* using option ‘--no-vignettes’
* checking for file ‘GeneAnswers/DESCRIPTION’ ... OK
* checking extension type ... Package
* this is package ‘GeneAnswers’ version ‘2.28.0’
* checking package namespace information ... OK
* checking package dependencies ... NOTE
Depends: includes the non-default packages:
'igraph', 'RCurl', 'annotate', 'Biobase', 'XML', 'RSQLite', 'MASS',
'Heatplus', 'RColorBrewer'
Adding so many packages to the search path is excessive and importing
selectively is preferable.
* checking if this is a source package ... OK
* checking if there is a namespace ... OK
* checking for hidden files and directories ... OK
* checking for portable file names ... OK
* checking for sufficient/correct file permissions ... OK
* checking whether package ‘GeneAnswers’ can be installed ... WARNING
Found the following significant warnings:
Warning: replacing previous import ‘stats::decompose’ by ‘igraph::decompose’ when loading ‘GeneAnswers’
Warning: replacing previous import ‘stats::spectrum’ by ‘igraph::spectrum’ when loading ‘GeneAnswers’
See ‘/Users/biocbuild/bbs-3.10-bioc/meat/GeneAnswers.Rcheck/00install.out’ for details.
* checking installed package size ... NOTE
installed size is 34.1Mb
sub-directories of 1Mb or more:
External 32.4Mb
data 1.0Mb
* checking package directory ... OK
* checking ‘build’ directory ... OK
* checking DESCRIPTION meta-information ... NOTE
Package listed in more than one of Depends, Imports, Suggests, Enhances:
‘annotate’
A package should be listed in only one of these fields.
* checking top-level files ... OK
* checking for left-over files ... OK
* checking index information ... OK
* checking package subdirectories ... OK
* checking R files for non-ASCII characters ... OK
* checking R files for syntax errors ... OK
* checking whether the package can be loaded ... OK
* checking whether the package can be loaded with stated dependencies ... OK
* checking whether the package can be unloaded cleanly ... OK
* checking whether the namespace can be loaded with stated dependencies ... OK
* checking whether the namespace can be unloaded cleanly ... OK
* checking dependencies in R code ... NOTE
'library' or 'require' calls to packages already attached by Depends:
‘Biobase’ ‘Heatplus’ ‘MASS’ ‘RColorBrewer’ ‘XML’ ‘igraph’
Please remove these calls from your code.
'library' or 'require' calls in package code:
‘GO.db’ ‘KEGG.db’ ‘biomaRt’ ‘reactome.db’
Please use :: or requireNamespace() instead.
See section 'Suggested packages' in the 'Writing R Extensions' manual.
* checking S3 generic/method consistency ... OK
* checking replacement functions ... OK
* checking foreign function calls ... OK
* checking R code for possible problems ... NOTE
File ‘GeneAnswers/R/zzz.R’:
.onLoad calls:
require(Biobase)
Package startup functions should not change the search path.
See section ‘Good practice’ in '?.onAttach'.
.catsCluster: no visible global function definition for ‘par’
.catsCluster: no visible global function definition for ‘plot’
.defaultHeatmapColors: no visible global function definition for ‘rgb’
.drawHTMLtable: no visible global function definition for
‘colorRampPalette’
.drawTable: no visible global function definition for ‘par’
.drawTable: no visible global function definition for ‘image’
.drawTable: no visible global function definition for ‘abline’
.drawTable: no visible global function definition for ‘axis’
.drawTable: no visible global function definition for ‘points’
.heatmap.mds: no visible global function definition for
‘colorRampPalette’
.heatmap.mds: no visible global function definition for ‘layout’
.heatmap.mds: no visible global function definition for ‘par’
.heatmap.mds: no visible global function definition for ‘image’
.heatmap.mds: no visible global function definition for ‘axis’
.heatmap.mds: no visible global function definition for ‘box’
buildNet: no visible global function definition for ‘colorRampPalette’
buildNet: no visible global function definition for ‘plot’
chartPlots: no visible global function definition for ‘x11’
chartPlots: no visible global function definition for ‘pie’
chartPlots: no visible global function definition for ‘rainbow’
chartPlots: no visible global function definition for ‘barplot’
drawTable: no visible global function definition for ‘colorRampPalette’
drawTable: no visible global function definition for ‘x11’
drawTable: no visible global function definition for ‘par’
drawTable: no visible global function definition for ‘image’
drawTable: no visible global function definition for ‘abline’
drawTable: no visible global function definition for ‘axis’
drawTable: no visible global function definition for ‘text’
drawTable: no visible global function definition for ‘box’
drawTable: no visible global function definition for ‘dev.set’
drawTable: no visible global function definition for ‘dev.prev’
geneAnnotationHeatmap: no visible global function definition for
‘colorRampPalette’
geneAnnotationHeatmap: no visible global function definition for
‘layout’
geneConceptNet: no visible global function definition for
‘colorRampPalette’
getHomoGeneIDs: no visible global function definition for ‘useMart’
getHomoGeneIDs: no visible global function definition for ‘getLDS’
getTotalGeneNumber: no visible global function definition for
‘count.mappedkeys’
getTotalGeneNumber: no visible global function definition for ‘toTable’
getTotalGeneNumber: no visible binding for global variable
‘reactomePATHNAME2ID’
groupReport: no visible global function definition for ‘png’
groupReport: no visible global function definition for ‘dev.off’
groupReport: no visible global function definition for ‘rgb’
groupReport: no visible global function definition for ‘col2rgb’
Undefined global functions or variables:
abline axis barplot box col2rgb colorRampPalette count.mappedkeys
dev.off dev.prev dev.set getLDS image layout par pie plot png points
rainbow reactomePATHNAME2ID rgb text toTable useMart x11
Consider adding
importFrom("grDevices", "col2rgb", "colorRampPalette", "dev.off",
"dev.prev", "dev.set", "png", "rainbow", "rgb", "x11")
importFrom("graphics", "abline", "axis", "barplot", "box", "image",
"layout", "par", "pie", "plot", "points", "text")
to your NAMESPACE file.
* checking Rd files ... OK
* checking Rd metadata ... OK
* checking Rd cross-references ... OK
* checking for missing documentation entries ... OK
* checking for code/documentation mismatches ... OK
* checking Rd \usage sections ... OK
* checking Rd contents ... OK
* checking for unstated dependencies in examples ... OK
* checking contents of ‘data’ directory ... OK
* checking data for non-ASCII characters ... OK
* checking data for ASCII and uncompressed saves ... OK
* checking sizes of PDF files under ‘inst/doc’ ... OK
* checking files in ‘vignettes’ ... OK
* checking examples ... OK
Examples with CPU or elapsed time > 5s
user system elapsed
geneAnswersReadable 71.990 3.533 76.555
geneAnswersHomoMapping 40.901 1.766 43.439
geneAnswersSort 39.021 1.471 40.915
GeneAnswers-class 37.530 2.492 40.265
getMultiLayerGraphIDs 37.540 1.441 39.372
geneAnswersConceptNet 36.952 1.882 39.178
getConnectedGraph 36.914 1.727 39.006
geneAnswersConceptRelation 36.943 1.559 38.866
geneAnswersChartPlots 36.460 1.713 38.487
geneAnswersConcepts 36.701 1.357 38.460
geneAnswersHeatmap 36.284 1.725 38.236
GeneAnswers-package 36.043 1.575 37.774
geneAnswersBuilder 34.496 1.375 36.001
buildNet 33.093 2.048 35.314
getGOList 17.263 1.466 20.757
* checking for unstated dependencies in vignettes ... OK
* checking package vignettes in ‘inst/doc’ ... OK
* checking running R code from vignettes ... SKIPPED
* checking re-building of vignette outputs ... SKIPPED
* checking PDF version of manual ... OK
* DONE
Status: 1 WARNING, 5 NOTEs
See
‘/Users/biocbuild/bbs-3.10-bioc/meat/GeneAnswers.Rcheck/00check.log’
for details.
GeneAnswers.Rcheck/00install.out
############################################################################## ############################################################################## ### ### Running command: ### ### /Library/Frameworks/R.framework/Versions/Current/Resources/bin/R CMD INSTALL GeneAnswers ### ############################################################################## ############################################################################## * installing to library ‘/Library/Frameworks/R.framework/Versions/3.6/Resources/library’ * installing *source* package ‘GeneAnswers’ ... ** using staged installation ** R ** data ** inst ** byte-compile and prepare package for lazy loading Warning: replacing previous import ‘stats::decompose’ by ‘igraph::decompose’ when loading ‘GeneAnswers’ Warning: replacing previous import ‘stats::spectrum’ by ‘igraph::spectrum’ when loading ‘GeneAnswers’ ** help *** installing help indices ** building package indices ** installing vignettes ** testing if installed package can be loaded from temporary location Warning: replacing previous import ‘stats::decompose’ by ‘igraph::decompose’ when loading ‘GeneAnswers’ Warning: replacing previous import ‘stats::spectrum’ by ‘igraph::spectrum’ when loading ‘GeneAnswers’ ** testing if installed package can be loaded from final location Warning: replacing previous import ‘stats::decompose’ by ‘igraph::decompose’ when loading ‘GeneAnswers’ Warning: replacing previous import ‘stats::spectrum’ by ‘igraph::spectrum’ when loading ‘GeneAnswers’ ** testing if installed package keeps a record of temporary installation path * DONE (GeneAnswers)
GeneAnswers.Rcheck/GeneAnswers-Ex.timings
| name | user | system | elapsed | |
| DO | 0.424 | 0.025 | 0.452 | |
| DOLite | 0.035 | 0.013 | 0.049 | |
| DOLiteTerm | 0.004 | 0.003 | 0.006 | |
| DmIALite | 0.074 | 0.013 | 0.086 | |
| GeneAnswers-class | 37.530 | 2.492 | 40.265 | |
| GeneAnswers-package | 36.043 | 1.575 | 37.774 | |
| HsIALite | 0.205 | 0.007 | 0.214 | |
| MmIALite | 0.011 | 0.004 | 0.015 | |
| RnIALite | 0.006 | 0.004 | 0.010 | |
| buildNet | 33.093 | 2.048 | 35.314 | |
| caBIO.PATHGenes | 0.000 | 0.000 | 0.001 | |
| caBIO2entrez | 0.000 | 0.000 | 0.001 | |
| categoryNet | 0 | 0 | 0 | |
| chartPlots | 0.058 | 0.031 | 0.118 | |
| drawTable | 0.785 | 0.029 | 0.819 | |
| entrez2caBIO | 0.000 | 0.000 | 0.001 | |
| geneAnnotationHeatmap | 0.003 | 0.000 | 0.002 | |
| geneAnswersBuilder | 34.496 | 1.375 | 36.001 | |
| geneAnswersChartPlots | 36.460 | 1.713 | 38.487 | |
| geneAnswersConceptNet | 36.952 | 1.882 | 39.178 | |
| geneAnswersConceptRelation | 36.943 | 1.559 | 38.866 | |
| geneAnswersConcepts | 36.701 | 1.357 | 38.460 | |
| geneAnswersHeatmap | 36.284 | 1.725 | 38.236 | |
| geneAnswersHomoMapping | 40.901 | 1.766 | 43.439 | |
| geneAnswersReadable | 71.990 | 3.533 | 76.555 | |
| geneAnswersSort | 39.021 | 1.471 | 40.915 | |
| geneConceptNet | 0 | 0 | 0 | |
| getCategoryList | 0.208 | 0.011 | 0.222 | |
| getCategoryTerms | 0.035 | 0.002 | 0.036 | |
| getConceptTable | 0.726 | 0.072 | 0.801 | |
| getConnectedGraph | 36.914 | 1.727 | 39.006 | |
| getDOLiteTerms | 0.004 | 0.003 | 0.006 | |
| getGOList | 17.263 | 1.466 | 20.757 | |
| getHomoGeneIDs | 0.193 | 0.009 | 0.205 | |
| getListGIF | 0 | 0 | 0 | |
| getMultiLayerGraphIDs | 37.540 | 1.441 | 39.372 | |
| getNextGOIDs | 0.110 | 0.002 | 0.112 | |
| getPATHList | 0.029 | 0.002 | 0.030 | |
| getPATHTerms | 0.015 | 0.001 | 0.015 | |
| getREACTOMEPATHList | 0 | 0 | 0 | |
| getREACTOMEPATHTerms | 0.001 | 0.000 | 0.001 | |
| getSingleLayerGraphIDs | 0.002 | 0.000 | 0.003 | |
| getSymbols | 0.032 | 0.002 | 0.035 | |
| getTotalGeneNumber | 0.308 | 0.010 | 0.318 | |
| getcaBIOPATHList | 0 | 0 | 0 | |
| getcaBIOPATHTerms | 0 | 0 | 0 | |
| groupReport | 0.742 | 0.028 | 0.779 | |
| humanExpr | 0.008 | 0.003 | 0.011 | |
| humanGeneInput | 0.003 | 0.001 | 0.004 | |
| mouseExpr | 0.003 | 0.002 | 0.005 | |
| mouseGeneInput | 0.005 | 0.002 | 0.007 | |
| sampleGroupsData | 0.140 | 0.046 | 0.187 | |
| searchEntrez | 0.001 | 0.000 | 0.000 | |
| topCategory | 0 | 0 | 0 | |
| topCategoryGenes | 0.000 | 0.001 | 0.000 | |
| topDOLITE | 0 | 0 | 0 | |
| topDOLITEGenes | 0.001 | 0.000 | 0.000 | |
| topGO | 0 | 0 | 0 | |
| topGOGenes | 0 | 0 | 0 | |
| topPATH | 0 | 0 | 0 | |
| topPATHGenes | 0 | 0 | 0 | |
| topREACTOME.PATH | 0 | 0 | 0 | |
| topREACTOME.PATHGenes | 0.000 | 0.000 | 0.001 | |
| topcaBIO.PATH | 0.001 | 0.000 | 0.000 | |