| Back to Multiple platform build/check report for BioC 3.10 | 
 | 
This page was generated on 2020-04-15 12:27:05 -0400 (Wed, 15 Apr 2020).
| Package 244/1823 | Hostname | OS / Arch | INSTALL | BUILD | CHECK | BUILD BIN | ||||||
| CellMapper 1.12.0 Brad Nelms 
 | malbec1 | Linux (Ubuntu 18.04.4 LTS) / x86_64 | OK | OK | WARNINGS |  | ||||||
| tokay1 | Windows Server 2012 R2 Standard / x64 | OK | OK | [ WARNINGS ] | OK |  | ||||||
| merida1 | OS X 10.11.6 El Capitan / x86_64 | OK | OK | WARNINGS | OK |  | 
| Package: CellMapper | 
| Version: 1.12.0 | 
| Command: C:\Users\biocbuild\bbs-3.10-bioc\R\bin\R.exe CMD check --force-multiarch --install=check:CellMapper.install-out.txt --library=C:\Users\biocbuild\bbs-3.10-bioc\R\library --no-vignettes --timings CellMapper_1.12.0.tar.gz | 
| StartedAt: 2020-04-15 01:55:44 -0400 (Wed, 15 Apr 2020) | 
| EndedAt: 2020-04-15 02:01:50 -0400 (Wed, 15 Apr 2020) | 
| EllapsedTime: 365.9 seconds | 
| RetCode: 0 | 
| Status: WARNINGS | 
| CheckDir: CellMapper.Rcheck | 
| Warnings: 1 | 
##############################################################################
##############################################################################
###
### Running command:
###
###   C:\Users\biocbuild\bbs-3.10-bioc\R\bin\R.exe CMD check --force-multiarch --install=check:CellMapper.install-out.txt --library=C:\Users\biocbuild\bbs-3.10-bioc\R\library --no-vignettes --timings CellMapper_1.12.0.tar.gz
###
##############################################################################
##############################################################################
* using log directory 'C:/Users/biocbuild/bbs-3.10-bioc/meat/CellMapper.Rcheck'
* using R version 3.6.3 (2020-02-29)
* using platform: x86_64-w64-mingw32 (64-bit)
* using session charset: ISO8859-1
* using option '--no-vignettes'
* checking for file 'CellMapper/DESCRIPTION' ... OK
* checking extension type ... Package
* this is package 'CellMapper' version '1.12.0'
* checking package namespace information ... OK
* checking package dependencies ... OK
* checking if this is a source package ... OK
* checking if there is a namespace ... OK
* checking for hidden files and directories ... NOTE
Found the following hidden files and directories:
  .BBSoptions
These were most likely included in error. See section 'Package
structure' in the 'Writing R Extensions' manual.
* checking for portable file names ... OK
* checking whether package 'CellMapper' can be installed ... WARNING
Found the following significant warnings:
  Rd warning: C:/Users/biocbuild/bbs-3.10-bioc/tmpdir/RtmpEblZS0/R.INSTALL10702d6e3ef8/CellMapper/man/CMprep.Rd:51: file link 'ExpressionSet' in package 'Biobase' does not exist and so has been treated as a topic
  Rd warning: C:/Users/biocbuild/bbs-3.10-bioc/tmpdir/RtmpEblZS0/R.INSTALL10702d6e3ef8/CellMapper/man/CMprep.Rd:52: file link 'CellMapperData' in package 'CellMapperData' does not exist and so has been treated as a topic
  Rd warning: C:/Users/biocbuild/bbs-3.10-bioc/tmpdir/RtmpEblZS0/R.INSTALL10702d6e3ef8/CellMapper/man/CMsearch.Rd:74: file link 'CellMapperData' in package 'CellMapperData' does not exist and so has been treated as a topic
  Rd warning: C:/Users/biocbuild/bbs-3.10-bioc/tmpdir/RtmpEblZS0/R.INSTALL10702d6e3ef8/CellMapper/man/ExampleGeneLists.Rd:51: file link 'CellMapperData' in package 'CellMapperData' does not exist and so has been treated as a topic
  Rd warning: C:/Users/biocbuild/bbs-3.10-bioc/tmpdir/RtmpEblZS0/R.INSTALL10702d6e3ef8/CellMapper/man/ExampleGeneLists.Rd:52: file link 'ExperimentHub' in package 'ExperimentHub' does not exist and so has been treated as a topic
  Rd warning: C:/Users/biocbuild/bbs-3.10-bioc/tmpdir/RtmpEblZS0/R.INSTALL10702d6e3ef8/CellMapper/man/ReplicateManuscript.Rd:33: file link 'CellMapperData' in package 'CellMapperData' does not exist and so has been treated as a topic
  Rd warning: C:/Users/biocbuild/bbs-3.10-bioc/tmpdir/RtmpEblZS0/R.INSTALL10702d6e3ef8/CellMapper/man/ReplicateManuscript.Rd:34: file link 'ExperimentHub' in package 'ExperimentHub' does not exist and so has been treated as a topic
  Warning: replacing previous import 'stats::var' by 'S4Vectors::var' when loading 'CellMapper'
  Warning: replacing previous import 'stats::sd' by 'S4Vectors::sd' when loading 'CellMapper'
See 'C:/Users/biocbuild/bbs-3.10-bioc/meat/CellMapper.Rcheck/00install.out' for details.
* checking installed package size ... OK
* checking package directory ... OK
* checking 'build' directory ... OK
* checking DESCRIPTION meta-information ... OK
* checking top-level files ... OK
* checking for left-over files ... OK
* checking index information ... OK
* checking package subdirectories ... OK
* checking R files for non-ASCII characters ... OK
* checking R files for syntax errors ... OK
* loading checks for arch 'i386'
** checking whether the package can be loaded ... OK
** checking whether the package can be loaded with stated dependencies ... OK
** checking whether the package can be unloaded cleanly ... OK
** checking whether the namespace can be loaded with stated dependencies ... OK
** checking whether the namespace can be unloaded cleanly ... OK
* loading checks for arch 'x64'
** checking whether the package can be loaded ... OK
** checking whether the package can be loaded with stated dependencies ... OK
** checking whether the package can be unloaded cleanly ... OK
** checking whether the namespace can be loaded with stated dependencies ... OK
** checking whether the namespace can be unloaded cleanly ... OK
* checking dependencies in R code ... OK
* checking S3 generic/method consistency ... OK
* checking replacement functions ... OK
* checking foreign function calls ... OK
* checking R code for possible problems ... OK
* checking Rd files ... OK
* checking Rd metadata ... OK
* checking Rd cross-references ... OK
* checking for missing documentation entries ... OK
* checking for code/documentation mismatches ... OK
* checking Rd \usage sections ... OK
* checking Rd contents ... OK
* checking for unstated dependencies in examples ... OK
* checking contents of 'data' directory ... OK
* checking data for non-ASCII characters ... OK
* checking data for ASCII and uncompressed saves ... OK
* checking files in 'vignettes' ... OK
* checking examples ...
** running examples for arch 'i386' ... OK
Examples with CPU or elapsed time > 5s
                      user system elapsed
ReplicateManuscript 142.58  13.99  169.25
** running examples for arch 'x64' ... OK
Examples with CPU or elapsed time > 5s
                      user system elapsed
ReplicateManuscript 125.06  13.11  139.25
* checking for unstated dependencies in vignettes ... OK
* checking package vignettes in 'inst/doc' ... OK
* checking running R code from vignettes ... SKIPPED
* checking re-building of vignette outputs ... SKIPPED
* checking PDF version of manual ... OK
* DONE
Status: 1 WARNING, 1 NOTE
See
  'C:/Users/biocbuild/bbs-3.10-bioc/meat/CellMapper.Rcheck/00check.log'
for details.
CellMapper.Rcheck/00install.out
##############################################################################
##############################################################################
###
### Running command:
###
###   C:\cygwin\bin\curl.exe -O https://malbec1.bioconductor.org/BBS/3.10/bioc/src/contrib/CellMapper_1.12.0.tar.gz && rm -rf CellMapper.buildbin-libdir && mkdir CellMapper.buildbin-libdir && C:\Users\biocbuild\bbs-3.10-bioc\R\bin\R.exe CMD INSTALL --merge-multiarch --build --library=CellMapper.buildbin-libdir CellMapper_1.12.0.tar.gz && C:\Users\biocbuild\bbs-3.10-bioc\R\bin\R.exe CMD INSTALL CellMapper_1.12.0.zip && rm CellMapper_1.12.0.tar.gz CellMapper_1.12.0.zip
###
##############################################################################
##############################################################################
  % Total    % Received % Xferd  Average Speed   Time    Time     Time  Current
                                 Dload  Upload   Total   Spent    Left  Speed
  0     0    0     0    0     0      0      0 --:--:-- --:--:-- --:--:--     0
100 20214  100 20214    0     0   136k      0 --:--:-- --:--:-- --:--:--  139k
install for i386
* installing *source* package 'CellMapper' ...
** using staged installation
** R
** data
** inst
** byte-compile and prepare package for lazy loading
Warning: replacing previous import 'stats::var' by 'S4Vectors::var' when loading 'CellMapper'
Warning: replacing previous import 'stats::sd' by 'S4Vectors::sd' when loading 'CellMapper'
** help
*** installing help indices
  converting help for package 'CellMapper'
    finding HTML links ... done
    CMprep                                  html  
Rd warning: C:/Users/biocbuild/bbs-3.10-bioc/tmpdir/RtmpEblZS0/R.INSTALL10702d6e3ef8/CellMapper/man/CMprep.Rd:51: file link 'ExpressionSet' in package 'Biobase' does not exist and so has been treated as a topic
Rd warning: C:/Users/biocbuild/bbs-3.10-bioc/tmpdir/RtmpEblZS0/R.INSTALL10702d6e3ef8/CellMapper/man/CMprep.Rd:52: file link 'CellMapperData' in package 'CellMapperData' does not exist and so has been treated as a topic
    CMsearch                                html  
Rd warning: C:/Users/biocbuild/bbs-3.10-bioc/tmpdir/RtmpEblZS0/R.INSTALL10702d6e3ef8/CellMapper/man/CMsearch.Rd:74: file link 'CellMapperData' in package 'CellMapperData' does not exist and so has been treated as a topic
    CellMapperList-class                    html  
    ExampleGeneLists                        html  
Rd warning: C:/Users/biocbuild/bbs-3.10-bioc/tmpdir/RtmpEblZS0/R.INSTALL10702d6e3ef8/CellMapper/man/ExampleGeneLists.Rd:51: file link 'CellMapperData' in package 'CellMapperData' does not exist and so has been treated as a topic
Rd warning: C:/Users/biocbuild/bbs-3.10-bioc/tmpdir/RtmpEblZS0/R.INSTALL10702d6e3ef8/CellMapper/man/ExampleGeneLists.Rd:52: file link 'ExperimentHub' in package 'ExperimentHub' does not exist and so has been treated as a topic
    ReplicateManuscript                     html  
Rd warning: C:/Users/biocbuild/bbs-3.10-bioc/tmpdir/RtmpEblZS0/R.INSTALL10702d6e3ef8/CellMapper/man/ReplicateManuscript.Rd:33: file link 'CellMapperData' in package 'CellMapperData' does not exist and so has been treated as a topic
Rd warning: C:/Users/biocbuild/bbs-3.10-bioc/tmpdir/RtmpEblZS0/R.INSTALL10702d6e3ef8/CellMapper/man/ReplicateManuscript.Rd:34: file link 'ExperimentHub' in package 'ExperimentHub' does not exist and so has been treated as a topic
** building package indices
** installing vignettes
** testing if installed package can be loaded from temporary location
Warning: replacing previous import 'stats::var' by 'S4Vectors::var' when loading 'CellMapper'
Warning: replacing previous import 'stats::sd' by 'S4Vectors::sd' when loading 'CellMapper'
** testing if installed package can be loaded from final location
Warning: replacing previous import 'stats::var' by 'S4Vectors::var' when loading 'CellMapper'
Warning: replacing previous import 'stats::sd' by 'S4Vectors::sd' when loading 'CellMapper'
** testing if installed package keeps a record of temporary installation path
install for x64
* installing *source* package 'CellMapper' ...
** testing if installed package can be loaded
Warning: replacing previous import 'stats::sd' by 'S4Vectors::sd' when loading 'CellMapper'
Warning: replacing previous import 'stats::var' by 'S4Vectors::var' when loading 'CellMapper'
* MD5 sums
packaged installation of 'CellMapper' as CellMapper_1.12.0.zip
* DONE (CellMapper)
* installing to library 'C:/Users/biocbuild/bbs-3.10-bioc/R/library'
package 'CellMapper' successfully unpacked and MD5 sums checked
| CellMapper.Rcheck/examples_i386/CellMapper-Ex.timings 
 | CellMapper.Rcheck/examples_x64/CellMapper-Ex.timings 
 |