ggbio 1.14.0 Tengfei Yin
Snapshot Date: 2015-04-09 16:20:12 -0700 (Thu, 09 Apr 2015) | URL: https://hedgehog.fhcrc.org/bioconductor/branches/RELEASE_3_0/madman/Rpacks/ggbio | Last Changed Rev: 95439 / Revision: 102249 | Last Changed Date: 2014-10-13 14:38:33 -0700 (Mon, 13 Oct 2014) |
| zin1 | Linux (Ubuntu 12.04.4 LTS) / x86_64 | OK | OK | WARNINGS | |
moscato1 | Windows Server 2008 R2 Enterprise SP1 (64-bit) / x64 | OK | OK | WARNINGS | OK |
perceval | Mac OS X Snow Leopard (10.6.8) / x86_64 | OK | OK | WARNINGS | OK |
oaxaca | Mac OS X Mavericks (10.9.5) / x86_64 | OK | OK | [ WARNINGS ] | OK |
##############################################################################
##############################################################################
###
### Running command:
###
### /Library/Frameworks/R.framework/Versions/Current/Resources/bin/R CMD check --no-vignettes --timings --no-multiarch ggbio_1.14.0.tar.gz
###
##############################################################################
##############################################################################
* using log directory ‘/Users/biocbuild/bbs-3.0-bioc/meat/ggbio.Rcheck’
* using R version 3.1.3 (2015-03-09)
* using platform: x86_64-apple-darwin13.4.0 (64-bit)
* using session charset: UTF-8
* using option ‘--no-vignettes’
* checking for file ‘ggbio/DESCRIPTION’ ... OK
* this is package ‘ggbio’ version ‘1.14.0’
* checking package namespace information ... OK
* checking package dependencies ... OK
* checking if this is a source package ... OK
* checking if there is a namespace ... OK
* checking for hidden files and directories ... OK
* checking for portable file names ... OK
* checking for sufficient/correct file permissions ... OK
* checking whether package ‘ggbio’ can be installed ... [36s/39s] WARNING
Found the following significant warnings:
Warning: 'eval' is deprecated.
See ‘/Users/biocbuild/bbs-3.0-bioc/meat/ggbio.Rcheck/00install.out’ for details.
* checking installed package size ... OK
* checking package directory ... OK
* checking ‘build’ directory ... OK
* checking DESCRIPTION meta-information ... OK
* checking top-level files ... OK
* checking for left-over files ... OK
* checking index information ... OK
* checking package subdirectories ... OK
* checking R files for non-ASCII characters ... OK
* checking R files for syntax errors ... OK
* checking whether the package can be loaded ... OK
* checking whether the package can be loaded with stated dependencies ... OK
* checking whether the package can be unloaded cleanly ... OK
* checking whether the namespace can be loaded with stated dependencies ... OK
* checking whether the namespace can be unloaded cleanly ... OK
* checking dependencies in R code ... NOTE
Unexported objects imported by ':::' calls:
‘ggplot2:::add_ggplot’ ‘ggplot2:::cunion’ ‘ggplot2:::rescale01’
‘ggplot2:::set_last_plot’ ‘ggplot2:::zeroGrob’
See the note in ?`:::` about the use of this operator.
* checking S3 generic/method consistency ... OK
* checking replacement functions ... OK
* checking foreign function calls ... OK
* checking R code for possible problems ... NOTE
.combineNames: no visible binding for global variable
‘.layout_circle.geoms’
.combineNames: no visible binding for global variable
‘.layout_circle.stats’
Ideogram: no visible binding for global variable ‘ideoCyto’
Ideogram: no visible binding for global variable ‘cytobands’
ScalePlot: no visible binding for global variable ‘y’
ScalePlot2: no visible binding for global variable ‘breaks’
ScalePlot2: no visible binding for global variable ‘yend’
ScalePlot2: no visible binding for global variable ‘y.text’
align.plots: no visible binding for global variable ‘lgrobs’
alignPlots: no visible binding for global variable ‘lgrobs’
bioplot: no visible global function definition for ‘autofacets’
bioplot: no visible global function definition for ‘normArg_geom’
bioplot: no visible global function definition for ‘normArg_mapping’
bioplot: no visible global function definition for ‘normArg_facets’
bioplot: no visible global function definition for ‘QueryLayer’
getNR: no visible global function definition for ‘se’
getNR: no visible global function definition for ‘indexProbesProcessed’
getNR: no visible global function definition for ‘coefs’
ggsave : default_name: no visible global function definition for
‘digest.ggplot’
plotInter: no visible binding for global variable ‘fe’
plotInter: no visible binding for global variable ‘value’
plotInter2: no visible binding for global variable ‘fe’
plotInter2: no visible binding for global variable ‘value’
plotKaryogram: no visible binding for global variable ‘cytobands’
plotStackedOverview: no visible binding for global variable ‘cytobands’
scale_x_sequnit: no visible binding for global variable ‘.x’
height,GGbio: no visible binding for global variable ‘mt’
height,Tracked: no visible binding for global variable ‘mt’
height,gg: no visible binding for global variable ‘mt’
* checking Rd files ... OK
* checking Rd metadata ... OK
* checking Rd cross-references ... OK
* checking for missing documentation entries ... WARNING
Undocumented S4 methods:
generic '+' and siglist 'Bioplot,ANY'
generic 'names' and siglist 'Geom'
All user-level objects in a package (including S4 classes and methods)
should have documentation entries.
See chapter ‘Writing R documentation files’ in the ‘Writing R
Extensions’ manual.
* checking for code/documentation mismatches ... OK
* checking Rd \usage sections ... OK
* checking Rd contents ... OK
* checking for unstated dependencies in examples ... OK
* checking line endings in Makefiles ... OK
* checking for GNU extensions in Makefiles ... OK
* checking sizes of PDF files under ‘inst/doc’ ... OK
* checking installed files from ‘inst/doc’ ... OK
* checking files in ‘vignettes’ ... OK
* checking examples ... [350s/418s] OK
Examples with CPU or elapsed time > 5s
user system elapsed
autoplot-method 86.124 1.619 128.929
tracks 39.545 0.096 42.976
layout_karyogram-method 36.356 0.111 40.361
geom_alignment-method 24.161 0.491 24.838
plotRangesLinkedToData 16.703 0.418 18.553
stat_aggregate-method 16.631 0.041 17.920
geom_arrow-method 16.037 0.066 20.010
ggplot-method 10.270 0.107 11.621
layout_circle-method 9.710 0.052 9.839
stat_bin-method 7.216 0.045 8.168
plotGrandLinear 6.800 0.058 7.438
stat_reduce-method 6.538 0.158 7.445
geom_chevron-method 5.936 0.029 7.213
scale_fill_giemsa 5.643 0.021 5.854
arrangeGrobByParsingLegend 4.891 0.030 5.101
geom_arrowrect-method 3.828 0.021 6.923
* checking for unstated dependencies in tests ... OK
* checking tests ...
Running ‘test-all.R’ [16s/17s]
[16s/18s] OK
* checking for unstated dependencies in vignettes ... OK
* checking package vignettes in ‘inst/doc’ ... OK
* checking running R code from vignettes ... SKIPPED
* checking re-building of vignette outputs ... SKIPPED
* checking PDF version of manual ... OK
* DONE
WARNING: There were 2 warnings.
NOTE: There were 2 notes.
See
‘/Users/biocbuild/bbs-3.0-bioc/meat/ggbio.Rcheck/00check.log’
for details.
* installing *source* package ‘ggbio’ ...
** R
** inst
** preparing package for lazy loading
Creating a new generic function for ‘rescale’ in package ‘ggbio’
Creating a new generic function for ‘xlim’ in package ‘ggbio’
Creating a generic function for ‘print’ from package ‘base’ in package ‘ggbio’
Warning: 'eval' is deprecated.
Use 'plotIdeogram' instead.
See help("Deprecated")
Creating a new generic function for ‘geom_rect’ in package ‘ggbio’
Creating a new generic function for ‘geom_segment’ in package ‘ggbio’
Creating a new generic function for ‘geom_bar’ in package ‘ggbio’
Creating a new generic function for ‘stat_identity’ in package ‘ggbio’
Creating a new generic function for ‘stat_bin’ in package ‘ggbio’
** help
*** installing help indices
** building package indices
** installing vignettes
** testing if installed package can be loaded
* DONE (ggbio)