BSgenome 1.34.1 H. Pages
Snapshot Date: 2015-04-09 16:20:12 -0700 (Thu, 09 Apr 2015) | URL: https://hedgehog.fhcrc.org/bioconductor/branches/RELEASE_3_0/madman/Rpacks/BSgenome | Last Changed Rev: 97896 / Revision: 102249 | Last Changed Date: 2014-12-27 21:22:34 -0800 (Sat, 27 Dec 2014) |
| zin1 | Linux (Ubuntu 12.04.4 LTS) / x86_64 | OK | OK | WARNINGS | |
moscato1 | Windows Server 2008 R2 Enterprise SP1 (64-bit) / x64 | OK | OK | [ WARNINGS ] | OK |
perceval | Mac OS X Snow Leopard (10.6.8) / x86_64 | OK | OK | WARNINGS | OK |
oaxaca | Mac OS X Mavericks (10.9.5) / x86_64 | OK | OK | WARNINGS | OK |
##############################################################################
##############################################################################
###
### Running command:
###
### rm -rf BSgenome.buildbin-libdir BSgenome.Rcheck && mkdir BSgenome.buildbin-libdir BSgenome.Rcheck && D:\biocbld\bbs-3.0-bioc\R\bin\R.exe CMD INSTALL --build --merge-multiarch --library=BSgenome.buildbin-libdir BSgenome_1.34.1.tar.gz >BSgenome.Rcheck\00install.out 2>&1 && cp BSgenome.Rcheck\00install.out BSgenome-install.out && D:\biocbld\bbs-3.0-bioc\R\bin\R.exe CMD check --library=BSgenome.buildbin-libdir --install="check:BSgenome-install.out" --force-multiarch --no-vignettes --timings BSgenome_1.34.1.tar.gz
###
##############################################################################
##############################################################################
* using log directory 'D:/biocbld/bbs-3.0-bioc/meat/BSgenome.Rcheck'
* using R version 3.1.3 (2015-03-09)
* using platform: i386-w64-mingw32 (32-bit)
* using session charset: ISO8859-1
* using option '--no-vignettes'
* checking for file 'BSgenome/DESCRIPTION' ... OK
* this is package 'BSgenome' version '1.34.1'
* checking package namespace information ... OK
* checking package dependencies ... NOTE
Depends: includes the non-default packages:
'BiocGenerics' 'S4Vectors' 'IRanges' 'GenomeInfoDb' 'GenomicRanges'
'Biostrings' 'rtracklayer'
Adding so many packages to the search path is excessive and importing
selectively is preferable.
* checking if this is a source package ... OK
* checking if there is a namespace ... OK
* checking for hidden files and directories ... OK
* checking for portable file names ... NOTE
Found the following non-portable file path:
BSgenome/inst/extdata/GentlemanLab/1000genomes/BSgenome.Hsapiens.1000g.b36female-tools/split_human_b36_female.sh
Tarballs are only required to store paths of up to 100 bytes and cannot
store those of more than 256 bytes, with restrictions including to 100
bytes for the final component.
See section 'Package structure' in the 'Writing R Extensions' manual.
* checking whether package 'BSgenome' can be installed ... OK
* checking installed package size ... NOTE
installed size is 6.8Mb
sub-directories of 1Mb or more:
extdata 5.6Mb
* checking package directory ... OK
* checking 'build' directory ... OK
* checking DESCRIPTION meta-information ... NOTE
Packages listed in more than one of Depends, Imports, Suggests, Enhances:
'methods' 'BiocGenerics' 'S4Vectors' 'IRanges' 'GenomeInfoDb' 'GenomicRanges' 'Biostrings' 'rtracklayer'
A package should be listed in only one of these fields.
* checking top-level files ... OK
* checking for left-over files ... OK
* checking index information ... OK
* checking package subdirectories ... OK
* checking R files for non-ASCII characters ... OK
* checking R files for syntax errors ... OK
* loading checks for arch 'i386'
** checking whether the package can be loaded ... OK
** checking whether the package can be loaded with stated dependencies ... OK
** checking whether the package can be unloaded cleanly ... OK
** checking whether the namespace can be loaded with stated dependencies ... OK
** checking whether the namespace can be unloaded cleanly ... OK
* loading checks for arch 'x64'
** checking whether the package can be loaded ... OK
** checking whether the package can be loaded with stated dependencies ... OK
** checking whether the package can be unloaded cleanly ... OK
** checking whether the namespace can be loaded with stated dependencies ... OK
** checking whether the namespace can be unloaded cleanly ... OK
* checking dependencies in R code ... NOTE
'library' or 'require' calls in package code:
'Biobase' 'BiocInstaller'
Please use :: or requireNamespace() instead.
See section 'Suggested packages' in the 'Writing R Extensions' manual.
Missing object imported by a ':::' call: 'GenomicRanges:::compactPrintNamedAtomicVector'
Unexported objects imported by ':::' calls:
'BiocGenerics:::labeledLine' 'GenomeInfoDb:::showGenomeDescription'
'IRanges:::.normargSEW' 'S4Vectors:::anyMissing'
'S4Vectors:::recycleVector' 'rtracklayer:::.DNAString_to_twoBit'
'rtracklayer:::.TwoBits_export' 'rtracklayer:::checkArgFormat'
'rtracklayer:::twoBitPath'
See the note in ?`:::` about the use of this operator.
* checking S3 generic/method consistency ... OK
* checking replacement functions ... OK
* checking foreign function calls ... OK
* checking R code for possible problems ... NOTE
getDataAnnotationContribUrl: no visible global function definition for
'biocinstallRepos'
forgeBSgenomeDataPkg,BSgenomeDataPkgSeed: no visible global function
definition for 'createPackage'
forgeMaskedBSgenomeDataPkg,MaskedBSgenomeDataPkgSeed: no visible global
function definition for 'createPackage'
* checking Rd files ... OK
* checking Rd metadata ... OK
* checking Rd cross-references ... OK
* checking for missing documentation entries ... WARNING
Undocumented code objects:
'MaskedBSgenome' 'forgeMaskedBSgenomeDataPkg'
Undocumented S4 classes:
'MaskedBSgenome'
Undocumented S4 methods:
generic '[[' and siglist 'BSgenome,ANY,ANY'
generic '[[' and siglist 'FastaNamedSequences,ANY,ANY'
generic '[[' and siglist 'RdaNamedSequences,ANY,ANY'
generic '[[' and siglist 'TwobitNamedSequences,ANY,ANY'
generic '[[<-' and siglist 'BSgenome,ANY,ANY'
generic 'forgeMaskedBSgenomeDataPkg' and siglist
'MaskedBSgenomeDataPkgSeed'
generic 'forgeMaskedBSgenomeDataPkg' and siglist 'character'
generic 'forgeMaskedBSgenomeDataPkg' and siglist 'list'
generic 'length' and siglist 'OnDiskNamedSequences'
generic 'names' and siglist 'FastaNamedSequences'
generic 'names' and siglist 'TwobitNamedSequences'
generic 'seqinfo' and siglist 'FastaNamedSequences'
generic 'seqinfo' and siglist 'RdaNamedSequences'
generic 'seqinfo' and siglist 'TwobitNamedSequences'
generic 'seqnames' and siglist 'OnDiskNamedSequences'
generic 'show' and siglist 'OnDiskNamedSequences'
All user-level objects in a package (including S4 classes and methods)
should have documentation entries.
See chapter 'Writing R documentation files' in the 'Writing R
Extensions' manual.
* checking for code/documentation mismatches ... OK
* checking Rd \usage sections ... OK
* checking Rd contents ... OK
* checking for unstated dependencies in examples ... WARNING
'library' or 'require' call not declared from: 'BSgenome.Scerevisiae.UCSC.sacCer1'
* checking installed files from 'inst/doc' ... OK
* checking files in 'vignettes' ... OK
* checking examples ...
** running examples for arch 'i386' ... [232s] OK
Examples with CPU or elapsed time > 5s
user system elapsed
BSgenome-utils 40.24 0.31 44.11
injectSNPs 33.46 0.76 46.29
bsapply 30.03 0.50 35.43
BSgenome-class 22.38 0.50 35.81
getSeq-methods 17.15 5.43 22.57
export-methods 12.17 0.95 14.20
available.genomes 10.27 0.37 13.23
BSgenomeForge 9.34 0.08 10.27
** running examples for arch 'x64' ... [223s] OK
Examples with CPU or elapsed time > 5s
user system elapsed
BSgenome-utils 43.37 0.50 43.87
injectSNPs 38.86 2.00 40.85
bsapply 39.20 0.60 39.82
BSgenome-class 28.37 0.57 28.96
getSeq-methods 13.10 5.12 18.27
available.genomes 13.53 0.44 15.69
export-methods 11.59 0.58 13.44
BSgenomeForge 8.75 0.16 8.96
* checking for unstated dependencies in vignettes ... OK
* checking package vignettes in 'inst/doc' ... OK
* checking running R code from vignettes ... SKIPPED
* checking re-building of vignette outputs ... SKIPPED
* checking PDF version of manual ... OK
* DONE
WARNING: There were 2 warnings.
NOTE: There were 6 notes.
See
'D:/biocbld/bbs-3.0-bioc/meat/BSgenome.Rcheck/00check.log'
for details.
install for i386
* installing *source* package 'BSgenome' ...
** R
** inst
** preparing package for lazy loading
** help
*** installing help indices
** building package indices
** installing vignettes
** testing if installed package can be loaded
install for x64
* installing *source* package 'BSgenome' ...
** testing if installed package can be loaded
* MD5 sums
packaged installation of 'BSgenome' as BSgenome_1.34.1.zip
* DONE (BSgenome)