| ontoCAT 1.0.0 Natalja Kurbatova
 
 | Snapshot Date: 2011-04-06 23:24:01 -0700 (Wed, 06 Apr 2011) |  | URL: https://hedgehog.fhcrc.org/bioconductor/branches/RELEASE_2_7/madman/Rpacks/ontoCAT |  | Last Changed Rev: 50293 / Revision: 54588 |  | Last Changed Date: 2010-10-17 22:34:23 -0700 (Sun, 17 Oct 2010) | 
 | lamb2 | Linux (openSUSE 11.2) / x86_64 | [ ERROR ] | skipped |  | 
| liverpool | Windows Server 2003 R2 (32-bit) / x64 | ERROR | skipped | skipped | 
| gewurz | Windows Server 2008 R2 Enterprise (64-bit) / x64 | ERROR | skipped | skipped | 
* checking for file ‘ontoCAT/DESCRIPTION’ ... OK
* preparing ‘ontoCAT’:
* checking DESCRIPTION meta-information ... OK
* installing the package to re-build vignettes
* creating vignettes ... ERROR
Loading required package: rJava
Error: processing vignette 'ontoCAT.Rnw' failed with diagnostics:
 chunk 7 (label=R.hide) 
Error in .jcall("RJavaTools", "Ljava/lang/Object;", "invokeMethod", cl,  : 
  java.lang.NullPointerException
Execution halted