nem 2.10.0 Christian Bender
Snapshot Date: 2010-04-02 23:28:25 -0700 (Fri, 02 Apr 2010) | URL: https://hedgehog.fhcrc.org/bioconductor/branches/RELEASE_2_5/madman/Rpacks/nem | Last Changed Rev: 42684 / Revision: 45705 | Last Changed Date: 2009-10-27 16:33:29 -0700 (Tue, 27 Oct 2009) |
| wilson2 | Linux (openSUSE 11.1) / x86_64 | [ ERROR ] | skipped | |
liverpool | Windows Server 2003 R2 (32-bit) / x64 | ERROR | skipped | skipped |
pitt | Mac OS X Tiger (10.4.11) / i386 | ERROR | skipped | skipped |
pelham | Mac OS X Leopard (10.5.8) / i386 | ERROR | skipped | skipped |
* checking for file 'nem/DESCRIPTION' ... OK
* preparing 'nem':
* checking DESCRIPTION meta-information ... OK
* installing the package to re-build vignettes
* installing *source* package ‘nem’ ...
** R
** data
** inst
** preparing package for lazy loading
Loading required package: class
Loading required package: grid
** help
*** installing help indices
** building package indices ...
* DONE (nem)
* creating vignettes ... ERROR
Loading required package: e1071
Loading required package: class
Loading required package: graph
Loading required package: Rgraphviz
Loading required package: grid
Loading required package: plotrix
Error: processing vignette 'nem.Rnw' failed with diagnostics:
chunk 9
Error in graph:::.verifyAttrName(attr, names(self@defaults)) :
unknown attribute name: ‘label’
Execution halted